{"id":44234,"date":"2024-11-14T09:18:16","date_gmt":"2024-11-14T08:18:16","guid":{"rendered":"https:\/\/librairie7l.com\/?post_type=product&#038;p=44234"},"modified":"2026-05-03T14:27:18","modified_gmt":"2026-05-03T12:27:18","slug":"andre-kertesz-oeuvres-1912-1982-2","status":"publish","type":"product","link":"https:\/\/librairie7l.com\/en\/produit\/andre-kertesz-oeuvres-1912-1982-2\/","title":{"rendered":"ANDR\u00c9 KERT\u00c9SZ : OEUVRES 1912-1982"},"content":{"rendered":"<p>Le volume retrace toute l&#8217;oeuvre d&#8217;Andr\u00e9 Kert\u00e9sz, l&#8217;un des grands acteurs de la photographie du XXe si\u00e8cle, depuis les premi\u00e8res photographies amateurs prises dans son pays d&#8217;origine et pendant les ann\u00e9es de la Premi\u00e8re Guerre mondiale, jusqu&#8217;aux c\u00e9l\u00e8bres clich\u00e9s pris \u00e0 Paris &#8211; capitale mondiale de la culture des ann\u00e9es vingt et trente -, les chefs-d&#8217;oeuvre cr\u00e9\u00e9s dans l&#8217;atelier du peintre Piet Mondrian, les sc\u00e8nes de rue, jusqu&#8217;aux &#8220;d\u00e9formations&#8221; qui ont fait de lui la figure de proue du surr\u00e9alisme. La s\u00e9lection des oeuvres pr\u00e9sent\u00e9es apporte un \u00e9clairage nouveau sur la seconde partie de sa carri\u00e8re, pass\u00e9e de l&#8217;autre c\u00f4t\u00e9 de l&#8217;oc\u00e9an, dans un climat culturel profond\u00e9ment diff\u00e9rent. Les images<br \/>\nde ces ann\u00e9es d\u00e9montrent comment Kert\u00e9sz poursuit ses recherches en retournant sur les m\u00eames th\u00e8mes, tout en soulignant l&#8217;effet qu&#8217;ont sur sa photographie les<br \/>\nnouvelles architectures, les nouveaux modes de vie, les nouveaux panoramas urbains. La publication c\u00e9l\u00e8bre \u00e9galement le soixanti\u00e8me anniversaire de la pr\u00e9sence du<br \/>\nphotographe \u00e0 la Biennale de Venise.<br \/>\nLe volume accompagne la grande exposition anthologique \u00e0 la Camera &#8211; Centro Italiano per la Fotografia de Turin en collaboration avec la M\u00e9diath\u00e8que du patrimoine et de la photographie (MPP) de Paris &#8211; un institut qui conserve plus de cent mille n\u00e9gatifs et toutes les archives donn\u00e9es par le photographe \u00e0 l&#8217;\u00c9tat fran\u00e7ais en 1984.<\/p>\n","protected":false},"excerpt":{"rendered":"<p>Le volume retrace toute l&#8217;oeuvre d&#8217;Andr\u00e9 Kert\u00e9sz, l&#8217;un des grands acteurs de la photographie du XXe si\u00e8cle, depuis les premi\u00e8res photographies amateurs prises dans son pays d&#8217;origine et pendant les ann\u00e9es de la Premi\u00e8re Guerre mondiale, jusqu&#8217;aux c\u00e9l\u00e8bres clich\u00e9s pris \u00e0 Paris &#8211; capitale mondiale de la culture des ann\u00e9es vingt et trente -, les [&hellip;]<\/p>\n","protected":false},"featured_media":44232,"template":"","meta":[],"product_cat":[2948],"product_tag":[],"acf":[],"yoast_head":"<!-- This site is optimized with the Yoast SEO plugin v20.11 - https:\/\/yoast.com\/wordpress\/plugins\/seo\/ -->\n<title>Andr\u00e9 Kert\u00e9sz : Oeuvres 1912-1982 - Librairie 7L<\/title>\n<meta name=\"robots\" content=\"index, follow, max-snippet:-1, max-image-preview:large, max-video-preview:-1\" \/>\n<link rel=\"canonical\" href=\"https:\/\/librairie7l.com\/en\/produit\/andre-kertesz-oeuvres-1912-1982-2\/\" \/>\n<meta property=\"og:locale\" content=\"en_US\" \/>\n<meta property=\"og:type\" content=\"article\" \/>\n<meta property=\"og:title\" content=\"Andr\u00e9 Kert\u00e9sz : Oeuvres 1912-1982 - Librairie 7L\" \/>\n<meta property=\"og:description\" content=\"Le volume retrace toute l&#8217;oeuvre d&#8217;Andr\u00e9 Kert\u00e9sz, l&#8217;un des grands acteurs de la photographie du XXe si\u00e8cle, depuis les premi\u00e8res photographies amateurs prises dans son pays d&#8217;origine et pendant les ann\u00e9es de la Premi\u00e8re Guerre mondiale, jusqu&#8217;aux c\u00e9l\u00e8bres clich\u00e9s pris \u00e0 Paris &#8211; capitale mondiale de la culture des ann\u00e9es vingt et trente -, les [&hellip;]\" \/>\n<meta property=\"og:url\" content=\"https:\/\/librairie7l.com\/en\/produit\/andre-kertesz-oeuvres-1912-1982-2\/\" \/>\n<meta property=\"og:site_name\" content=\"Librairie 7L\" \/>\n<meta property=\"article:modified_time\" content=\"2026-05-03T12:27:18+00:00\" \/>\n<meta property=\"og:image\" content=\"https:\/\/librairie7l.com\/wp-content\/uploads\/2024\/08\/9791255610687_1_75.jpg\" \/>\n\t<meta property=\"og:image:width\" content=\"600\" \/>\n\t<meta property=\"og:image:height\" content=\"726\" \/>\n\t<meta property=\"og:image:type\" content=\"image\/jpeg\" \/>\n<meta name=\"twitter:card\" content=\"summary_large_image\" \/>\n<meta name=\"twitter:label1\" content=\"Est. reading time\" \/>\n\t<meta name=\"twitter:data1\" content=\"1 minute\" \/>\n<script type=\"application\/ld+json\" class=\"yoast-schema-graph\">{\"@context\":\"https:\/\/schema.org\",\"@graph\":[{\"@type\":\"WebPage\",\"@id\":\"https:\/\/librairie7l.com\/en\/produit\/andre-kertesz-oeuvres-1912-1982-2\/\",\"url\":\"https:\/\/librairie7l.com\/en\/produit\/andre-kertesz-oeuvres-1912-1982-2\/\",\"name\":\"Andr\u00e9 Kert\u00e9sz : Oeuvres 1912-1982 - Librairie 7L\",\"isPartOf\":{\"@id\":\"https:\/\/librairie7l.com\/en\/#website\"},\"datePublished\":\"2024-11-14T08:18:16+00:00\",\"dateModified\":\"2026-05-03T12:27:18+00:00\",\"breadcrumb\":{\"@id\":\"https:\/\/librairie7l.com\/en\/produit\/andre-kertesz-oeuvres-1912-1982-2\/#breadcrumb\"},\"inLanguage\":\"en-US\",\"potentialAction\":[{\"@type\":\"ReadAction\",\"target\":[\"https:\/\/librairie7l.com\/en\/produit\/andre-kertesz-oeuvres-1912-1982-2\/\"]}]},{\"@type\":\"BreadcrumbList\",\"@id\":\"https:\/\/librairie7l.com\/en\/produit\/andre-kertesz-oeuvres-1912-1982-2\/#breadcrumb\",\"itemListElement\":[{\"@type\":\"ListItem\",\"position\":1,\"name\":\"Accueil\",\"item\":\"https:\/\/librairie7l.com\/en\/\"},{\"@type\":\"ListItem\",\"position\":2,\"name\":\"Shop\",\"item\":\"https:\/\/librairie7l.com\/en\/shop\/\"},{\"@type\":\"ListItem\",\"position\":3,\"name\":\"ANDR\u00c9 KERT\u00c9SZ : OEUVRES 1912-1982\"}]},{\"@type\":\"WebSite\",\"@id\":\"https:\/\/librairie7l.com\/en\/#website\",\"url\":\"https:\/\/librairie7l.com\/en\/\",\"name\":\"Librairie 7L\",\"description\":\"Librairie fond\u00e9e en 1999 par Karl Lagerfeld \u00e0 Paris\",\"publisher\":{\"@id\":\"https:\/\/librairie7l.com\/en\/#organization\"},\"potentialAction\":[{\"@type\":\"SearchAction\",\"target\":{\"@type\":\"EntryPoint\",\"urlTemplate\":\"https:\/\/librairie7l.com\/en\/?s={search_term_string}\"},\"query-input\":\"required name=search_term_string\"}],\"inLanguage\":\"en-US\"},{\"@type\":\"Organization\",\"@id\":\"https:\/\/librairie7l.com\/en\/#organization\",\"name\":\"Librairie 7L\",\"url\":\"https:\/\/librairie7l.com\/en\/\",\"logo\":{\"@type\":\"ImageObject\",\"inLanguage\":\"en-US\",\"@id\":\"https:\/\/librairie7l.com\/en\/#\/schema\/logo\/image\/\",\"url\":\"https:\/\/librairie7l.com\/wp-content\/uploads\/2022\/08\/logo-1.png\",\"contentUrl\":\"https:\/\/librairie7l.com\/wp-content\/uploads\/2022\/08\/logo-1.png\",\"width\":227,\"height\":301,\"caption\":\"Librairie 7L\"},\"image\":{\"@id\":\"https:\/\/librairie7l.com\/en\/#\/schema\/logo\/image\/\"}}]}<\/script>\n<!-- \/ Yoast SEO plugin. -->","yoast_head_json":{"title":"Andr\u00e9 Kert\u00e9sz : Oeuvres 1912-1982 - Librairie 7L","robots":{"index":"index","follow":"follow","max-snippet":"max-snippet:-1","max-image-preview":"max-image-preview:large","max-video-preview":"max-video-preview:-1"},"canonical":"https:\/\/librairie7l.com\/en\/produit\/andre-kertesz-oeuvres-1912-1982-2\/","og_locale":"en_US","og_type":"article","og_title":"Andr\u00e9 Kert\u00e9sz : Oeuvres 1912-1982 - Librairie 7L","og_description":"Le volume retrace toute l&#8217;oeuvre d&#8217;Andr\u00e9 Kert\u00e9sz, l&#8217;un des grands acteurs de la photographie du XXe si\u00e8cle, depuis les premi\u00e8res photographies amateurs prises dans son pays d&#8217;origine et pendant les ann\u00e9es de la Premi\u00e8re Guerre mondiale, jusqu&#8217;aux c\u00e9l\u00e8bres clich\u00e9s pris \u00e0 Paris &#8211; capitale mondiale de la culture des ann\u00e9es vingt et trente -, les [&hellip;]","og_url":"https:\/\/librairie7l.com\/en\/produit\/andre-kertesz-oeuvres-1912-1982-2\/","og_site_name":"Librairie 7L","article_modified_time":"2026-05-03T12:27:18+00:00","og_image":[{"width":600,"height":726,"url":"https:\/\/librairie7l.com\/wp-content\/uploads\/2024\/08\/9791255610687_1_75.jpg","type":"image\/jpeg"}],"twitter_card":"summary_large_image","twitter_misc":{"Est. reading time":"1 minute"},"schema":{"@context":"https:\/\/schema.org","@graph":[{"@type":"WebPage","@id":"https:\/\/librairie7l.com\/en\/produit\/andre-kertesz-oeuvres-1912-1982-2\/","url":"https:\/\/librairie7l.com\/en\/produit\/andre-kertesz-oeuvres-1912-1982-2\/","name":"Andr\u00e9 Kert\u00e9sz : Oeuvres 1912-1982 - Librairie 7L","isPartOf":{"@id":"https:\/\/librairie7l.com\/en\/#website"},"datePublished":"2024-11-14T08:18:16+00:00","dateModified":"2026-05-03T12:27:18+00:00","breadcrumb":{"@id":"https:\/\/librairie7l.com\/en\/produit\/andre-kertesz-oeuvres-1912-1982-2\/#breadcrumb"},"inLanguage":"en-US","potentialAction":[{"@type":"ReadAction","target":["https:\/\/librairie7l.com\/en\/produit\/andre-kertesz-oeuvres-1912-1982-2\/"]}]},{"@type":"BreadcrumbList","@id":"https:\/\/librairie7l.com\/en\/produit\/andre-kertesz-oeuvres-1912-1982-2\/#breadcrumb","itemListElement":[{"@type":"ListItem","position":1,"name":"Accueil","item":"https:\/\/librairie7l.com\/en\/"},{"@type":"ListItem","position":2,"name":"Shop","item":"https:\/\/librairie7l.com\/en\/shop\/"},{"@type":"ListItem","position":3,"name":"ANDR\u00c9 KERT\u00c9SZ : OEUVRES 1912-1982"}]},{"@type":"WebSite","@id":"https:\/\/librairie7l.com\/en\/#website","url":"https:\/\/librairie7l.com\/en\/","name":"Librairie 7L","description":"Librairie fond\u00e9e en 1999 par Karl Lagerfeld \u00e0 Paris","publisher":{"@id":"https:\/\/librairie7l.com\/en\/#organization"},"potentialAction":[{"@type":"SearchAction","target":{"@type":"EntryPoint","urlTemplate":"https:\/\/librairie7l.com\/en\/?s={search_term_string}"},"query-input":"required name=search_term_string"}],"inLanguage":"en-US"},{"@type":"Organization","@id":"https:\/\/librairie7l.com\/en\/#organization","name":"Librairie 7L","url":"https:\/\/librairie7l.com\/en\/","logo":{"@type":"ImageObject","inLanguage":"en-US","@id":"https:\/\/librairie7l.com\/en\/#\/schema\/logo\/image\/","url":"https:\/\/librairie7l.com\/wp-content\/uploads\/2022\/08\/logo-1.png","contentUrl":"https:\/\/librairie7l.com\/wp-content\/uploads\/2022\/08\/logo-1.png","width":227,"height":301,"caption":"Librairie 7L"},"image":{"@id":"https:\/\/librairie7l.com\/en\/#\/schema\/logo\/image\/"}}]}},"_links":{"self":[{"href":"https:\/\/librairie7l.com\/en\/wp-json\/wp\/v2\/product\/44234"}],"collection":[{"href":"https:\/\/librairie7l.com\/en\/wp-json\/wp\/v2\/product"}],"about":[{"href":"https:\/\/librairie7l.com\/en\/wp-json\/wp\/v2\/types\/product"}],"wp:featuredmedia":[{"embeddable":true,"href":"https:\/\/librairie7l.com\/en\/wp-json\/wp\/v2\/media\/44232"}],"wp:attachment":[{"href":"https:\/\/librairie7l.com\/en\/wp-json\/wp\/v2\/media?parent=44234"}],"wp:term":[{"taxonomy":"product_cat","embeddable":true,"href":"https:\/\/librairie7l.com\/en\/wp-json\/wp\/v2\/product_cat?post=44234"},{"taxonomy":"product_tag","embeddable":true,"href":"https:\/\/librairie7l.com\/en\/wp-json\/wp\/v2\/product_tag?post=44234"}],"curies":[{"name":"wp","href":"https:\/\/api.w.org\/{rel}","templated":true}]}}

ANDRÉ KERTÉSZ : OEUVRES 1912-1982

<p>Le volume retrace toute l&#8217;oeuvre d&#8217;André Kertész, l&#8217;un des grands acteurs de la photographie du XXe siècle, depuis les premières photographies amateurs prises dans son pays d&#8217;origine et pendant les années de la Première Guerre mondiale, jusqu&#8217;aux célèbres clichés pris à Paris &#8211; capitale mondiale de la culture des années vingt et trente -, les chefs-d&#8217;oeuvre créés dans l&#8217;atelier du peintre Piet Mondrian, les scènes de rue, jusqu&#8217;aux &#8220;déformations&#8221; qui ont fait de lui la figure de proue du surréalisme. La sélection des oeuvres présentées apporte un éclairage nouveau sur la seconde partie de sa carrière, passée de l&#8217;autre côté de l&#8217;océan, dans un climat culturel profondément différent. Les images<br />
de ces années démontrent comment Kertész poursuit ses recherches en retournant sur les mêmes thèmes, tout en soulignant l&#8217;effet qu&#8217;ont sur sa photographie les<br />
nouvelles architectures, les nouveaux modes de vie, les nouveaux panoramas urbains. La publication célèbre également le soixantième anniversaire de la présence du<br />
photographe à la Biennale de Venise.<br />
Le volume accompagne la grande exposition anthologique à la Camera &#8211; Centro Italiano per la Fotografia de Turin en collaboration avec la Médiathèque du patrimoine et de la photographie (MPP) de Paris &#8211; un institut qui conserve plus de cent mille négatifs et toutes les archives données par le photographe à l&#8217;État français en 1984.</p>

<p>Le volume retrace toute l&#8217;oeuvre d&#8217;André Kertész, l&#8217;un des grands acteurs de la photographie du XXe siècle, depuis les premières photographies amateurs prises dans son pays d&#8217;origine et pendant les années de la Première Guerre mondiale, jusqu&#8217;aux célèbres clichés pris à Paris &#8211; capitale mondiale de la culture des années vingt et trente -, les [&hellip;]</p>

<!-- This site is optimized with the Yoast SEO plugin v20.11 - https://yoast.com/wordpress/plugins/seo/ -->
<title>André Kertész : Oeuvres 1912-1982 - Librairie 7L</title>
<meta name="robots" content="index, follow, max-snippet:-1, max-image-preview:large, max-video-preview:-1" />
<link rel="canonical" href="https://librairie7l.com/en/produit/andre-kertesz-oeuvres-1912-1982-2/" />
<meta property="og:locale" content="en_US" />
<meta property="og:type" content="article" />
<meta property="og:title" content="André Kertész : Oeuvres 1912-1982 - Librairie 7L" />
<meta property="og:description" content="Le volume retrace toute l&#8217;oeuvre d&#8217;André Kertész, l&#8217;un des grands acteurs de la photographie du XXe siècle, depuis les premières photographies amateurs prises dans son pays d&#8217;origine et pendant les années de la Première Guerre mondiale, jusqu&#8217;aux célèbres clichés pris à Paris &#8211; capitale mondiale de la culture des années vingt et trente -, les [&hellip;]" />
<meta property="og:url" content="https://librairie7l.com/en/produit/andre-kertesz-oeuvres-1912-1982-2/" />
<meta property="og:site_name" content="Librairie 7L" />
<meta property="article:modified_time" content="2026-05-03T12:27:18+00:00" />
<meta property="og:image" content="https://librairie7l.com/wp-content/uploads/2024/08/9791255610687_1_75.jpg" />
	<meta property="og:image:width" content="600" />
	<meta property="og:image:height" content="726" />
	<meta property="og:image:type" content="image/jpeg" />
<meta name="twitter:card" content="summary_large_image" />
<meta name="twitter:label1" content="Est. reading time" />
	<meta name="twitter:data1" content="1 minute" />
<script type="application/ld+json" class="yoast-schema-graph">{"@context":"https://schema.org","@graph":[{"@type":"WebPage","@id":"https://librairie7l.com/en/produit/andre-kertesz-oeuvres-1912-1982-2/","url":"https://librairie7l.com/en/produit/andre-kertesz-oeuvres-1912-1982-2/","name":"André Kertész : Oeuvres 1912-1982 - Librairie 7L","isPartOf":{"@id":"https://librairie7l.com/en/#website"},"datePublished":"2024-11-14T08:18:16+00:00","dateModified":"2026-05-03T12:27:18+00:00","breadcrumb":{"@id":"https://librairie7l.com/en/produit/andre-kertesz-oeuvres-1912-1982-2/#breadcrumb"},"inLanguage":"en-US","potentialAction":[{"@type":"ReadAction","target":["https://librairie7l.com/en/produit/andre-kertesz-oeuvres-1912-1982-2/"]}]},{"@type":"BreadcrumbList","@id":"https://librairie7l.com/en/produit/andre-kertesz-oeuvres-1912-1982-2/#breadcrumb","itemListElement":[{"@type":"ListItem","position":1,"name":"Accueil","item":"https://librairie7l.com/en/"},{"@type":"ListItem","position":2,"name":"Shop","item":"https://librairie7l.com/en/shop/"},{"@type":"ListItem","position":3,"name":"ANDRÉ KERTÉSZ : OEUVRES 1912-1982"}]},{"@type":"WebSite","@id":"https://librairie7l.com/en/#website","url":"https://librairie7l.com/en/","name":"Librairie 7L","description":"Librairie fondée en 1999 par Karl Lagerfeld à Paris","publisher":{"@id":"https://librairie7l.com/en/#organization"},"potentialAction":[{"@type":"SearchAction","target":{"@type":"EntryPoint","urlTemplate":"https://librairie7l.com/en/?s={search_term_string}"},"query-input":"required name=search_term_string"}],"inLanguage":"en-US"},{"@type":"Organization","@id":"https://librairie7l.com/en/#organization","name":"Librairie 7L","url":"https://librairie7l.com/en/","logo":{"@type":"ImageObject","inLanguage":"en-US","@id":"https://librairie7l.com/en/#/schema/logo/image/","url":"https://librairie7l.com/wp-content/uploads/2022/08/logo-1.png","contentUrl":"https://librairie7l.com/wp-content/uploads/2022/08/logo-1.png","width":227,"height":301,"caption":"Librairie 7L"},"image":{"@id":"https://librairie7l.com/en/#/schema/logo/image/"}}]}</script>
<!-- / Yoast SEO plugin. -->

André Kertész : Oeuvres 1912-1982 - Librairie 7L

Le volume retrace toute l&#8217;oeuvre d&#8217;André Kertész, l&#8217;un des grands acteurs de la photographie du XXe siècle, depuis les premières photographies amateurs prises dans son pays d&#8217;origine et pendant les années de la Première Guerre mondiale, jusqu&#8217;aux célèbres clichés pris à Paris &#8211; capitale mondiale de la culture des années vingt et trente -, les [&hellip;]

Librairie fondée en 1999 par Karl Lagerfeld à Paris
