{"id":44802,"date":"2024-12-04T09:18:19","date_gmt":"2024-12-04T08:18:19","guid":{"rendered":"https:\/\/librairie7l.com\/?post_type=product&#038;p=44802"},"modified":"2026-04-30T16:18:17","modified_gmt":"2026-04-30T14:18:17","slug":"le-dessin-de-mode-professionnel-2","status":"publish","type":"product","link":"https:\/\/librairie7l.com\/en\/produit\/le-dessin-de-mode-professionnel-2\/","title":{"rendered":"LE DESSIN DE MODE PROFESSIONNEL"},"content":{"rendered":"<p>Ce tutoriel de cr\u00e9ation \u00e9crit par Manuela Brambatti, principale illustratrice chez Versace, est une id\u00e9e du couturier Flavio Marconi qui, impressionn\u00e9 par son style et la pr\u00e9cision avec laquelle elle capte le mouvement du tissu sur le corps, l&#8217;a convaincue de publier son travail. Ici, Brambatti r\u00e9v\u00e8le son style original et innovant, \u00e0 mi-chemin entre l&#8217;esquisse de mode et l&#8217;illustration. Th\u00e8mes principaux: Comme dessiner un mod\u00e8le; comme cr\u00e9er un visage; dessiner des figurines; toutes les \u00e9tapes du dessin; les types des v\u00eatements; utilisation de la couleur et les types de tissus; dessiner sur un fond color\u00e9; comme d\u00e9velopper des id\u00e9es pour une collection.<\/p>\n","protected":false},"excerpt":{"rendered":"<p>Ce tutoriel de cr\u00e9ation \u00e9crit par Manuela Brambatti, principale illustratrice chez Versace, est une id\u00e9e du couturier Flavio Marconi qui, impressionn\u00e9 par son style et la pr\u00e9cision avec laquelle elle capte le mouvement du tissu sur le corps, l&#8217;a convaincue de publier son travail. Ici, Brambatti r\u00e9v\u00e8le son style original et innovant, \u00e0 mi-chemin entre [&hellip;]<\/p>\n","protected":false},"featured_media":44800,"template":"","meta":[],"product_cat":[2948],"product_tag":[],"acf":[],"yoast_head":"<!-- This site is optimized with the Yoast SEO plugin v20.11 - https:\/\/yoast.com\/wordpress\/plugins\/seo\/ -->\n<title>Le dessin de mode professionnel - Librairie 7L<\/title>\n<meta name=\"robots\" content=\"index, follow, max-snippet:-1, max-image-preview:large, max-video-preview:-1\" \/>\n<link rel=\"canonical\" href=\"https:\/\/librairie7l.com\/en\/produit\/le-dessin-de-mode-professionnel-2\/\" \/>\n<meta property=\"og:locale\" content=\"en_US\" \/>\n<meta property=\"og:type\" content=\"article\" \/>\n<meta property=\"og:title\" content=\"Le dessin de mode professionnel - Librairie 7L\" \/>\n<meta property=\"og:description\" content=\"Ce tutoriel de cr\u00e9ation \u00e9crit par Manuela Brambatti, principale illustratrice chez Versace, est une id\u00e9e du couturier Flavio Marconi qui, impressionn\u00e9 par son style et la pr\u00e9cision avec laquelle elle capte le mouvement du tissu sur le corps, l&#8217;a convaincue de publier son travail. Ici, Brambatti r\u00e9v\u00e8le son style original et innovant, \u00e0 mi-chemin entre [&hellip;]\" \/>\n<meta property=\"og:url\" content=\"https:\/\/librairie7l.com\/en\/produit\/le-dessin-de-mode-professionnel-2\/\" \/>\n<meta property=\"og:site_name\" content=\"Librairie 7L\" \/>\n<meta property=\"article:modified_time\" content=\"2026-04-30T14:18:17+00:00\" \/>\n<meta property=\"og:image\" content=\"https:\/\/librairie7l.com\/wp-content\/uploads\/2017\/04\/9788416851089_1_75.jpg\" \/>\n\t<meta property=\"og:image:width\" content=\"400\" \/>\n\t<meta property=\"og:image:height\" content=\"552\" \/>\n\t<meta property=\"og:image:type\" content=\"image\/jpeg\" \/>\n<meta name=\"twitter:card\" content=\"summary_large_image\" \/>\n<meta name=\"twitter:label1\" content=\"Est. reading time\" \/>\n\t<meta name=\"twitter:data1\" content=\"1 minute\" \/>\n<script type=\"application\/ld+json\" class=\"yoast-schema-graph\">{\"@context\":\"https:\/\/schema.org\",\"@graph\":[{\"@type\":\"WebPage\",\"@id\":\"https:\/\/librairie7l.com\/en\/produit\/le-dessin-de-mode-professionnel-2\/\",\"url\":\"https:\/\/librairie7l.com\/en\/produit\/le-dessin-de-mode-professionnel-2\/\",\"name\":\"Le dessin de mode professionnel - Librairie 7L\",\"isPartOf\":{\"@id\":\"https:\/\/librairie7l.com\/en\/#website\"},\"datePublished\":\"2024-12-04T08:18:19+00:00\",\"dateModified\":\"2026-04-30T14:18:17+00:00\",\"breadcrumb\":{\"@id\":\"https:\/\/librairie7l.com\/en\/produit\/le-dessin-de-mode-professionnel-2\/#breadcrumb\"},\"inLanguage\":\"en-US\",\"potentialAction\":[{\"@type\":\"ReadAction\",\"target\":[\"https:\/\/librairie7l.com\/en\/produit\/le-dessin-de-mode-professionnel-2\/\"]}]},{\"@type\":\"BreadcrumbList\",\"@id\":\"https:\/\/librairie7l.com\/en\/produit\/le-dessin-de-mode-professionnel-2\/#breadcrumb\",\"itemListElement\":[{\"@type\":\"ListItem\",\"position\":1,\"name\":\"Accueil\",\"item\":\"https:\/\/librairie7l.com\/en\/\"},{\"@type\":\"ListItem\",\"position\":2,\"name\":\"Shop\",\"item\":\"https:\/\/librairie7l.com\/en\/shop\/\"},{\"@type\":\"ListItem\",\"position\":3,\"name\":\"LE DESSIN DE MODE PROFESSIONNEL\"}]},{\"@type\":\"WebSite\",\"@id\":\"https:\/\/librairie7l.com\/en\/#website\",\"url\":\"https:\/\/librairie7l.com\/en\/\",\"name\":\"Librairie 7L\",\"description\":\"Librairie fond\u00e9e en 1999 par Karl Lagerfeld \u00e0 Paris\",\"publisher\":{\"@id\":\"https:\/\/librairie7l.com\/en\/#organization\"},\"potentialAction\":[{\"@type\":\"SearchAction\",\"target\":{\"@type\":\"EntryPoint\",\"urlTemplate\":\"https:\/\/librairie7l.com\/en\/?s={search_term_string}\"},\"query-input\":\"required name=search_term_string\"}],\"inLanguage\":\"en-US\"},{\"@type\":\"Organization\",\"@id\":\"https:\/\/librairie7l.com\/en\/#organization\",\"name\":\"Librairie 7L\",\"url\":\"https:\/\/librairie7l.com\/en\/\",\"logo\":{\"@type\":\"ImageObject\",\"inLanguage\":\"en-US\",\"@id\":\"https:\/\/librairie7l.com\/en\/#\/schema\/logo\/image\/\",\"url\":\"https:\/\/librairie7l.com\/wp-content\/uploads\/2022\/08\/logo-1.png\",\"contentUrl\":\"https:\/\/librairie7l.com\/wp-content\/uploads\/2022\/08\/logo-1.png\",\"width\":227,\"height\":301,\"caption\":\"Librairie 7L\"},\"image\":{\"@id\":\"https:\/\/librairie7l.com\/en\/#\/schema\/logo\/image\/\"}}]}<\/script>\n<!-- \/ Yoast SEO plugin. -->","yoast_head_json":{"title":"Le dessin de mode professionnel - Librairie 7L","robots":{"index":"index","follow":"follow","max-snippet":"max-snippet:-1","max-image-preview":"max-image-preview:large","max-video-preview":"max-video-preview:-1"},"canonical":"https:\/\/librairie7l.com\/en\/produit\/le-dessin-de-mode-professionnel-2\/","og_locale":"en_US","og_type":"article","og_title":"Le dessin de mode professionnel - Librairie 7L","og_description":"Ce tutoriel de cr\u00e9ation \u00e9crit par Manuela Brambatti, principale illustratrice chez Versace, est une id\u00e9e du couturier Flavio Marconi qui, impressionn\u00e9 par son style et la pr\u00e9cision avec laquelle elle capte le mouvement du tissu sur le corps, l&#8217;a convaincue de publier son travail. Ici, Brambatti r\u00e9v\u00e8le son style original et innovant, \u00e0 mi-chemin entre [&hellip;]","og_url":"https:\/\/librairie7l.com\/en\/produit\/le-dessin-de-mode-professionnel-2\/","og_site_name":"Librairie 7L","article_modified_time":"2026-04-30T14:18:17+00:00","og_image":[{"width":400,"height":552,"url":"https:\/\/librairie7l.com\/wp-content\/uploads\/2017\/04\/9788416851089_1_75.jpg","type":"image\/jpeg"}],"twitter_card":"summary_large_image","twitter_misc":{"Est. reading time":"1 minute"},"schema":{"@context":"https:\/\/schema.org","@graph":[{"@type":"WebPage","@id":"https:\/\/librairie7l.com\/en\/produit\/le-dessin-de-mode-professionnel-2\/","url":"https:\/\/librairie7l.com\/en\/produit\/le-dessin-de-mode-professionnel-2\/","name":"Le dessin de mode professionnel - Librairie 7L","isPartOf":{"@id":"https:\/\/librairie7l.com\/en\/#website"},"datePublished":"2024-12-04T08:18:19+00:00","dateModified":"2026-04-30T14:18:17+00:00","breadcrumb":{"@id":"https:\/\/librairie7l.com\/en\/produit\/le-dessin-de-mode-professionnel-2\/#breadcrumb"},"inLanguage":"en-US","potentialAction":[{"@type":"ReadAction","target":["https:\/\/librairie7l.com\/en\/produit\/le-dessin-de-mode-professionnel-2\/"]}]},{"@type":"BreadcrumbList","@id":"https:\/\/librairie7l.com\/en\/produit\/le-dessin-de-mode-professionnel-2\/#breadcrumb","itemListElement":[{"@type":"ListItem","position":1,"name":"Accueil","item":"https:\/\/librairie7l.com\/en\/"},{"@type":"ListItem","position":2,"name":"Shop","item":"https:\/\/librairie7l.com\/en\/shop\/"},{"@type":"ListItem","position":3,"name":"LE DESSIN DE MODE PROFESSIONNEL"}]},{"@type":"WebSite","@id":"https:\/\/librairie7l.com\/en\/#website","url":"https:\/\/librairie7l.com\/en\/","name":"Librairie 7L","description":"Librairie fond\u00e9e en 1999 par Karl Lagerfeld \u00e0 Paris","publisher":{"@id":"https:\/\/librairie7l.com\/en\/#organization"},"potentialAction":[{"@type":"SearchAction","target":{"@type":"EntryPoint","urlTemplate":"https:\/\/librairie7l.com\/en\/?s={search_term_string}"},"query-input":"required name=search_term_string"}],"inLanguage":"en-US"},{"@type":"Organization","@id":"https:\/\/librairie7l.com\/en\/#organization","name":"Librairie 7L","url":"https:\/\/librairie7l.com\/en\/","logo":{"@type":"ImageObject","inLanguage":"en-US","@id":"https:\/\/librairie7l.com\/en\/#\/schema\/logo\/image\/","url":"https:\/\/librairie7l.com\/wp-content\/uploads\/2022\/08\/logo-1.png","contentUrl":"https:\/\/librairie7l.com\/wp-content\/uploads\/2022\/08\/logo-1.png","width":227,"height":301,"caption":"Librairie 7L"},"image":{"@id":"https:\/\/librairie7l.com\/en\/#\/schema\/logo\/image\/"}}]}},"_links":{"self":[{"href":"https:\/\/librairie7l.com\/en\/wp-json\/wp\/v2\/product\/44802"}],"collection":[{"href":"https:\/\/librairie7l.com\/en\/wp-json\/wp\/v2\/product"}],"about":[{"href":"https:\/\/librairie7l.com\/en\/wp-json\/wp\/v2\/types\/product"}],"wp:featuredmedia":[{"embeddable":true,"href":"https:\/\/librairie7l.com\/en\/wp-json\/wp\/v2\/media\/44800"}],"wp:attachment":[{"href":"https:\/\/librairie7l.com\/en\/wp-json\/wp\/v2\/media?parent=44802"}],"wp:term":[{"taxonomy":"product_cat","embeddable":true,"href":"https:\/\/librairie7l.com\/en\/wp-json\/wp\/v2\/product_cat?post=44802"},{"taxonomy":"product_tag","embeddable":true,"href":"https:\/\/librairie7l.com\/en\/wp-json\/wp\/v2\/product_tag?post=44802"}],"curies":[{"name":"wp","href":"https:\/\/api.w.org\/{rel}","templated":true}]}}

<p>Ce tutoriel de création écrit par Manuela Brambatti, principale illustratrice chez Versace, est une idée du couturier Flavio Marconi qui, impressionné par son style et la précision avec laquelle elle capte le mouvement du tissu sur le corps, l&#8217;a convaincue de publier son travail. Ici, Brambatti révèle son style original et innovant, à mi-chemin entre l&#8217;esquisse de mode et l&#8217;illustration. Thèmes principaux: Comme dessiner un modèle; comme créer un visage; dessiner des figurines; toutes les étapes du dessin; les types des vêtements; utilisation de la couleur et les types de tissus; dessiner sur un fond coloré; comme développer des idées pour une collection.</p>

<p>Ce tutoriel de création écrit par Manuela Brambatti, principale illustratrice chez Versace, est une idée du couturier Flavio Marconi qui, impressionné par son style et la précision avec laquelle elle capte le mouvement du tissu sur le corps, l&#8217;a convaincue de publier son travail. Ici, Brambatti révèle son style original et innovant, à mi-chemin entre [&hellip;]</p>

<!-- This site is optimized with the Yoast SEO plugin v20.11 - https://yoast.com/wordpress/plugins/seo/ -->
<title>Le dessin de mode professionnel - Librairie 7L</title>
<meta name="robots" content="index, follow, max-snippet:-1, max-image-preview:large, max-video-preview:-1" />
<link rel="canonical" href="https://librairie7l.com/en/produit/le-dessin-de-mode-professionnel-2/" />
<meta property="og:locale" content="en_US" />
<meta property="og:type" content="article" />
<meta property="og:title" content="Le dessin de mode professionnel - Librairie 7L" />
<meta property="og:description" content="Ce tutoriel de création écrit par Manuela Brambatti, principale illustratrice chez Versace, est une idée du couturier Flavio Marconi qui, impressionné par son style et la précision avec laquelle elle capte le mouvement du tissu sur le corps, l&#8217;a convaincue de publier son travail. Ici, Brambatti révèle son style original et innovant, à mi-chemin entre [&hellip;]" />
<meta property="og:url" content="https://librairie7l.com/en/produit/le-dessin-de-mode-professionnel-2/" />
<meta property="og:site_name" content="Librairie 7L" />
<meta property="article:modified_time" content="2026-04-30T14:18:17+00:00" />
<meta property="og:image" content="https://librairie7l.com/wp-content/uploads/2017/04/9788416851089_1_75.jpg" />
	<meta property="og:image:width" content="400" />
	<meta property="og:image:height" content="552" />
	<meta property="og:image:type" content="image/jpeg" />
<meta name="twitter:card" content="summary_large_image" />
<meta name="twitter:label1" content="Est. reading time" />
	<meta name="twitter:data1" content="1 minute" />
<script type="application/ld+json" class="yoast-schema-graph">{"@context":"https://schema.org","@graph":[{"@type":"WebPage","@id":"https://librairie7l.com/en/produit/le-dessin-de-mode-professionnel-2/","url":"https://librairie7l.com/en/produit/le-dessin-de-mode-professionnel-2/","name":"Le dessin de mode professionnel - Librairie 7L","isPartOf":{"@id":"https://librairie7l.com/en/#website"},"datePublished":"2024-12-04T08:18:19+00:00","dateModified":"2026-04-30T14:18:17+00:00","breadcrumb":{"@id":"https://librairie7l.com/en/produit/le-dessin-de-mode-professionnel-2/#breadcrumb"},"inLanguage":"en-US","potentialAction":[{"@type":"ReadAction","target":["https://librairie7l.com/en/produit/le-dessin-de-mode-professionnel-2/"]}]},{"@type":"BreadcrumbList","@id":"https://librairie7l.com/en/produit/le-dessin-de-mode-professionnel-2/#breadcrumb","itemListElement":[{"@type":"ListItem","position":1,"name":"Accueil","item":"https://librairie7l.com/en/"},{"@type":"ListItem","position":2,"name":"Shop","item":"https://librairie7l.com/en/shop/"},{"@type":"ListItem","position":3,"name":"LE DESSIN DE MODE PROFESSIONNEL"}]},{"@type":"WebSite","@id":"https://librairie7l.com/en/#website","url":"https://librairie7l.com/en/","name":"Librairie 7L","description":"Librairie fondée en 1999 par Karl Lagerfeld à Paris","publisher":{"@id":"https://librairie7l.com/en/#organization"},"potentialAction":[{"@type":"SearchAction","target":{"@type":"EntryPoint","urlTemplate":"https://librairie7l.com/en/?s={search_term_string}"},"query-input":"required name=search_term_string"}],"inLanguage":"en-US"},{"@type":"Organization","@id":"https://librairie7l.com/en/#organization","name":"Librairie 7L","url":"https://librairie7l.com/en/","logo":{"@type":"ImageObject","inLanguage":"en-US","@id":"https://librairie7l.com/en/#/schema/logo/image/","url":"https://librairie7l.com/wp-content/uploads/2022/08/logo-1.png","contentUrl":"https://librairie7l.com/wp-content/uploads/2022/08/logo-1.png","width":227,"height":301,"caption":"Librairie 7L"},"image":{"@id":"https://librairie7l.com/en/#/schema/logo/image/"}}]}</script>
<!-- / Yoast SEO plugin. -->

Ce tutoriel de création écrit par Manuela Brambatti, principale illustratrice chez Versace, est une idée du couturier Flavio Marconi qui, impressionné par son style et la précision avec laquelle elle capte le mouvement du tissu sur le corps, l&#8217;a convaincue de publier son travail. Ici, Brambatti révèle son style original et innovant, à mi-chemin entre [&hellip;]

Librairie fondée en 1999 par Karl Lagerfeld à Paris
