{"id":45232,"date":"2024-12-21T09:17:57","date_gmt":"2024-12-21T08:17:57","guid":{"rendered":"https:\/\/librairie7l.com\/?post_type=product&#038;p=45232"},"modified":"2026-04-30T15:40:06","modified_gmt":"2026-04-30T13:40:06","slug":"la-bas-cest-dehors-lodeur-du-theatre-2","status":"publish","type":"product","link":"https:\/\/librairie7l.com\/en\/produit\/la-bas-cest-dehors-lodeur-du-theatre-2\/","title":{"rendered":"L\u00c0-BAS, C&#8217;EST DEHORS ; L&#8217;ODEUR DU TH\u00c9\u00c2TRE"},"content":{"rendered":"<p>Cet ouvrage est un r\u00e9cit intime et un texte manifeste des moments cl\u00e9s de la vie de Richard Peduzzi, cet homme qui dans les ann\u00e9es 1960 s&#8217;est d\u00e9tourn\u00e9 de son atelier de peintre pour l&#8217;espace th\u00e9\u00e2tral, celui o\u00f9 il a pu &#8220;construire sa peinture&#8221;. Les dessins, photographies et maquettes qui accompagnent le r\u00e9cit sont mis en regard avec tout ce qui nourrit son inspiration : l&#8217;architecture, l&#8217;histoire de l&#8217;art, la musique, l&#8217;op\u00e9ra, le jazz, la litt\u00e9rature, le cin\u00e9ma, la photographie, mais aussi des souvenirs d&#8217;enfance, des lieux, des rencontres. Richard Peduzzi, dans une succession de textes courts qui correspondent chacun \u00e0 une p\u00e9riode marquante, raconte son parcours. Il nous d\u00e9voile ses images, leurs sources, ses visions et comment leur accomplissement dans un d\u00e9cor est n\u00e9 de leurs m\u00e9tamorphoses.\u00a0 Dans cette nouvelle \u00e9dition assortie de photos et dessins in\u00e9dits, Richard Peduzzi se confie par de nouveaux fragments. Apr\u00e8s le d\u00e9c\u00e8s de ses deux grands amis, les metteurs en sc\u00e8ne Patrice Ch\u00e9reau et Luc Bondy, il a eu le sentiment de perdre le th\u00e9\u00e2tre, une partie de lui. Et il s&#8217;en est d\u00e9tourn\u00e9 : r\u00e9novation d&#8217;un h\u00f4tel rue du Faubourg-Saint-Honor\u00e9, commissariat de l&#8217;exposition Chaumet en Chine, d\u00e9coration de la Scala \u00e0 Paris&#8230; Mais le th\u00e9\u00e2tre lui manque. L&#8217;odeur du th\u00e9\u00e2tre. Il \u00e9voque ce manque-l\u00e0 qui lui rappelle d&#8217;autres manques li\u00e9s au d\u00e9but de l&#8217;\u00e2ge adulte : manque li\u00e9 \u00e0 la drogue, manque des parents, de structures, de r\u00e9f\u00e9rents, d&#8217;avenir. Mais finalement, partout o\u00f9 il intervient aujourd&#8217;hui, dans tous ces espaces ferm\u00e9s, il r\u00eave et y met son th\u00e9\u00e2tre.<\/p>\n","protected":false},"excerpt":{"rendered":"<p>Cet ouvrage est un r\u00e9cit intime et un texte manifeste des moments cl\u00e9s de la vie de Richard Peduzzi, cet homme qui dans les ann\u00e9es 1960 s&#8217;est d\u00e9tourn\u00e9 de son atelier de peintre pour l&#8217;espace th\u00e9\u00e2tral, celui o\u00f9 il a pu &#8220;construire sa peinture&#8221;. Les dessins, photographies et maquettes qui accompagnent le r\u00e9cit sont mis [&hellip;]<\/p>\n","protected":false},"featured_media":45230,"template":"","meta":[],"product_cat":[2948],"product_tag":[],"acf":[],"yoast_head":"<!-- This site is optimized with the Yoast SEO plugin v20.11 - https:\/\/yoast.com\/wordpress\/plugins\/seo\/ -->\n<title>L\u00e0-bas, c&#039;est dehors ; l&#039;odeur du th\u00e9\u00e2tre - Librairie 7L<\/title>\n<meta name=\"robots\" content=\"index, follow, max-snippet:-1, max-image-preview:large, max-video-preview:-1\" \/>\n<link rel=\"canonical\" href=\"https:\/\/librairie7l.com\/en\/produit\/la-bas-cest-dehors-lodeur-du-theatre-2\/\" \/>\n<meta property=\"og:locale\" content=\"en_US\" \/>\n<meta property=\"og:type\" content=\"article\" \/>\n<meta property=\"og:title\" content=\"L\u00e0-bas, c&#039;est dehors ; l&#039;odeur du th\u00e9\u00e2tre - Librairie 7L\" \/>\n<meta property=\"og:description\" content=\"Cet ouvrage est un r\u00e9cit intime et un texte manifeste des moments cl\u00e9s de la vie de Richard Peduzzi, cet homme qui dans les ann\u00e9es 1960 s&#8217;est d\u00e9tourn\u00e9 de son atelier de peintre pour l&#8217;espace th\u00e9\u00e2tral, celui o\u00f9 il a pu &#8220;construire sa peinture&#8221;. Les dessins, photographies et maquettes qui accompagnent le r\u00e9cit sont mis [&hellip;]\" \/>\n<meta property=\"og:url\" content=\"https:\/\/librairie7l.com\/en\/produit\/la-bas-cest-dehors-lodeur-du-theatre-2\/\" \/>\n<meta property=\"og:site_name\" content=\"Librairie 7L\" \/>\n<meta property=\"article:modified_time\" content=\"2026-04-30T13:40:06+00:00\" \/>\n<meta property=\"og:image\" content=\"https:\/\/librairie7l.com\/wp-content\/uploads\/2017\/04\/9782330081393_1_75.jpg\" \/>\n\t<meta property=\"og:image:width\" content=\"500\" \/>\n\t<meta property=\"og:image:height\" content=\"644\" \/>\n\t<meta property=\"og:image:type\" content=\"image\/jpeg\" \/>\n<meta name=\"twitter:card\" content=\"summary_large_image\" \/>\n<meta name=\"twitter:label1\" content=\"Est. reading time\" \/>\n\t<meta name=\"twitter:data1\" content=\"1 minute\" \/>\n<script type=\"application\/ld+json\" class=\"yoast-schema-graph\">{\"@context\":\"https:\/\/schema.org\",\"@graph\":[{\"@type\":\"WebPage\",\"@id\":\"https:\/\/librairie7l.com\/en\/produit\/la-bas-cest-dehors-lodeur-du-theatre-2\/\",\"url\":\"https:\/\/librairie7l.com\/en\/produit\/la-bas-cest-dehors-lodeur-du-theatre-2\/\",\"name\":\"L\u00e0-bas, c'est dehors ; l'odeur du th\u00e9\u00e2tre - Librairie 7L\",\"isPartOf\":{\"@id\":\"https:\/\/librairie7l.com\/en\/#website\"},\"datePublished\":\"2024-12-21T08:17:57+00:00\",\"dateModified\":\"2026-04-30T13:40:06+00:00\",\"breadcrumb\":{\"@id\":\"https:\/\/librairie7l.com\/en\/produit\/la-bas-cest-dehors-lodeur-du-theatre-2\/#breadcrumb\"},\"inLanguage\":\"en-US\",\"potentialAction\":[{\"@type\":\"ReadAction\",\"target\":[\"https:\/\/librairie7l.com\/en\/produit\/la-bas-cest-dehors-lodeur-du-theatre-2\/\"]}]},{\"@type\":\"BreadcrumbList\",\"@id\":\"https:\/\/librairie7l.com\/en\/produit\/la-bas-cest-dehors-lodeur-du-theatre-2\/#breadcrumb\",\"itemListElement\":[{\"@type\":\"ListItem\",\"position\":1,\"name\":\"Accueil\",\"item\":\"https:\/\/librairie7l.com\/en\/\"},{\"@type\":\"ListItem\",\"position\":2,\"name\":\"Shop\",\"item\":\"https:\/\/librairie7l.com\/en\/shop\/\"},{\"@type\":\"ListItem\",\"position\":3,\"name\":\"L\u00c0-BAS, C&#8217;EST DEHORS ; L&#8217;ODEUR DU TH\u00c9\u00c2TRE\"}]},{\"@type\":\"WebSite\",\"@id\":\"https:\/\/librairie7l.com\/en\/#website\",\"url\":\"https:\/\/librairie7l.com\/en\/\",\"name\":\"Librairie 7L\",\"description\":\"Librairie fond\u00e9e en 1999 par Karl Lagerfeld \u00e0 Paris\",\"publisher\":{\"@id\":\"https:\/\/librairie7l.com\/en\/#organization\"},\"potentialAction\":[{\"@type\":\"SearchAction\",\"target\":{\"@type\":\"EntryPoint\",\"urlTemplate\":\"https:\/\/librairie7l.com\/en\/?s={search_term_string}\"},\"query-input\":\"required name=search_term_string\"}],\"inLanguage\":\"en-US\"},{\"@type\":\"Organization\",\"@id\":\"https:\/\/librairie7l.com\/en\/#organization\",\"name\":\"Librairie 7L\",\"url\":\"https:\/\/librairie7l.com\/en\/\",\"logo\":{\"@type\":\"ImageObject\",\"inLanguage\":\"en-US\",\"@id\":\"https:\/\/librairie7l.com\/en\/#\/schema\/logo\/image\/\",\"url\":\"https:\/\/librairie7l.com\/wp-content\/uploads\/2022\/08\/logo-1.png\",\"contentUrl\":\"https:\/\/librairie7l.com\/wp-content\/uploads\/2022\/08\/logo-1.png\",\"width\":227,\"height\":301,\"caption\":\"Librairie 7L\"},\"image\":{\"@id\":\"https:\/\/librairie7l.com\/en\/#\/schema\/logo\/image\/\"}}]}<\/script>\n<!-- \/ Yoast SEO plugin. -->","yoast_head_json":{"title":"L\u00e0-bas, c'est dehors ; l'odeur du th\u00e9\u00e2tre - Librairie 7L","robots":{"index":"index","follow":"follow","max-snippet":"max-snippet:-1","max-image-preview":"max-image-preview:large","max-video-preview":"max-video-preview:-1"},"canonical":"https:\/\/librairie7l.com\/en\/produit\/la-bas-cest-dehors-lodeur-du-theatre-2\/","og_locale":"en_US","og_type":"article","og_title":"L\u00e0-bas, c'est dehors ; l'odeur du th\u00e9\u00e2tre - Librairie 7L","og_description":"Cet ouvrage est un r\u00e9cit intime et un texte manifeste des moments cl\u00e9s de la vie de Richard Peduzzi, cet homme qui dans les ann\u00e9es 1960 s&#8217;est d\u00e9tourn\u00e9 de son atelier de peintre pour l&#8217;espace th\u00e9\u00e2tral, celui o\u00f9 il a pu &#8220;construire sa peinture&#8221;. Les dessins, photographies et maquettes qui accompagnent le r\u00e9cit sont mis [&hellip;]","og_url":"https:\/\/librairie7l.com\/en\/produit\/la-bas-cest-dehors-lodeur-du-theatre-2\/","og_site_name":"Librairie 7L","article_modified_time":"2026-04-30T13:40:06+00:00","og_image":[{"width":500,"height":644,"url":"https:\/\/librairie7l.com\/wp-content\/uploads\/2017\/04\/9782330081393_1_75.jpg","type":"image\/jpeg"}],"twitter_card":"summary_large_image","twitter_misc":{"Est. reading time":"1 minute"},"schema":{"@context":"https:\/\/schema.org","@graph":[{"@type":"WebPage","@id":"https:\/\/librairie7l.com\/en\/produit\/la-bas-cest-dehors-lodeur-du-theatre-2\/","url":"https:\/\/librairie7l.com\/en\/produit\/la-bas-cest-dehors-lodeur-du-theatre-2\/","name":"L\u00e0-bas, c'est dehors ; l'odeur du th\u00e9\u00e2tre - Librairie 7L","isPartOf":{"@id":"https:\/\/librairie7l.com\/en\/#website"},"datePublished":"2024-12-21T08:17:57+00:00","dateModified":"2026-04-30T13:40:06+00:00","breadcrumb":{"@id":"https:\/\/librairie7l.com\/en\/produit\/la-bas-cest-dehors-lodeur-du-theatre-2\/#breadcrumb"},"inLanguage":"en-US","potentialAction":[{"@type":"ReadAction","target":["https:\/\/librairie7l.com\/en\/produit\/la-bas-cest-dehors-lodeur-du-theatre-2\/"]}]},{"@type":"BreadcrumbList","@id":"https:\/\/librairie7l.com\/en\/produit\/la-bas-cest-dehors-lodeur-du-theatre-2\/#breadcrumb","itemListElement":[{"@type":"ListItem","position":1,"name":"Accueil","item":"https:\/\/librairie7l.com\/en\/"},{"@type":"ListItem","position":2,"name":"Shop","item":"https:\/\/librairie7l.com\/en\/shop\/"},{"@type":"ListItem","position":3,"name":"L\u00c0-BAS, C&#8217;EST DEHORS ; L&#8217;ODEUR DU TH\u00c9\u00c2TRE"}]},{"@type":"WebSite","@id":"https:\/\/librairie7l.com\/en\/#website","url":"https:\/\/librairie7l.com\/en\/","name":"Librairie 7L","description":"Librairie fond\u00e9e en 1999 par Karl Lagerfeld \u00e0 Paris","publisher":{"@id":"https:\/\/librairie7l.com\/en\/#organization"},"potentialAction":[{"@type":"SearchAction","target":{"@type":"EntryPoint","urlTemplate":"https:\/\/librairie7l.com\/en\/?s={search_term_string}"},"query-input":"required name=search_term_string"}],"inLanguage":"en-US"},{"@type":"Organization","@id":"https:\/\/librairie7l.com\/en\/#organization","name":"Librairie 7L","url":"https:\/\/librairie7l.com\/en\/","logo":{"@type":"ImageObject","inLanguage":"en-US","@id":"https:\/\/librairie7l.com\/en\/#\/schema\/logo\/image\/","url":"https:\/\/librairie7l.com\/wp-content\/uploads\/2022\/08\/logo-1.png","contentUrl":"https:\/\/librairie7l.com\/wp-content\/uploads\/2022\/08\/logo-1.png","width":227,"height":301,"caption":"Librairie 7L"},"image":{"@id":"https:\/\/librairie7l.com\/en\/#\/schema\/logo\/image\/"}}]}},"_links":{"self":[{"href":"https:\/\/librairie7l.com\/en\/wp-json\/wp\/v2\/product\/45232"}],"collection":[{"href":"https:\/\/librairie7l.com\/en\/wp-json\/wp\/v2\/product"}],"about":[{"href":"https:\/\/librairie7l.com\/en\/wp-json\/wp\/v2\/types\/product"}],"wp:featuredmedia":[{"embeddable":true,"href":"https:\/\/librairie7l.com\/en\/wp-json\/wp\/v2\/media\/45230"}],"wp:attachment":[{"href":"https:\/\/librairie7l.com\/en\/wp-json\/wp\/v2\/media?parent=45232"}],"wp:term":[{"taxonomy":"product_cat","embeddable":true,"href":"https:\/\/librairie7l.com\/en\/wp-json\/wp\/v2\/product_cat?post=45232"},{"taxonomy":"product_tag","embeddable":true,"href":"https:\/\/librairie7l.com\/en\/wp-json\/wp\/v2\/product_tag?post=45232"}],"curies":[{"name":"wp","href":"https:\/\/api.w.org\/{rel}","templated":true}]}}

LÀ-BAS, C&#8217;EST DEHORS ; L&#8217;ODEUR DU THÉÂTRE

<p>Cet ouvrage est un récit intime et un texte manifeste des moments clés de la vie de Richard Peduzzi, cet homme qui dans les années 1960 s&#8217;est détourné de son atelier de peintre pour l&#8217;espace théâtral, celui où il a pu &#8220;construire sa peinture&#8221;. Les dessins, photographies et maquettes qui accompagnent le récit sont mis en regard avec tout ce qui nourrit son inspiration : l&#8217;architecture, l&#8217;histoire de l&#8217;art, la musique, l&#8217;opéra, le jazz, la littérature, le cinéma, la photographie, mais aussi des souvenirs d&#8217;enfance, des lieux, des rencontres. Richard Peduzzi, dans une succession de textes courts qui correspondent chacun à une période marquante, raconte son parcours. Il nous dévoile ses images, leurs sources, ses visions et comment leur accomplissement dans un décor est né de leurs métamorphoses.  Dans cette nouvelle édition assortie de photos et dessins inédits, Richard Peduzzi se confie par de nouveaux fragments. Après le décès de ses deux grands amis, les metteurs en scène Patrice Chéreau et Luc Bondy, il a eu le sentiment de perdre le théâtre, une partie de lui. Et il s&#8217;en est détourné : rénovation d&#8217;un hôtel rue du Faubourg-Saint-Honoré, commissariat de l&#8217;exposition Chaumet en Chine, décoration de la Scala à Paris&#8230; Mais le théâtre lui manque. L&#8217;odeur du théâtre. Il évoque ce manque-là qui lui rappelle d&#8217;autres manques liés au début de l&#8217;âge adulte : manque lié à la drogue, manque des parents, de structures, de référents, d&#8217;avenir. Mais finalement, partout où il intervient aujourd&#8217;hui, dans tous ces espaces fermés, il rêve et y met son théâtre.</p>

<p>Cet ouvrage est un récit intime et un texte manifeste des moments clés de la vie de Richard Peduzzi, cet homme qui dans les années 1960 s&#8217;est détourné de son atelier de peintre pour l&#8217;espace théâtral, celui où il a pu &#8220;construire sa peinture&#8221;. Les dessins, photographies et maquettes qui accompagnent le récit sont mis [&hellip;]</p>

<!-- This site is optimized with the Yoast SEO plugin v20.11 - https://yoast.com/wordpress/plugins/seo/ -->
<title>Là-bas, c&#039;est dehors ; l&#039;odeur du théâtre - Librairie 7L</title>
<meta name="robots" content="index, follow, max-snippet:-1, max-image-preview:large, max-video-preview:-1" />
<link rel="canonical" href="https://librairie7l.com/en/produit/la-bas-cest-dehors-lodeur-du-theatre-2/" />
<meta property="og:locale" content="en_US" />
<meta property="og:type" content="article" />
<meta property="og:title" content="Là-bas, c&#039;est dehors ; l&#039;odeur du théâtre - Librairie 7L" />
<meta property="og:description" content="Cet ouvrage est un récit intime et un texte manifeste des moments clés de la vie de Richard Peduzzi, cet homme qui dans les années 1960 s&#8217;est détourné de son atelier de peintre pour l&#8217;espace théâtral, celui où il a pu &#8220;construire sa peinture&#8221;. Les dessins, photographies et maquettes qui accompagnent le récit sont mis [&hellip;]" />
<meta property="og:url" content="https://librairie7l.com/en/produit/la-bas-cest-dehors-lodeur-du-theatre-2/" />
<meta property="og:site_name" content="Librairie 7L" />
<meta property="article:modified_time" content="2026-04-30T13:40:06+00:00" />
<meta property="og:image" content="https://librairie7l.com/wp-content/uploads/2017/04/9782330081393_1_75.jpg" />
	<meta property="og:image:width" content="500" />
	<meta property="og:image:height" content="644" />
	<meta property="og:image:type" content="image/jpeg" />
<meta name="twitter:card" content="summary_large_image" />
<meta name="twitter:label1" content="Est. reading time" />
	<meta name="twitter:data1" content="1 minute" />
<script type="application/ld+json" class="yoast-schema-graph">{"@context":"https://schema.org","@graph":[{"@type":"WebPage","@id":"https://librairie7l.com/en/produit/la-bas-cest-dehors-lodeur-du-theatre-2/","url":"https://librairie7l.com/en/produit/la-bas-cest-dehors-lodeur-du-theatre-2/","name":"Là-bas, c'est dehors ; l'odeur du théâtre - Librairie 7L","isPartOf":{"@id":"https://librairie7l.com/en/#website"},"datePublished":"2024-12-21T08:17:57+00:00","dateModified":"2026-04-30T13:40:06+00:00","breadcrumb":{"@id":"https://librairie7l.com/en/produit/la-bas-cest-dehors-lodeur-du-theatre-2/#breadcrumb"},"inLanguage":"en-US","potentialAction":[{"@type":"ReadAction","target":["https://librairie7l.com/en/produit/la-bas-cest-dehors-lodeur-du-theatre-2/"]}]},{"@type":"BreadcrumbList","@id":"https://librairie7l.com/en/produit/la-bas-cest-dehors-lodeur-du-theatre-2/#breadcrumb","itemListElement":[{"@type":"ListItem","position":1,"name":"Accueil","item":"https://librairie7l.com/en/"},{"@type":"ListItem","position":2,"name":"Shop","item":"https://librairie7l.com/en/shop/"},{"@type":"ListItem","position":3,"name":"LÀ-BAS, C&#8217;EST DEHORS ; L&#8217;ODEUR DU THÉÂTRE"}]},{"@type":"WebSite","@id":"https://librairie7l.com/en/#website","url":"https://librairie7l.com/en/","name":"Librairie 7L","description":"Librairie fondée en 1999 par Karl Lagerfeld à Paris","publisher":{"@id":"https://librairie7l.com/en/#organization"},"potentialAction":[{"@type":"SearchAction","target":{"@type":"EntryPoint","urlTemplate":"https://librairie7l.com/en/?s={search_term_string}"},"query-input":"required name=search_term_string"}],"inLanguage":"en-US"},{"@type":"Organization","@id":"https://librairie7l.com/en/#organization","name":"Librairie 7L","url":"https://librairie7l.com/en/","logo":{"@type":"ImageObject","inLanguage":"en-US","@id":"https://librairie7l.com/en/#/schema/logo/image/","url":"https://librairie7l.com/wp-content/uploads/2022/08/logo-1.png","contentUrl":"https://librairie7l.com/wp-content/uploads/2022/08/logo-1.png","width":227,"height":301,"caption":"Librairie 7L"},"image":{"@id":"https://librairie7l.com/en/#/schema/logo/image/"}}]}</script>
<!-- / Yoast SEO plugin. -->

Là-bas, c'est dehors ; l'odeur du théâtre - Librairie 7L

Cet ouvrage est un récit intime et un texte manifeste des moments clés de la vie de Richard Peduzzi, cet homme qui dans les années 1960 s&#8217;est détourné de son atelier de peintre pour l&#8217;espace théâtral, celui où il a pu &#8220;construire sa peinture&#8221;. Les dessins, photographies et maquettes qui accompagnent le récit sont mis [&hellip;]

Librairie fondée en 1999 par Karl Lagerfeld à Paris
