{"id":46097,"date":"2025-02-07T09:17:45","date_gmt":"2025-02-07T08:17:45","guid":{"rendered":"https:\/\/librairie7l.com\/?post_type=product&#038;p=46097"},"modified":"2026-04-30T12:18:12","modified_gmt":"2026-04-30T10:18:12","slug":"jaume-plensa-etre-la-2","status":"publish","type":"product","link":"https:\/\/librairie7l.com\/en\/produit\/jaume-plensa-etre-la-2\/","title":{"rendered":"JAUME PLENSA. \u00caTRE L\u00c0"},"content":{"rendered":"<p>Artiste contemporain n\u00e9 \u00e0 Barcelone en 1955, Jaume Plensa commence \u00e0 exposer, au d\u00e9but des ann\u00e9es 1980, des volumes en t\u00f4le d\u00e9coup\u00e9e et soud\u00e9e, en fonte d&#8217;acier, puis des installations proc\u00e9dant de techniques de plus en plus vari\u00e9es. Des emprunts \u00e0 la litt\u00e9rature et \u00e0 la po\u00e9sie, parfois la sienne, viennent m\u00ealer le verbe et la citation \u00e0 la mati\u00e8re sculpt\u00e9e ou dessin\u00e9e. Dans les ann\u00e9es 1990, la lumi\u00e8re et la transparence du verre ou de la r\u00e9sine accompagnent la prise en compte nouvelle du corps humain et de son \u00e9chelle. Une famille de silhouettes anonymes et m\u00e9ditatives peuple aujourd&#8217;hui l&#8217;univers de Jaume Plensa.<br \/>\nEn 1994, il est invit\u00e9 par la ville de Valence pour exposer dans l&#8217;espace urbain et dans les salles du mus\u00e9e municipal. Plut\u00f4t que d&#8217;exposer au mus\u00e9e, l&#8217;artiste choisit de cr\u00e9er 21 portes en fonte d&#8217;acier, qu&#8217;il fit installer dans 21 lieux embl\u00e9matiques de la cit\u00e9. R\u00e9pondant \u00e0 l&#8217;invitation renouvel\u00e9e de la ville, le sculpteur et dessinateur de renomm\u00e9e internationale livrera prochainement une sculpture de 4 m\u00e8tres de hauteur r\u00e9alis\u00e9e en acier inoxydable. Compos\u00e9e \u00e0 partir des diff\u00e9rents alphabets du monde, lettres et symboles s&#8217;entrelacent de mani\u00e8re al\u00e9atoire telle une dentelle de m\u00e9tal d\u00e9ployant le dessin d&#8217;une silhouette qui, en position assise, \u00e9voque un corps humain autant qu&#8217;une communaut\u00e9 universelle.<br \/>\nL&#8217;ouvrage propose une d\u00e9ambulation libre entre la proposition imagin\u00e9e en 1994 et celle pens\u00e9e pour la place des Ormeaux en 2024, au coeur du centre historique. Il offre aussi une large part \u00e0 la production graphique de l&#8217;artiste. Dessins et estampes entretiennent des relations \u00e9troites avec le corps humain et s&#8217;associent aux mots des plus grands po\u00e8tes et dramaturges &#8211; Dante, Baudelaire et Shakespeare&#8230; &#8211; comme \u00e0 ceux de la D\u00e9claration universelle des droits de l&#8217;Homme.<\/p>\n","protected":false},"excerpt":{"rendered":"<p>Artiste contemporain n\u00e9 \u00e0 Barcelone en 1955, Jaume Plensa commence \u00e0 exposer, au d\u00e9but des ann\u00e9es 1980, des volumes en t\u00f4le d\u00e9coup\u00e9e et soud\u00e9e, en fonte d&#8217;acier, puis des installations proc\u00e9dant de techniques de plus en plus vari\u00e9es. Des emprunts \u00e0 la litt\u00e9rature et \u00e0 la po\u00e9sie, parfois la sienne, viennent m\u00ealer le verbe et [&hellip;]<\/p>\n","protected":false},"featured_media":46095,"template":"","meta":[],"product_cat":[2948,2953],"product_tag":[],"acf":[],"yoast_head":"<!-- This site is optimized with the Yoast SEO plugin v20.11 - https:\/\/yoast.com\/wordpress\/plugins\/seo\/ -->\n<title>Jaume Plensa. \u00catre l\u00e0 - Librairie 7L<\/title>\n<meta name=\"robots\" content=\"index, follow, max-snippet:-1, max-image-preview:large, max-video-preview:-1\" \/>\n<link rel=\"canonical\" href=\"https:\/\/librairie7l.com\/en\/produit\/jaume-plensa-etre-la-2\/\" \/>\n<meta property=\"og:locale\" content=\"en_US\" \/>\n<meta property=\"og:type\" content=\"article\" \/>\n<meta property=\"og:title\" content=\"Jaume Plensa. \u00catre l\u00e0 - Librairie 7L\" \/>\n<meta property=\"og:description\" content=\"Artiste contemporain n\u00e9 \u00e0 Barcelone en 1955, Jaume Plensa commence \u00e0 exposer, au d\u00e9but des ann\u00e9es 1980, des volumes en t\u00f4le d\u00e9coup\u00e9e et soud\u00e9e, en fonte d&#8217;acier, puis des installations proc\u00e9dant de techniques de plus en plus vari\u00e9es. Des emprunts \u00e0 la litt\u00e9rature et \u00e0 la po\u00e9sie, parfois la sienne, viennent m\u00ealer le verbe et [&hellip;]\" \/>\n<meta property=\"og:url\" content=\"https:\/\/librairie7l.com\/en\/produit\/jaume-plensa-etre-la-2\/\" \/>\n<meta property=\"og:site_name\" content=\"Librairie 7L\" \/>\n<meta property=\"article:modified_time\" content=\"2026-04-30T10:18:12+00:00\" \/>\n<meta property=\"og:image\" content=\"https:\/\/librairie7l.com\/wp-content\/uploads\/2024\/08\/9782359064520_1_75.jpg\" \/>\n\t<meta property=\"og:image:width\" content=\"600\" \/>\n\t<meta property=\"og:image:height\" content=\"676\" \/>\n\t<meta property=\"og:image:type\" content=\"image\/jpeg\" \/>\n<meta name=\"twitter:card\" content=\"summary_large_image\" \/>\n<meta name=\"twitter:label1\" content=\"Est. reading time\" \/>\n\t<meta name=\"twitter:data1\" content=\"2 minutes\" \/>\n<script type=\"application\/ld+json\" class=\"yoast-schema-graph\">{\"@context\":\"https:\/\/schema.org\",\"@graph\":[{\"@type\":\"WebPage\",\"@id\":\"https:\/\/librairie7l.com\/en\/produit\/jaume-plensa-etre-la-2\/\",\"url\":\"https:\/\/librairie7l.com\/en\/produit\/jaume-plensa-etre-la-2\/\",\"name\":\"Jaume Plensa. \u00catre l\u00e0 - Librairie 7L\",\"isPartOf\":{\"@id\":\"https:\/\/librairie7l.com\/en\/#website\"},\"datePublished\":\"2025-02-07T08:17:45+00:00\",\"dateModified\":\"2026-04-30T10:18:12+00:00\",\"breadcrumb\":{\"@id\":\"https:\/\/librairie7l.com\/en\/produit\/jaume-plensa-etre-la-2\/#breadcrumb\"},\"inLanguage\":\"en-US\",\"potentialAction\":[{\"@type\":\"ReadAction\",\"target\":[\"https:\/\/librairie7l.com\/en\/produit\/jaume-plensa-etre-la-2\/\"]}]},{\"@type\":\"BreadcrumbList\",\"@id\":\"https:\/\/librairie7l.com\/en\/produit\/jaume-plensa-etre-la-2\/#breadcrumb\",\"itemListElement\":[{\"@type\":\"ListItem\",\"position\":1,\"name\":\"Accueil\",\"item\":\"https:\/\/librairie7l.com\/en\/\"},{\"@type\":\"ListItem\",\"position\":2,\"name\":\"Shop\",\"item\":\"https:\/\/librairie7l.com\/en\/shop\/\"},{\"@type\":\"ListItem\",\"position\":3,\"name\":\"JAUME PLENSA. \u00caTRE L\u00c0\"}]},{\"@type\":\"WebSite\",\"@id\":\"https:\/\/librairie7l.com\/en\/#website\",\"url\":\"https:\/\/librairie7l.com\/en\/\",\"name\":\"Librairie 7L\",\"description\":\"Librairie fond\u00e9e en 1999 par Karl Lagerfeld \u00e0 Paris\",\"publisher\":{\"@id\":\"https:\/\/librairie7l.com\/en\/#organization\"},\"potentialAction\":[{\"@type\":\"SearchAction\",\"target\":{\"@type\":\"EntryPoint\",\"urlTemplate\":\"https:\/\/librairie7l.com\/en\/?s={search_term_string}\"},\"query-input\":\"required name=search_term_string\"}],\"inLanguage\":\"en-US\"},{\"@type\":\"Organization\",\"@id\":\"https:\/\/librairie7l.com\/en\/#organization\",\"name\":\"Librairie 7L\",\"url\":\"https:\/\/librairie7l.com\/en\/\",\"logo\":{\"@type\":\"ImageObject\",\"inLanguage\":\"en-US\",\"@id\":\"https:\/\/librairie7l.com\/en\/#\/schema\/logo\/image\/\",\"url\":\"https:\/\/librairie7l.com\/wp-content\/uploads\/2022\/08\/logo-1.png\",\"contentUrl\":\"https:\/\/librairie7l.com\/wp-content\/uploads\/2022\/08\/logo-1.png\",\"width\":227,\"height\":301,\"caption\":\"Librairie 7L\"},\"image\":{\"@id\":\"https:\/\/librairie7l.com\/en\/#\/schema\/logo\/image\/\"}}]}<\/script>\n<!-- \/ Yoast SEO plugin. -->","yoast_head_json":{"title":"Jaume Plensa. \u00catre l\u00e0 - Librairie 7L","robots":{"index":"index","follow":"follow","max-snippet":"max-snippet:-1","max-image-preview":"max-image-preview:large","max-video-preview":"max-video-preview:-1"},"canonical":"https:\/\/librairie7l.com\/en\/produit\/jaume-plensa-etre-la-2\/","og_locale":"en_US","og_type":"article","og_title":"Jaume Plensa. \u00catre l\u00e0 - Librairie 7L","og_description":"Artiste contemporain n\u00e9 \u00e0 Barcelone en 1955, Jaume Plensa commence \u00e0 exposer, au d\u00e9but des ann\u00e9es 1980, des volumes en t\u00f4le d\u00e9coup\u00e9e et soud\u00e9e, en fonte d&#8217;acier, puis des installations proc\u00e9dant de techniques de plus en plus vari\u00e9es. Des emprunts \u00e0 la litt\u00e9rature et \u00e0 la po\u00e9sie, parfois la sienne, viennent m\u00ealer le verbe et [&hellip;]","og_url":"https:\/\/librairie7l.com\/en\/produit\/jaume-plensa-etre-la-2\/","og_site_name":"Librairie 7L","article_modified_time":"2026-04-30T10:18:12+00:00","og_image":[{"width":600,"height":676,"url":"https:\/\/librairie7l.com\/wp-content\/uploads\/2024\/08\/9782359064520_1_75.jpg","type":"image\/jpeg"}],"twitter_card":"summary_large_image","twitter_misc":{"Est. reading time":"2 minutes"},"schema":{"@context":"https:\/\/schema.org","@graph":[{"@type":"WebPage","@id":"https:\/\/librairie7l.com\/en\/produit\/jaume-plensa-etre-la-2\/","url":"https:\/\/librairie7l.com\/en\/produit\/jaume-plensa-etre-la-2\/","name":"Jaume Plensa. \u00catre l\u00e0 - Librairie 7L","isPartOf":{"@id":"https:\/\/librairie7l.com\/en\/#website"},"datePublished":"2025-02-07T08:17:45+00:00","dateModified":"2026-04-30T10:18:12+00:00","breadcrumb":{"@id":"https:\/\/librairie7l.com\/en\/produit\/jaume-plensa-etre-la-2\/#breadcrumb"},"inLanguage":"en-US","potentialAction":[{"@type":"ReadAction","target":["https:\/\/librairie7l.com\/en\/produit\/jaume-plensa-etre-la-2\/"]}]},{"@type":"BreadcrumbList","@id":"https:\/\/librairie7l.com\/en\/produit\/jaume-plensa-etre-la-2\/#breadcrumb","itemListElement":[{"@type":"ListItem","position":1,"name":"Accueil","item":"https:\/\/librairie7l.com\/en\/"},{"@type":"ListItem","position":2,"name":"Shop","item":"https:\/\/librairie7l.com\/en\/shop\/"},{"@type":"ListItem","position":3,"name":"JAUME PLENSA. \u00caTRE L\u00c0"}]},{"@type":"WebSite","@id":"https:\/\/librairie7l.com\/en\/#website","url":"https:\/\/librairie7l.com\/en\/","name":"Librairie 7L","description":"Librairie fond\u00e9e en 1999 par Karl Lagerfeld \u00e0 Paris","publisher":{"@id":"https:\/\/librairie7l.com\/en\/#organization"},"potentialAction":[{"@type":"SearchAction","target":{"@type":"EntryPoint","urlTemplate":"https:\/\/librairie7l.com\/en\/?s={search_term_string}"},"query-input":"required name=search_term_string"}],"inLanguage":"en-US"},{"@type":"Organization","@id":"https:\/\/librairie7l.com\/en\/#organization","name":"Librairie 7L","url":"https:\/\/librairie7l.com\/en\/","logo":{"@type":"ImageObject","inLanguage":"en-US","@id":"https:\/\/librairie7l.com\/en\/#\/schema\/logo\/image\/","url":"https:\/\/librairie7l.com\/wp-content\/uploads\/2022\/08\/logo-1.png","contentUrl":"https:\/\/librairie7l.com\/wp-content\/uploads\/2022\/08\/logo-1.png","width":227,"height":301,"caption":"Librairie 7L"},"image":{"@id":"https:\/\/librairie7l.com\/en\/#\/schema\/logo\/image\/"}}]}},"_links":{"self":[{"href":"https:\/\/librairie7l.com\/en\/wp-json\/wp\/v2\/product\/46097"}],"collection":[{"href":"https:\/\/librairie7l.com\/en\/wp-json\/wp\/v2\/product"}],"about":[{"href":"https:\/\/librairie7l.com\/en\/wp-json\/wp\/v2\/types\/product"}],"wp:featuredmedia":[{"embeddable":true,"href":"https:\/\/librairie7l.com\/en\/wp-json\/wp\/v2\/media\/46095"}],"wp:attachment":[{"href":"https:\/\/librairie7l.com\/en\/wp-json\/wp\/v2\/media?parent=46097"}],"wp:term":[{"taxonomy":"product_cat","embeddable":true,"href":"https:\/\/librairie7l.com\/en\/wp-json\/wp\/v2\/product_cat?post=46097"},{"taxonomy":"product_tag","embeddable":true,"href":"https:\/\/librairie7l.com\/en\/wp-json\/wp\/v2\/product_tag?post=46097"}],"curies":[{"name":"wp","href":"https:\/\/api.w.org\/{rel}","templated":true}]}}

JAUME PLENSA. ÊTRE LÀ

<p>Artiste contemporain né à Barcelone en 1955, Jaume Plensa commence à exposer, au début des années 1980, des volumes en tôle découpée et soudée, en fonte d&#8217;acier, puis des installations procédant de techniques de plus en plus variées. Des emprunts à la littérature et à la poésie, parfois la sienne, viennent mêler le verbe et la citation à la matière sculptée ou dessinée. Dans les années 1990, la lumière et la transparence du verre ou de la résine accompagnent la prise en compte nouvelle du corps humain et de son échelle. Une famille de silhouettes anonymes et méditatives peuple aujourd&#8217;hui l&#8217;univers de Jaume Plensa.<br />
En 1994, il est invité par la ville de Valence pour exposer dans l&#8217;espace urbain et dans les salles du musée municipal. Plutôt que d&#8217;exposer au musée, l&#8217;artiste choisit de créer 21 portes en fonte d&#8217;acier, qu&#8217;il fit installer dans 21 lieux emblématiques de la cité. Répondant à l&#8217;invitation renouvelée de la ville, le sculpteur et dessinateur de renommée internationale livrera prochainement une sculpture de 4 mètres de hauteur réalisée en acier inoxydable. Composée à partir des différents alphabets du monde, lettres et symboles s&#8217;entrelacent de manière aléatoire telle une dentelle de métal déployant le dessin d&#8217;une silhouette qui, en position assise, évoque un corps humain autant qu&#8217;une communauté universelle.<br />
L&#8217;ouvrage propose une déambulation libre entre la proposition imaginée en 1994 et celle pensée pour la place des Ormeaux en 2024, au coeur du centre historique. Il offre aussi une large part à la production graphique de l&#8217;artiste. Dessins et estampes entretiennent des relations étroites avec le corps humain et s&#8217;associent aux mots des plus grands poètes et dramaturges &#8211; Dante, Baudelaire et Shakespeare&#8230; &#8211; comme à ceux de la Déclaration universelle des droits de l&#8217;Homme.</p>

<p>Artiste contemporain né à Barcelone en 1955, Jaume Plensa commence à exposer, au début des années 1980, des volumes en tôle découpée et soudée, en fonte d&#8217;acier, puis des installations procédant de techniques de plus en plus variées. Des emprunts à la littérature et à la poésie, parfois la sienne, viennent mêler le verbe et [&hellip;]</p>

<!-- This site is optimized with the Yoast SEO plugin v20.11 - https://yoast.com/wordpress/plugins/seo/ -->
<title>Jaume Plensa. Être là - Librairie 7L</title>
<meta name="robots" content="index, follow, max-snippet:-1, max-image-preview:large, max-video-preview:-1" />
<link rel="canonical" href="https://librairie7l.com/en/produit/jaume-plensa-etre-la-2/" />
<meta property="og:locale" content="en_US" />
<meta property="og:type" content="article" />
<meta property="og:title" content="Jaume Plensa. Être là - Librairie 7L" />
<meta property="og:description" content="Artiste contemporain né à Barcelone en 1955, Jaume Plensa commence à exposer, au début des années 1980, des volumes en tôle découpée et soudée, en fonte d&#8217;acier, puis des installations procédant de techniques de plus en plus variées. Des emprunts à la littérature et à la poésie, parfois la sienne, viennent mêler le verbe et [&hellip;]" />
<meta property="og:url" content="https://librairie7l.com/en/produit/jaume-plensa-etre-la-2/" />
<meta property="og:site_name" content="Librairie 7L" />
<meta property="article:modified_time" content="2026-04-30T10:18:12+00:00" />
<meta property="og:image" content="https://librairie7l.com/wp-content/uploads/2024/08/9782359064520_1_75.jpg" />
	<meta property="og:image:width" content="600" />
	<meta property="og:image:height" content="676" />
	<meta property="og:image:type" content="image/jpeg" />
<meta name="twitter:card" content="summary_large_image" />
<meta name="twitter:label1" content="Est. reading time" />
	<meta name="twitter:data1" content="2 minutes" />
<script type="application/ld+json" class="yoast-schema-graph">{"@context":"https://schema.org","@graph":[{"@type":"WebPage","@id":"https://librairie7l.com/en/produit/jaume-plensa-etre-la-2/","url":"https://librairie7l.com/en/produit/jaume-plensa-etre-la-2/","name":"Jaume Plensa. Être là - Librairie 7L","isPartOf":{"@id":"https://librairie7l.com/en/#website"},"datePublished":"2025-02-07T08:17:45+00:00","dateModified":"2026-04-30T10:18:12+00:00","breadcrumb":{"@id":"https://librairie7l.com/en/produit/jaume-plensa-etre-la-2/#breadcrumb"},"inLanguage":"en-US","potentialAction":[{"@type":"ReadAction","target":["https://librairie7l.com/en/produit/jaume-plensa-etre-la-2/"]}]},{"@type":"BreadcrumbList","@id":"https://librairie7l.com/en/produit/jaume-plensa-etre-la-2/#breadcrumb","itemListElement":[{"@type":"ListItem","position":1,"name":"Accueil","item":"https://librairie7l.com/en/"},{"@type":"ListItem","position":2,"name":"Shop","item":"https://librairie7l.com/en/shop/"},{"@type":"ListItem","position":3,"name":"JAUME PLENSA. ÊTRE LÀ"}]},{"@type":"WebSite","@id":"https://librairie7l.com/en/#website","url":"https://librairie7l.com/en/","name":"Librairie 7L","description":"Librairie fondée en 1999 par Karl Lagerfeld à Paris","publisher":{"@id":"https://librairie7l.com/en/#organization"},"potentialAction":[{"@type":"SearchAction","target":{"@type":"EntryPoint","urlTemplate":"https://librairie7l.com/en/?s={search_term_string}"},"query-input":"required name=search_term_string"}],"inLanguage":"en-US"},{"@type":"Organization","@id":"https://librairie7l.com/en/#organization","name":"Librairie 7L","url":"https://librairie7l.com/en/","logo":{"@type":"ImageObject","inLanguage":"en-US","@id":"https://librairie7l.com/en/#/schema/logo/image/","url":"https://librairie7l.com/wp-content/uploads/2022/08/logo-1.png","contentUrl":"https://librairie7l.com/wp-content/uploads/2022/08/logo-1.png","width":227,"height":301,"caption":"Librairie 7L"},"image":{"@id":"https://librairie7l.com/en/#/schema/logo/image/"}}]}</script>
<!-- / Yoast SEO plugin. -->

Jaume Plensa. Être là - Librairie 7L

Artiste contemporain né à Barcelone en 1955, Jaume Plensa commence à exposer, au début des années 1980, des volumes en tôle découpée et soudée, en fonte d&#8217;acier, puis des installations procédant de techniques de plus en plus variées. Des emprunts à la littérature et à la poésie, parfois la sienne, viennent mêler le verbe et [&hellip;]

Librairie fondée en 1999 par Karl Lagerfeld à Paris
