{"id":46305,"date":"2025-02-15T09:17:46","date_gmt":"2025-02-15T08:17:46","guid":{"rendered":"https:\/\/librairie7l.com\/?post_type=product&#038;p=46305"},"modified":"2026-04-30T07:40:45","modified_gmt":"2026-04-30T05:40:45","slug":"jardins-et-palais-dorient-2","status":"publish","type":"product","link":"https:\/\/librairie7l.com\/en\/produit\/jardins-et-palais-dorient-2\/","title":{"rendered":"JARDINS ET PALAIS D&#8217;ORIENT"},"content":{"rendered":"<p>L&#8217;exposition Jardins et palais d&#8217;Orient dont est issu cet ouvrage, co-organis\u00e9e par le D\u00e9partement du Var et le mus\u00e9e du Louvre, gr\u00e2ce \u00e0 une participation majeure du d\u00e9partement des Arts de l&#8217;Islam, explore la place des jardins d&#8217;Orient dans l&#8217;histoire collective du monde. Il a paru important de d\u00e9velopper un aspect peu montr\u00e9 jusqu&#8217;ici dans les grandes expositions : l&#8217;interaction entre le palais et le jardin en rappelant que l&#8217;architecture des deux entit\u00e9s est indissociable. Ces deux espaces, int\u00e9rieur et ext\u00e9rieur, dialoguent sans cesse et rappellent le couple de l&#8217;apparent et du cach\u00e9, cher \u00e0 la philosophie soufie.<\/p>\n<p>\u00c0 travers des chefs-d&#8217;oeuvre du mus\u00e9e du Louvre et des institutions patrimoniales de la r\u00e9gion Provence-Alpes-C\u00f4te d&#8217;Azur rarement pr\u00eat\u00e9s, issus des territoires des civilisations de l&#8217;Islam allant de la p\u00e9ninsule Ib\u00e9rique jusqu&#8217;au sous-continent indien, l&#8217;exposition \u00e9voque \u00e9galement les liens avec les civilisations qui ont pr\u00e9c\u00e9d\u00e9 ou c\u00f4toy\u00e9 la p\u00e9riode islamique. D&#8217;autres aspects sont explor\u00e9s comme l&#8217;arch\u00e9ologie, la symbolique, les usages et l&#8217;imaginaire du jardin en Orient. Enfin, l&#8217;art contemporain vient interroger les pr\u00e9occupations actuelles au regard de cette th\u00e9matique.<\/p>\n<p>Les textes du catalogue ont \u00e9t\u00e9 \u00e9crits par des sp\u00e9cialistes universitaires et mus\u00e9aux, explorant les donn\u00e9es les plus r\u00e9centes en arch\u00e9ologie, histoire et histoire de l&#8217;art sur ce sujet passionnant. Ils permettent de prolonger l&#8217;exp\u00e9rience de l&#8217;exposition en abordant certains points peu ou pas pr\u00e9sents dans l&#8217;exposition.<\/p>\n","protected":false},"excerpt":{"rendered":"<p>L&#8217;exposition Jardins et palais d&#8217;Orient dont est issu cet ouvrage, co-organis\u00e9e par le D\u00e9partement du Var et le mus\u00e9e du Louvre, gr\u00e2ce \u00e0 une participation majeure du d\u00e9partement des Arts de l&#8217;Islam, explore la place des jardins d&#8217;Orient dans l&#8217;histoire collective du monde. Il a paru important de d\u00e9velopper un aspect peu montr\u00e9 jusqu&#8217;ici dans [&hellip;]<\/p>\n","protected":false},"featured_media":46303,"template":"","meta":[],"product_cat":[2948,2956],"product_tag":[],"acf":[],"yoast_head":"<!-- This site is optimized with the Yoast SEO plugin v20.11 - https:\/\/yoast.com\/wordpress\/plugins\/seo\/ -->\n<title>Jardins et palais d&#039;Orient - Librairie 7L<\/title>\n<meta name=\"robots\" content=\"index, follow, max-snippet:-1, max-image-preview:large, max-video-preview:-1\" \/>\n<link rel=\"canonical\" href=\"https:\/\/librairie7l.com\/en\/produit\/jardins-et-palais-dorient-2\/\" \/>\n<meta property=\"og:locale\" content=\"en_US\" \/>\n<meta property=\"og:type\" content=\"article\" \/>\n<meta property=\"og:title\" content=\"Jardins et palais d&#039;Orient - Librairie 7L\" \/>\n<meta property=\"og:description\" content=\"L&#8217;exposition Jardins et palais d&#8217;Orient dont est issu cet ouvrage, co-organis\u00e9e par le D\u00e9partement du Var et le mus\u00e9e du Louvre, gr\u00e2ce \u00e0 une participation majeure du d\u00e9partement des Arts de l&#8217;Islam, explore la place des jardins d&#8217;Orient dans l&#8217;histoire collective du monde. Il a paru important de d\u00e9velopper un aspect peu montr\u00e9 jusqu&#8217;ici dans [&hellip;]\" \/>\n<meta property=\"og:url\" content=\"https:\/\/librairie7l.com\/en\/produit\/jardins-et-palais-dorient-2\/\" \/>\n<meta property=\"og:site_name\" content=\"Librairie 7L\" \/>\n<meta property=\"article:modified_time\" content=\"2026-04-30T05:40:45+00:00\" \/>\n<meta property=\"og:image\" content=\"https:\/\/librairie7l.com\/wp-content\/uploads\/2024\/06\/9788836658619_1_75.jpg\" \/>\n\t<meta property=\"og:image:width\" content=\"600\" \/>\n\t<meta property=\"og:image:height\" content=\"751\" \/>\n\t<meta property=\"og:image:type\" content=\"image\/jpeg\" \/>\n<meta name=\"twitter:card\" content=\"summary_large_image\" \/>\n<meta name=\"twitter:label1\" content=\"Est. reading time\" \/>\n\t<meta name=\"twitter:data1\" content=\"1 minute\" \/>\n<script type=\"application\/ld+json\" class=\"yoast-schema-graph\">{\"@context\":\"https:\/\/schema.org\",\"@graph\":[{\"@type\":\"WebPage\",\"@id\":\"https:\/\/librairie7l.com\/en\/produit\/jardins-et-palais-dorient-2\/\",\"url\":\"https:\/\/librairie7l.com\/en\/produit\/jardins-et-palais-dorient-2\/\",\"name\":\"Jardins et palais d'Orient - Librairie 7L\",\"isPartOf\":{\"@id\":\"https:\/\/librairie7l.com\/en\/#website\"},\"datePublished\":\"2025-02-15T08:17:46+00:00\",\"dateModified\":\"2026-04-30T05:40:45+00:00\",\"breadcrumb\":{\"@id\":\"https:\/\/librairie7l.com\/en\/produit\/jardins-et-palais-dorient-2\/#breadcrumb\"},\"inLanguage\":\"en-US\",\"potentialAction\":[{\"@type\":\"ReadAction\",\"target\":[\"https:\/\/librairie7l.com\/en\/produit\/jardins-et-palais-dorient-2\/\"]}]},{\"@type\":\"BreadcrumbList\",\"@id\":\"https:\/\/librairie7l.com\/en\/produit\/jardins-et-palais-dorient-2\/#breadcrumb\",\"itemListElement\":[{\"@type\":\"ListItem\",\"position\":1,\"name\":\"Accueil\",\"item\":\"https:\/\/librairie7l.com\/en\/\"},{\"@type\":\"ListItem\",\"position\":2,\"name\":\"Shop\",\"item\":\"https:\/\/librairie7l.com\/en\/shop\/\"},{\"@type\":\"ListItem\",\"position\":3,\"name\":\"JARDINS ET PALAIS D&#8217;ORIENT\"}]},{\"@type\":\"WebSite\",\"@id\":\"https:\/\/librairie7l.com\/en\/#website\",\"url\":\"https:\/\/librairie7l.com\/en\/\",\"name\":\"Librairie 7L\",\"description\":\"Librairie fond\u00e9e en 1999 par Karl Lagerfeld \u00e0 Paris\",\"publisher\":{\"@id\":\"https:\/\/librairie7l.com\/en\/#organization\"},\"potentialAction\":[{\"@type\":\"SearchAction\",\"target\":{\"@type\":\"EntryPoint\",\"urlTemplate\":\"https:\/\/librairie7l.com\/en\/?s={search_term_string}\"},\"query-input\":\"required name=search_term_string\"}],\"inLanguage\":\"en-US\"},{\"@type\":\"Organization\",\"@id\":\"https:\/\/librairie7l.com\/en\/#organization\",\"name\":\"Librairie 7L\",\"url\":\"https:\/\/librairie7l.com\/en\/\",\"logo\":{\"@type\":\"ImageObject\",\"inLanguage\":\"en-US\",\"@id\":\"https:\/\/librairie7l.com\/en\/#\/schema\/logo\/image\/\",\"url\":\"https:\/\/librairie7l.com\/wp-content\/uploads\/2022\/08\/logo-1.png\",\"contentUrl\":\"https:\/\/librairie7l.com\/wp-content\/uploads\/2022\/08\/logo-1.png\",\"width\":227,\"height\":301,\"caption\":\"Librairie 7L\"},\"image\":{\"@id\":\"https:\/\/librairie7l.com\/en\/#\/schema\/logo\/image\/\"}}]}<\/script>\n<!-- \/ Yoast SEO plugin. -->","yoast_head_json":{"title":"Jardins et palais d'Orient - Librairie 7L","robots":{"index":"index","follow":"follow","max-snippet":"max-snippet:-1","max-image-preview":"max-image-preview:large","max-video-preview":"max-video-preview:-1"},"canonical":"https:\/\/librairie7l.com\/en\/produit\/jardins-et-palais-dorient-2\/","og_locale":"en_US","og_type":"article","og_title":"Jardins et palais d'Orient - Librairie 7L","og_description":"L&#8217;exposition Jardins et palais d&#8217;Orient dont est issu cet ouvrage, co-organis\u00e9e par le D\u00e9partement du Var et le mus\u00e9e du Louvre, gr\u00e2ce \u00e0 une participation majeure du d\u00e9partement des Arts de l&#8217;Islam, explore la place des jardins d&#8217;Orient dans l&#8217;histoire collective du monde. Il a paru important de d\u00e9velopper un aspect peu montr\u00e9 jusqu&#8217;ici dans [&hellip;]","og_url":"https:\/\/librairie7l.com\/en\/produit\/jardins-et-palais-dorient-2\/","og_site_name":"Librairie 7L","article_modified_time":"2026-04-30T05:40:45+00:00","og_image":[{"width":600,"height":751,"url":"https:\/\/librairie7l.com\/wp-content\/uploads\/2024\/06\/9788836658619_1_75.jpg","type":"image\/jpeg"}],"twitter_card":"summary_large_image","twitter_misc":{"Est. reading time":"1 minute"},"schema":{"@context":"https:\/\/schema.org","@graph":[{"@type":"WebPage","@id":"https:\/\/librairie7l.com\/en\/produit\/jardins-et-palais-dorient-2\/","url":"https:\/\/librairie7l.com\/en\/produit\/jardins-et-palais-dorient-2\/","name":"Jardins et palais d'Orient - Librairie 7L","isPartOf":{"@id":"https:\/\/librairie7l.com\/en\/#website"},"datePublished":"2025-02-15T08:17:46+00:00","dateModified":"2026-04-30T05:40:45+00:00","breadcrumb":{"@id":"https:\/\/librairie7l.com\/en\/produit\/jardins-et-palais-dorient-2\/#breadcrumb"},"inLanguage":"en-US","potentialAction":[{"@type":"ReadAction","target":["https:\/\/librairie7l.com\/en\/produit\/jardins-et-palais-dorient-2\/"]}]},{"@type":"BreadcrumbList","@id":"https:\/\/librairie7l.com\/en\/produit\/jardins-et-palais-dorient-2\/#breadcrumb","itemListElement":[{"@type":"ListItem","position":1,"name":"Accueil","item":"https:\/\/librairie7l.com\/en\/"},{"@type":"ListItem","position":2,"name":"Shop","item":"https:\/\/librairie7l.com\/en\/shop\/"},{"@type":"ListItem","position":3,"name":"JARDINS ET PALAIS D&#8217;ORIENT"}]},{"@type":"WebSite","@id":"https:\/\/librairie7l.com\/en\/#website","url":"https:\/\/librairie7l.com\/en\/","name":"Librairie 7L","description":"Librairie fond\u00e9e en 1999 par Karl Lagerfeld \u00e0 Paris","publisher":{"@id":"https:\/\/librairie7l.com\/en\/#organization"},"potentialAction":[{"@type":"SearchAction","target":{"@type":"EntryPoint","urlTemplate":"https:\/\/librairie7l.com\/en\/?s={search_term_string}"},"query-input":"required name=search_term_string"}],"inLanguage":"en-US"},{"@type":"Organization","@id":"https:\/\/librairie7l.com\/en\/#organization","name":"Librairie 7L","url":"https:\/\/librairie7l.com\/en\/","logo":{"@type":"ImageObject","inLanguage":"en-US","@id":"https:\/\/librairie7l.com\/en\/#\/schema\/logo\/image\/","url":"https:\/\/librairie7l.com\/wp-content\/uploads\/2022\/08\/logo-1.png","contentUrl":"https:\/\/librairie7l.com\/wp-content\/uploads\/2022\/08\/logo-1.png","width":227,"height":301,"caption":"Librairie 7L"},"image":{"@id":"https:\/\/librairie7l.com\/en\/#\/schema\/logo\/image\/"}}]}},"_links":{"self":[{"href":"https:\/\/librairie7l.com\/en\/wp-json\/wp\/v2\/product\/46305"}],"collection":[{"href":"https:\/\/librairie7l.com\/en\/wp-json\/wp\/v2\/product"}],"about":[{"href":"https:\/\/librairie7l.com\/en\/wp-json\/wp\/v2\/types\/product"}],"wp:featuredmedia":[{"embeddable":true,"href":"https:\/\/librairie7l.com\/en\/wp-json\/wp\/v2\/media\/46303"}],"wp:attachment":[{"href":"https:\/\/librairie7l.com\/en\/wp-json\/wp\/v2\/media?parent=46305"}],"wp:term":[{"taxonomy":"product_cat","embeddable":true,"href":"https:\/\/librairie7l.com\/en\/wp-json\/wp\/v2\/product_cat?post=46305"},{"taxonomy":"product_tag","embeddable":true,"href":"https:\/\/librairie7l.com\/en\/wp-json\/wp\/v2\/product_tag?post=46305"}],"curies":[{"name":"wp","href":"https:\/\/api.w.org\/{rel}","templated":true}]}}

<p>L&#8217;exposition Jardins et palais d&#8217;Orient dont est issu cet ouvrage, co-organisée par le Département du Var et le musée du Louvre, grâce à une participation majeure du département des Arts de l&#8217;Islam, explore la place des jardins d&#8217;Orient dans l&#8217;histoire collective du monde. Il a paru important de développer un aspect peu montré jusqu&#8217;ici dans les grandes expositions : l&#8217;interaction entre le palais et le jardin en rappelant que l&#8217;architecture des deux entités est indissociable. Ces deux espaces, intérieur et extérieur, dialoguent sans cesse et rappellent le couple de l&#8217;apparent et du caché, cher à la philosophie soufie.</p>
<p>À travers des chefs-d&#8217;oeuvre du musée du Louvre et des institutions patrimoniales de la région Provence-Alpes-Côte d&#8217;Azur rarement prêtés, issus des territoires des civilisations de l&#8217;Islam allant de la péninsule Ibérique jusqu&#8217;au sous-continent indien, l&#8217;exposition évoque également les liens avec les civilisations qui ont précédé ou côtoyé la période islamique. D&#8217;autres aspects sont explorés comme l&#8217;archéologie, la symbolique, les usages et l&#8217;imaginaire du jardin en Orient. Enfin, l&#8217;art contemporain vient interroger les préoccupations actuelles au regard de cette thématique.</p>
<p>Les textes du catalogue ont été écrits par des spécialistes universitaires et muséaux, explorant les données les plus récentes en archéologie, histoire et histoire de l&#8217;art sur ce sujet passionnant. Ils permettent de prolonger l&#8217;expérience de l&#8217;exposition en abordant certains points peu ou pas présents dans l&#8217;exposition.</p>

<p>L&#8217;exposition Jardins et palais d&#8217;Orient dont est issu cet ouvrage, co-organisée par le Département du Var et le musée du Louvre, grâce à une participation majeure du département des Arts de l&#8217;Islam, explore la place des jardins d&#8217;Orient dans l&#8217;histoire collective du monde. Il a paru important de développer un aspect peu montré jusqu&#8217;ici dans [&hellip;]</p>

<!-- This site is optimized with the Yoast SEO plugin v20.11 - https://yoast.com/wordpress/plugins/seo/ -->
<title>Jardins et palais d&#039;Orient - Librairie 7L</title>
<meta name="robots" content="index, follow, max-snippet:-1, max-image-preview:large, max-video-preview:-1" />
<link rel="canonical" href="https://librairie7l.com/en/produit/jardins-et-palais-dorient-2/" />
<meta property="og:locale" content="en_US" />
<meta property="og:type" content="article" />
<meta property="og:title" content="Jardins et palais d&#039;Orient - Librairie 7L" />
<meta property="og:description" content="L&#8217;exposition Jardins et palais d&#8217;Orient dont est issu cet ouvrage, co-organisée par le Département du Var et le musée du Louvre, grâce à une participation majeure du département des Arts de l&#8217;Islam, explore la place des jardins d&#8217;Orient dans l&#8217;histoire collective du monde. Il a paru important de développer un aspect peu montré jusqu&#8217;ici dans [&hellip;]" />
<meta property="og:url" content="https://librairie7l.com/en/produit/jardins-et-palais-dorient-2/" />
<meta property="og:site_name" content="Librairie 7L" />
<meta property="article:modified_time" content="2026-04-30T05:40:45+00:00" />
<meta property="og:image" content="https://librairie7l.com/wp-content/uploads/2024/06/9788836658619_1_75.jpg" />
	<meta property="og:image:width" content="600" />
	<meta property="og:image:height" content="751" />
	<meta property="og:image:type" content="image/jpeg" />
<meta name="twitter:card" content="summary_large_image" />
<meta name="twitter:label1" content="Est. reading time" />
	<meta name="twitter:data1" content="1 minute" />
<script type="application/ld+json" class="yoast-schema-graph">{"@context":"https://schema.org","@graph":[{"@type":"WebPage","@id":"https://librairie7l.com/en/produit/jardins-et-palais-dorient-2/","url":"https://librairie7l.com/en/produit/jardins-et-palais-dorient-2/","name":"Jardins et palais d'Orient - Librairie 7L","isPartOf":{"@id":"https://librairie7l.com/en/#website"},"datePublished":"2025-02-15T08:17:46+00:00","dateModified":"2026-04-30T05:40:45+00:00","breadcrumb":{"@id":"https://librairie7l.com/en/produit/jardins-et-palais-dorient-2/#breadcrumb"},"inLanguage":"en-US","potentialAction":[{"@type":"ReadAction","target":["https://librairie7l.com/en/produit/jardins-et-palais-dorient-2/"]}]},{"@type":"BreadcrumbList","@id":"https://librairie7l.com/en/produit/jardins-et-palais-dorient-2/#breadcrumb","itemListElement":[{"@type":"ListItem","position":1,"name":"Accueil","item":"https://librairie7l.com/en/"},{"@type":"ListItem","position":2,"name":"Shop","item":"https://librairie7l.com/en/shop/"},{"@type":"ListItem","position":3,"name":"JARDINS ET PALAIS D&#8217;ORIENT"}]},{"@type":"WebSite","@id":"https://librairie7l.com/en/#website","url":"https://librairie7l.com/en/","name":"Librairie 7L","description":"Librairie fondée en 1999 par Karl Lagerfeld à Paris","publisher":{"@id":"https://librairie7l.com/en/#organization"},"potentialAction":[{"@type":"SearchAction","target":{"@type":"EntryPoint","urlTemplate":"https://librairie7l.com/en/?s={search_term_string}"},"query-input":"required name=search_term_string"}],"inLanguage":"en-US"},{"@type":"Organization","@id":"https://librairie7l.com/en/#organization","name":"Librairie 7L","url":"https://librairie7l.com/en/","logo":{"@type":"ImageObject","inLanguage":"en-US","@id":"https://librairie7l.com/en/#/schema/logo/image/","url":"https://librairie7l.com/wp-content/uploads/2022/08/logo-1.png","contentUrl":"https://librairie7l.com/wp-content/uploads/2022/08/logo-1.png","width":227,"height":301,"caption":"Librairie 7L"},"image":{"@id":"https://librairie7l.com/en/#/schema/logo/image/"}}]}</script>
<!-- / Yoast SEO plugin. -->

L&#8217;exposition Jardins et palais d&#8217;Orient dont est issu cet ouvrage, co-organisée par le Département du Var et le musée du Louvre, grâce à une participation majeure du département des Arts de l&#8217;Islam, explore la place des jardins d&#8217;Orient dans l&#8217;histoire collective du monde. Il a paru important de développer un aspect peu montré jusqu&#8217;ici dans [&hellip;]

Librairie fondée en 1999 par Karl Lagerfeld à Paris
