{"id":46356,"date":"2025-02-20T09:17:54","date_gmt":"2025-02-20T08:17:54","guid":{"rendered":"https:\/\/librairie7l.com\/?post_type=product&#038;p=46356"},"modified":"2026-05-02T02:51:38","modified_gmt":"2026-05-02T00:51:38","slug":"un-exil-combattant-les-artistes-et-la-france-1939-1945-2","status":"publish","type":"product","link":"https:\/\/librairie7l.com\/en\/produit\/un-exil-combattant-les-artistes-et-la-france-1939-1945-2\/","title":{"rendered":"UN EXIL COMBATTANT : LES ARTISTES ET LA FRANCE, 1939-1945"},"content":{"rendered":"<p>D\u00e8s l&#8217;\u00e9t\u00e9 1940, partout dans le monde rest\u00e9 libre ainsi que dans les territoires d&#8217;Afrique, d&#8217;Asie et du Pacifique ralli\u00e9s \u00e0 la France libre, des artistes, des \u00e9crivains, des intellectuels et des scientifiques fran\u00e7ais et francophones, souvent r\u00e9fugi\u00e9s ou pers\u00e9cut\u00e9s, engagent un combat culturel pour gagner les coeurs et les esprits des opinions publiques des pays neutres et alli\u00e9s \u00e0 la cause de ceux qui refusent la d\u00e9faite de la France. Qu&#8217;ils soient Fran\u00e7ais libres ou non, tous ont contribu\u00e9 au rayonnement international de la culture fran\u00e7aise dans cette p\u00e9riode troubl\u00e9e. Les vingt-trois auteurs sollicit\u00e9s pour le pr\u00e9sent catalogue dressent un panorama de la production artistique, culturelle et scientifi que en exil. De l&#8217;architecture \u00e0 la joaillerie, de l&#8217;\u00e9dition au cin\u00e9ma, du surr\u00e9alisme \u00e0 l&#8217;atome, autant de sujets aussi m\u00e9connus que passionnants sont illustr\u00e9s par les photographies des trois cents objets, documents et oeuvres d&#8217;art pr\u00e9sent\u00e9s dans l&#8217;exposition. Au coeur de cet ensemble, une s\u00e9lection de quarante-deux portraits comment\u00e9s de ces artistes et intellectuels ayant oeuvr\u00e9 pour la R\u00e9sistance redonne un visage \u00e0 des personnalit\u00e9s toujours hors norme, parfois tomb\u00e9es dans l&#8217;oubli, rappelant que l&#8217;exil de chacun et la mani\u00e8re dont il a \u00e9t\u00e9 v\u00e9cu sont uniques.<\/p>\n","protected":false},"excerpt":{"rendered":"<p>D\u00e8s l&#8217;\u00e9t\u00e9 1940, partout dans le monde rest\u00e9 libre ainsi que dans les territoires d&#8217;Afrique, d&#8217;Asie et du Pacifique ralli\u00e9s \u00e0 la France libre, des artistes, des \u00e9crivains, des intellectuels et des scientifiques fran\u00e7ais et francophones, souvent r\u00e9fugi\u00e9s ou pers\u00e9cut\u00e9s, engagent un combat culturel pour gagner les coeurs et les esprits des opinions publiques des [&hellip;]<\/p>\n","protected":false},"featured_media":46354,"template":"","meta":[],"product_cat":[2948,2953],"product_tag":[],"acf":[],"yoast_head":"<!-- This site is optimized with the Yoast SEO plugin v20.11 - https:\/\/yoast.com\/wordpress\/plugins\/seo\/ -->\n<title>Un exil combattant : Les artistes et la France, 1939-1945 - Librairie 7L<\/title>\n<meta name=\"robots\" content=\"index, follow, max-snippet:-1, max-image-preview:large, max-video-preview:-1\" \/>\n<link rel=\"canonical\" href=\"https:\/\/librairie7l.com\/en\/produit\/un-exil-combattant-les-artistes-et-la-france-1939-1945-2\/\" \/>\n<meta property=\"og:locale\" content=\"en_US\" \/>\n<meta property=\"og:type\" content=\"article\" \/>\n<meta property=\"og:title\" content=\"Un exil combattant : Les artistes et la France, 1939-1945 - Librairie 7L\" \/>\n<meta property=\"og:description\" content=\"D\u00e8s l&#8217;\u00e9t\u00e9 1940, partout dans le monde rest\u00e9 libre ainsi que dans les territoires d&#8217;Afrique, d&#8217;Asie et du Pacifique ralli\u00e9s \u00e0 la France libre, des artistes, des \u00e9crivains, des intellectuels et des scientifiques fran\u00e7ais et francophones, souvent r\u00e9fugi\u00e9s ou pers\u00e9cut\u00e9s, engagent un combat culturel pour gagner les coeurs et les esprits des opinions publiques des [&hellip;]\" \/>\n<meta property=\"og:url\" content=\"https:\/\/librairie7l.com\/en\/produit\/un-exil-combattant-les-artistes-et-la-france-1939-1945-2\/\" \/>\n<meta property=\"og:site_name\" content=\"Librairie 7L\" \/>\n<meta property=\"article:modified_time\" content=\"2026-05-02T00:51:38+00:00\" \/>\n<meta property=\"og:image\" content=\"https:\/\/librairie7l.com\/wp-content\/uploads\/2024\/07\/9782073098252_1_75.jpg\" \/>\n\t<meta property=\"og:image:width\" content=\"600\" \/>\n\t<meta property=\"og:image:height\" content=\"790\" \/>\n\t<meta property=\"og:image:type\" content=\"image\/jpeg\" \/>\n<meta name=\"twitter:card\" content=\"summary_large_image\" \/>\n<meta name=\"twitter:label1\" content=\"Est. reading time\" \/>\n\t<meta name=\"twitter:data1\" content=\"1 minute\" \/>\n<script type=\"application\/ld+json\" class=\"yoast-schema-graph\">{\"@context\":\"https:\/\/schema.org\",\"@graph\":[{\"@type\":\"WebPage\",\"@id\":\"https:\/\/librairie7l.com\/en\/produit\/un-exil-combattant-les-artistes-et-la-france-1939-1945-2\/\",\"url\":\"https:\/\/librairie7l.com\/en\/produit\/un-exil-combattant-les-artistes-et-la-france-1939-1945-2\/\",\"name\":\"Un exil combattant : Les artistes et la France, 1939-1945 - Librairie 7L\",\"isPartOf\":{\"@id\":\"https:\/\/librairie7l.com\/en\/#website\"},\"datePublished\":\"2025-02-20T08:17:54+00:00\",\"dateModified\":\"2026-05-02T00:51:38+00:00\",\"breadcrumb\":{\"@id\":\"https:\/\/librairie7l.com\/en\/produit\/un-exil-combattant-les-artistes-et-la-france-1939-1945-2\/#breadcrumb\"},\"inLanguage\":\"en-US\",\"potentialAction\":[{\"@type\":\"ReadAction\",\"target\":[\"https:\/\/librairie7l.com\/en\/produit\/un-exil-combattant-les-artistes-et-la-france-1939-1945-2\/\"]}]},{\"@type\":\"BreadcrumbList\",\"@id\":\"https:\/\/librairie7l.com\/en\/produit\/un-exil-combattant-les-artistes-et-la-france-1939-1945-2\/#breadcrumb\",\"itemListElement\":[{\"@type\":\"ListItem\",\"position\":1,\"name\":\"Accueil\",\"item\":\"https:\/\/librairie7l.com\/en\/\"},{\"@type\":\"ListItem\",\"position\":2,\"name\":\"Shop\",\"item\":\"https:\/\/librairie7l.com\/en\/shop\/\"},{\"@type\":\"ListItem\",\"position\":3,\"name\":\"UN EXIL COMBATTANT : LES ARTISTES ET LA FRANCE, 1939-1945\"}]},{\"@type\":\"WebSite\",\"@id\":\"https:\/\/librairie7l.com\/en\/#website\",\"url\":\"https:\/\/librairie7l.com\/en\/\",\"name\":\"Librairie 7L\",\"description\":\"Librairie fond\u00e9e en 1999 par Karl Lagerfeld \u00e0 Paris\",\"publisher\":{\"@id\":\"https:\/\/librairie7l.com\/en\/#organization\"},\"potentialAction\":[{\"@type\":\"SearchAction\",\"target\":{\"@type\":\"EntryPoint\",\"urlTemplate\":\"https:\/\/librairie7l.com\/en\/?s={search_term_string}\"},\"query-input\":\"required name=search_term_string\"}],\"inLanguage\":\"en-US\"},{\"@type\":\"Organization\",\"@id\":\"https:\/\/librairie7l.com\/en\/#organization\",\"name\":\"Librairie 7L\",\"url\":\"https:\/\/librairie7l.com\/en\/\",\"logo\":{\"@type\":\"ImageObject\",\"inLanguage\":\"en-US\",\"@id\":\"https:\/\/librairie7l.com\/en\/#\/schema\/logo\/image\/\",\"url\":\"https:\/\/librairie7l.com\/wp-content\/uploads\/2022\/08\/logo-1.png\",\"contentUrl\":\"https:\/\/librairie7l.com\/wp-content\/uploads\/2022\/08\/logo-1.png\",\"width\":227,\"height\":301,\"caption\":\"Librairie 7L\"},\"image\":{\"@id\":\"https:\/\/librairie7l.com\/en\/#\/schema\/logo\/image\/\"}}]}<\/script>\n<!-- \/ Yoast SEO plugin. -->","yoast_head_json":{"title":"Un exil combattant : Les artistes et la France, 1939-1945 - Librairie 7L","robots":{"index":"index","follow":"follow","max-snippet":"max-snippet:-1","max-image-preview":"max-image-preview:large","max-video-preview":"max-video-preview:-1"},"canonical":"https:\/\/librairie7l.com\/en\/produit\/un-exil-combattant-les-artistes-et-la-france-1939-1945-2\/","og_locale":"en_US","og_type":"article","og_title":"Un exil combattant : Les artistes et la France, 1939-1945 - Librairie 7L","og_description":"D\u00e8s l&#8217;\u00e9t\u00e9 1940, partout dans le monde rest\u00e9 libre ainsi que dans les territoires d&#8217;Afrique, d&#8217;Asie et du Pacifique ralli\u00e9s \u00e0 la France libre, des artistes, des \u00e9crivains, des intellectuels et des scientifiques fran\u00e7ais et francophones, souvent r\u00e9fugi\u00e9s ou pers\u00e9cut\u00e9s, engagent un combat culturel pour gagner les coeurs et les esprits des opinions publiques des [&hellip;]","og_url":"https:\/\/librairie7l.com\/en\/produit\/un-exil-combattant-les-artistes-et-la-france-1939-1945-2\/","og_site_name":"Librairie 7L","article_modified_time":"2026-05-02T00:51:38+00:00","og_image":[{"width":600,"height":790,"url":"https:\/\/librairie7l.com\/wp-content\/uploads\/2024\/07\/9782073098252_1_75.jpg","type":"image\/jpeg"}],"twitter_card":"summary_large_image","twitter_misc":{"Est. reading time":"1 minute"},"schema":{"@context":"https:\/\/schema.org","@graph":[{"@type":"WebPage","@id":"https:\/\/librairie7l.com\/en\/produit\/un-exil-combattant-les-artistes-et-la-france-1939-1945-2\/","url":"https:\/\/librairie7l.com\/en\/produit\/un-exil-combattant-les-artistes-et-la-france-1939-1945-2\/","name":"Un exil combattant : Les artistes et la France, 1939-1945 - Librairie 7L","isPartOf":{"@id":"https:\/\/librairie7l.com\/en\/#website"},"datePublished":"2025-02-20T08:17:54+00:00","dateModified":"2026-05-02T00:51:38+00:00","breadcrumb":{"@id":"https:\/\/librairie7l.com\/en\/produit\/un-exil-combattant-les-artistes-et-la-france-1939-1945-2\/#breadcrumb"},"inLanguage":"en-US","potentialAction":[{"@type":"ReadAction","target":["https:\/\/librairie7l.com\/en\/produit\/un-exil-combattant-les-artistes-et-la-france-1939-1945-2\/"]}]},{"@type":"BreadcrumbList","@id":"https:\/\/librairie7l.com\/en\/produit\/un-exil-combattant-les-artistes-et-la-france-1939-1945-2\/#breadcrumb","itemListElement":[{"@type":"ListItem","position":1,"name":"Accueil","item":"https:\/\/librairie7l.com\/en\/"},{"@type":"ListItem","position":2,"name":"Shop","item":"https:\/\/librairie7l.com\/en\/shop\/"},{"@type":"ListItem","position":3,"name":"UN EXIL COMBATTANT : LES ARTISTES ET LA FRANCE, 1939-1945"}]},{"@type":"WebSite","@id":"https:\/\/librairie7l.com\/en\/#website","url":"https:\/\/librairie7l.com\/en\/","name":"Librairie 7L","description":"Librairie fond\u00e9e en 1999 par Karl Lagerfeld \u00e0 Paris","publisher":{"@id":"https:\/\/librairie7l.com\/en\/#organization"},"potentialAction":[{"@type":"SearchAction","target":{"@type":"EntryPoint","urlTemplate":"https:\/\/librairie7l.com\/en\/?s={search_term_string}"},"query-input":"required name=search_term_string"}],"inLanguage":"en-US"},{"@type":"Organization","@id":"https:\/\/librairie7l.com\/en\/#organization","name":"Librairie 7L","url":"https:\/\/librairie7l.com\/en\/","logo":{"@type":"ImageObject","inLanguage":"en-US","@id":"https:\/\/librairie7l.com\/en\/#\/schema\/logo\/image\/","url":"https:\/\/librairie7l.com\/wp-content\/uploads\/2022\/08\/logo-1.png","contentUrl":"https:\/\/librairie7l.com\/wp-content\/uploads\/2022\/08\/logo-1.png","width":227,"height":301,"caption":"Librairie 7L"},"image":{"@id":"https:\/\/librairie7l.com\/en\/#\/schema\/logo\/image\/"}}]}},"_links":{"self":[{"href":"https:\/\/librairie7l.com\/en\/wp-json\/wp\/v2\/product\/46356"}],"collection":[{"href":"https:\/\/librairie7l.com\/en\/wp-json\/wp\/v2\/product"}],"about":[{"href":"https:\/\/librairie7l.com\/en\/wp-json\/wp\/v2\/types\/product"}],"wp:featuredmedia":[{"embeddable":true,"href":"https:\/\/librairie7l.com\/en\/wp-json\/wp\/v2\/media\/46354"}],"wp:attachment":[{"href":"https:\/\/librairie7l.com\/en\/wp-json\/wp\/v2\/media?parent=46356"}],"wp:term":[{"taxonomy":"product_cat","embeddable":true,"href":"https:\/\/librairie7l.com\/en\/wp-json\/wp\/v2\/product_cat?post=46356"},{"taxonomy":"product_tag","embeddable":true,"href":"https:\/\/librairie7l.com\/en\/wp-json\/wp\/v2\/product_tag?post=46356"}],"curies":[{"name":"wp","href":"https:\/\/api.w.org\/{rel}","templated":true}]}}

<p>Dès l&#8217;été 1940, partout dans le monde resté libre ainsi que dans les territoires d&#8217;Afrique, d&#8217;Asie et du Pacifique ralliés à la France libre, des artistes, des écrivains, des intellectuels et des scientifiques français et francophones, souvent réfugiés ou persécutés, engagent un combat culturel pour gagner les coeurs et les esprits des opinions publiques des pays neutres et alliés à la cause de ceux qui refusent la défaite de la France. Qu&#8217;ils soient Français libres ou non, tous ont contribué au rayonnement international de la culture française dans cette période troublée. Les vingt-trois auteurs sollicités pour le présent catalogue dressent un panorama de la production artistique, culturelle et scientifi que en exil. De l&#8217;architecture à la joaillerie, de l&#8217;édition au cinéma, du surréalisme à l&#8217;atome, autant de sujets aussi méconnus que passionnants sont illustrés par les photographies des trois cents objets, documents et oeuvres d&#8217;art présentés dans l&#8217;exposition. Au coeur de cet ensemble, une sélection de quarante-deux portraits commentés de ces artistes et intellectuels ayant oeuvré pour la Résistance redonne un visage à des personnalités toujours hors norme, parfois tombées dans l&#8217;oubli, rappelant que l&#8217;exil de chacun et la manière dont il a été vécu sont uniques.</p>

<p>Dès l&#8217;été 1940, partout dans le monde resté libre ainsi que dans les territoires d&#8217;Afrique, d&#8217;Asie et du Pacifique ralliés à la France libre, des artistes, des écrivains, des intellectuels et des scientifiques français et francophones, souvent réfugiés ou persécutés, engagent un combat culturel pour gagner les coeurs et les esprits des opinions publiques des [&hellip;]</p>

<!-- This site is optimized with the Yoast SEO plugin v20.11 - https://yoast.com/wordpress/plugins/seo/ -->
<title>Un exil combattant : Les artistes et la France, 1939-1945 - Librairie 7L</title>
<meta name="robots" content="index, follow, max-snippet:-1, max-image-preview:large, max-video-preview:-1" />
<link rel="canonical" href="https://librairie7l.com/en/produit/un-exil-combattant-les-artistes-et-la-france-1939-1945-2/" />
<meta property="og:locale" content="en_US" />
<meta property="og:type" content="article" />
<meta property="og:title" content="Un exil combattant : Les artistes et la France, 1939-1945 - Librairie 7L" />
<meta property="og:description" content="Dès l&#8217;été 1940, partout dans le monde resté libre ainsi que dans les territoires d&#8217;Afrique, d&#8217;Asie et du Pacifique ralliés à la France libre, des artistes, des écrivains, des intellectuels et des scientifiques français et francophones, souvent réfugiés ou persécutés, engagent un combat culturel pour gagner les coeurs et les esprits des opinions publiques des [&hellip;]" />
<meta property="og:url" content="https://librairie7l.com/en/produit/un-exil-combattant-les-artistes-et-la-france-1939-1945-2/" />
<meta property="og:site_name" content="Librairie 7L" />
<meta property="article:modified_time" content="2026-05-02T00:51:38+00:00" />
<meta property="og:image" content="https://librairie7l.com/wp-content/uploads/2024/07/9782073098252_1_75.jpg" />
	<meta property="og:image:width" content="600" />
	<meta property="og:image:height" content="790" />
	<meta property="og:image:type" content="image/jpeg" />
<meta name="twitter:card" content="summary_large_image" />
<meta name="twitter:label1" content="Est. reading time" />
	<meta name="twitter:data1" content="1 minute" />
<script type="application/ld+json" class="yoast-schema-graph">{"@context":"https://schema.org","@graph":[{"@type":"WebPage","@id":"https://librairie7l.com/en/produit/un-exil-combattant-les-artistes-et-la-france-1939-1945-2/","url":"https://librairie7l.com/en/produit/un-exil-combattant-les-artistes-et-la-france-1939-1945-2/","name":"Un exil combattant : Les artistes et la France, 1939-1945 - Librairie 7L","isPartOf":{"@id":"https://librairie7l.com/en/#website"},"datePublished":"2025-02-20T08:17:54+00:00","dateModified":"2026-05-02T00:51:38+00:00","breadcrumb":{"@id":"https://librairie7l.com/en/produit/un-exil-combattant-les-artistes-et-la-france-1939-1945-2/#breadcrumb"},"inLanguage":"en-US","potentialAction":[{"@type":"ReadAction","target":["https://librairie7l.com/en/produit/un-exil-combattant-les-artistes-et-la-france-1939-1945-2/"]}]},{"@type":"BreadcrumbList","@id":"https://librairie7l.com/en/produit/un-exil-combattant-les-artistes-et-la-france-1939-1945-2/#breadcrumb","itemListElement":[{"@type":"ListItem","position":1,"name":"Accueil","item":"https://librairie7l.com/en/"},{"@type":"ListItem","position":2,"name":"Shop","item":"https://librairie7l.com/en/shop/"},{"@type":"ListItem","position":3,"name":"UN EXIL COMBATTANT : LES ARTISTES ET LA FRANCE, 1939-1945"}]},{"@type":"WebSite","@id":"https://librairie7l.com/en/#website","url":"https://librairie7l.com/en/","name":"Librairie 7L","description":"Librairie fondée en 1999 par Karl Lagerfeld à Paris","publisher":{"@id":"https://librairie7l.com/en/#organization"},"potentialAction":[{"@type":"SearchAction","target":{"@type":"EntryPoint","urlTemplate":"https://librairie7l.com/en/?s={search_term_string}"},"query-input":"required name=search_term_string"}],"inLanguage":"en-US"},{"@type":"Organization","@id":"https://librairie7l.com/en/#organization","name":"Librairie 7L","url":"https://librairie7l.com/en/","logo":{"@type":"ImageObject","inLanguage":"en-US","@id":"https://librairie7l.com/en/#/schema/logo/image/","url":"https://librairie7l.com/wp-content/uploads/2022/08/logo-1.png","contentUrl":"https://librairie7l.com/wp-content/uploads/2022/08/logo-1.png","width":227,"height":301,"caption":"Librairie 7L"},"image":{"@id":"https://librairie7l.com/en/#/schema/logo/image/"}}]}</script>
<!-- / Yoast SEO plugin. -->

Dès l&#8217;été 1940, partout dans le monde resté libre ainsi que dans les territoires d&#8217;Afrique, d&#8217;Asie et du Pacifique ralliés à la France libre, des artistes, des écrivains, des intellectuels et des scientifiques français et francophones, souvent réfugiés ou persécutés, engagent un combat culturel pour gagner les coeurs et les esprits des opinions publiques des [&hellip;]

Librairie fondée en 1999 par Karl Lagerfeld à Paris
