{"id":46564,"date":"2025-03-07T09:17:49","date_gmt":"2025-03-07T08:17:49","guid":{"rendered":"https:\/\/librairie7l.com\/?post_type=product&#038;p=46564"},"modified":"2026-05-01T22:31:30","modified_gmt":"2026-05-01T20:31:30","slug":"bourdieu-et-panofsky-essai-darcheologie-intellectuelle-2","status":"publish","type":"product","link":"https:\/\/librairie7l.com\/en\/produit\/bourdieu-et-panofsky-essai-darcheologie-intellectuelle-2\/","title":{"rendered":"BOURDIEU ET PANOFSKY. ESSAI D&#8217;ARCH\u00c9OLOGIE INTELLECTUELLE"},"content":{"rendered":"<p>Ce livre raconte, \u00e0 partir d&#8217;archives in\u00e9dites, l&#8217;histoire de la rencontre entre deux figures embl\u00e9matiques des sciences humaines du XX e si\u00e8cle, Pierre Bourdieu (1930-2002) et Erwin Panofsky (1892-1968). Rien de commun, en apparence, entre le jeune sociologue fran\u00e7ais, oeuvrant au milieu des ann\u00e9es 1960 \u00e0 la refondation de sa discipline dans un monde intellectuel domin\u00e9 par le structuralisme, et le vieil historien d&#8217;art allemand reconnu internationalement, \u00e9migr\u00e9 aux \u00c9tats-Unis apr\u00e8s avoir fui le nazisme. Et pourtant, c&#8217;est dans la collection \u00ab Le sens commun \u00bb, dirig\u00e9e par Bourdieu aux \u00c9ditions de Minuit, que para\u00eet la premi\u00e8re traduction fran\u00e7aise de Panofsky, Architecture gothique et pens\u00e9e scolastique, au printemps 1967, en m\u00eame temps que les Essais d&#8217;iconologie chez Gallimard.<\/p>\n<p>L&#8217;\u00e9dition d&#8217;Architecture gothique et pens\u00e9e scolastique est minutieusement pr\u00e9par\u00e9e par Bourdieu qui, fait unique dans sa carri\u00e8re, r\u00e9alise lui-m\u00eame la traduction. Il y joint une longue postface qui deviendra c\u00e9l\u00e8bre : c&#8217;est l\u00e0 qu&#8217;appara\u00eet sous sa plume la premi\u00e8re th\u00e9orisation du concept d&#8217;habitus.<\/p>\n<p>En s&#8217;appuyant sur des sources multiples &#8211; dont la correspondance des deux savants reproduite en annexe -, cette enqu\u00eate retrace pas \u00e0 pas une aventure \u00e9ditoriale et intellectuelle unique, moment cl\u00e9 dans la r\u00e9ception d&#8217;Erwin Panofsky, mais aussi dans la carri\u00e8re d&#8217;un Pierre Bourdieu en pleine construction des outils qui lui permettront de s&#8217;imposer dans les d\u00e9cennies suivantes comme l&#8217;auteur d&#8217;une oeuvre capitale.<\/p>\n","protected":false},"excerpt":{"rendered":"<p>Ce livre raconte, \u00e0 partir d&#8217;archives in\u00e9dites, l&#8217;histoire de la rencontre entre deux figures embl\u00e9matiques des sciences humaines du XX e si\u00e8cle, Pierre Bourdieu (1930-2002) et Erwin Panofsky (1892-1968). Rien de commun, en apparence, entre le jeune sociologue fran\u00e7ais, oeuvrant au milieu des ann\u00e9es 1960 \u00e0 la refondation de sa discipline dans un monde intellectuel [&hellip;]<\/p>\n","protected":false},"featured_media":46562,"template":"","meta":[],"product_cat":[2948,2953],"product_tag":[],"acf":[],"yoast_head":"<!-- This site is optimized with the Yoast SEO plugin v20.11 - https:\/\/yoast.com\/wordpress\/plugins\/seo\/ -->\n<title>Bourdieu et Panofsky. Essai d&#039;arch\u00e9ologie intellectuelle - Librairie 7L<\/title>\n<meta name=\"robots\" content=\"index, follow, max-snippet:-1, max-image-preview:large, max-video-preview:-1\" \/>\n<link rel=\"canonical\" href=\"https:\/\/librairie7l.com\/en\/produit\/bourdieu-et-panofsky-essai-darcheologie-intellectuelle-2\/\" \/>\n<meta property=\"og:locale\" content=\"en_US\" \/>\n<meta property=\"og:type\" content=\"article\" \/>\n<meta property=\"og:title\" content=\"Bourdieu et Panofsky. Essai d&#039;arch\u00e9ologie intellectuelle - Librairie 7L\" \/>\n<meta property=\"og:description\" content=\"Ce livre raconte, \u00e0 partir d&#8217;archives in\u00e9dites, l&#8217;histoire de la rencontre entre deux figures embl\u00e9matiques des sciences humaines du XX e si\u00e8cle, Pierre Bourdieu (1930-2002) et Erwin Panofsky (1892-1968). Rien de commun, en apparence, entre le jeune sociologue fran\u00e7ais, oeuvrant au milieu des ann\u00e9es 1960 \u00e0 la refondation de sa discipline dans un monde intellectuel [&hellip;]\" \/>\n<meta property=\"og:url\" content=\"https:\/\/librairie7l.com\/en\/produit\/bourdieu-et-panofsky-essai-darcheologie-intellectuelle-2\/\" \/>\n<meta property=\"og:site_name\" content=\"Librairie 7L\" \/>\n<meta property=\"article:modified_time\" content=\"2026-05-01T20:31:30+00:00\" \/>\n<meta property=\"og:image\" content=\"https:\/\/librairie7l.com\/wp-content\/uploads\/2024\/12\/9782707356369_1_75.jpg\" \/>\n\t<meta property=\"og:image:width\" content=\"600\" \/>\n\t<meta property=\"og:image:height\" content=\"981\" \/>\n\t<meta property=\"og:image:type\" content=\"image\/jpeg\" \/>\n<meta name=\"twitter:card\" content=\"summary_large_image\" \/>\n<meta name=\"twitter:label1\" content=\"Est. reading time\" \/>\n\t<meta name=\"twitter:data1\" content=\"1 minute\" \/>\n<script type=\"application\/ld+json\" class=\"yoast-schema-graph\">{\"@context\":\"https:\/\/schema.org\",\"@graph\":[{\"@type\":\"WebPage\",\"@id\":\"https:\/\/librairie7l.com\/en\/produit\/bourdieu-et-panofsky-essai-darcheologie-intellectuelle-2\/\",\"url\":\"https:\/\/librairie7l.com\/en\/produit\/bourdieu-et-panofsky-essai-darcheologie-intellectuelle-2\/\",\"name\":\"Bourdieu et Panofsky. Essai d'arch\u00e9ologie intellectuelle - Librairie 7L\",\"isPartOf\":{\"@id\":\"https:\/\/librairie7l.com\/en\/#website\"},\"datePublished\":\"2025-03-07T08:17:49+00:00\",\"dateModified\":\"2026-05-01T20:31:30+00:00\",\"breadcrumb\":{\"@id\":\"https:\/\/librairie7l.com\/en\/produit\/bourdieu-et-panofsky-essai-darcheologie-intellectuelle-2\/#breadcrumb\"},\"inLanguage\":\"en-US\",\"potentialAction\":[{\"@type\":\"ReadAction\",\"target\":[\"https:\/\/librairie7l.com\/en\/produit\/bourdieu-et-panofsky-essai-darcheologie-intellectuelle-2\/\"]}]},{\"@type\":\"BreadcrumbList\",\"@id\":\"https:\/\/librairie7l.com\/en\/produit\/bourdieu-et-panofsky-essai-darcheologie-intellectuelle-2\/#breadcrumb\",\"itemListElement\":[{\"@type\":\"ListItem\",\"position\":1,\"name\":\"Accueil\",\"item\":\"https:\/\/librairie7l.com\/en\/\"},{\"@type\":\"ListItem\",\"position\":2,\"name\":\"Shop\",\"item\":\"https:\/\/librairie7l.com\/en\/shop\/\"},{\"@type\":\"ListItem\",\"position\":3,\"name\":\"BOURDIEU ET PANOFSKY. ESSAI D&#8217;ARCH\u00c9OLOGIE INTELLECTUELLE\"}]},{\"@type\":\"WebSite\",\"@id\":\"https:\/\/librairie7l.com\/en\/#website\",\"url\":\"https:\/\/librairie7l.com\/en\/\",\"name\":\"Librairie 7L\",\"description\":\"Librairie fond\u00e9e en 1999 par Karl Lagerfeld \u00e0 Paris\",\"publisher\":{\"@id\":\"https:\/\/librairie7l.com\/en\/#organization\"},\"potentialAction\":[{\"@type\":\"SearchAction\",\"target\":{\"@type\":\"EntryPoint\",\"urlTemplate\":\"https:\/\/librairie7l.com\/en\/?s={search_term_string}\"},\"query-input\":\"required name=search_term_string\"}],\"inLanguage\":\"en-US\"},{\"@type\":\"Organization\",\"@id\":\"https:\/\/librairie7l.com\/en\/#organization\",\"name\":\"Librairie 7L\",\"url\":\"https:\/\/librairie7l.com\/en\/\",\"logo\":{\"@type\":\"ImageObject\",\"inLanguage\":\"en-US\",\"@id\":\"https:\/\/librairie7l.com\/en\/#\/schema\/logo\/image\/\",\"url\":\"https:\/\/librairie7l.com\/wp-content\/uploads\/2022\/08\/logo-1.png\",\"contentUrl\":\"https:\/\/librairie7l.com\/wp-content\/uploads\/2022\/08\/logo-1.png\",\"width\":227,\"height\":301,\"caption\":\"Librairie 7L\"},\"image\":{\"@id\":\"https:\/\/librairie7l.com\/en\/#\/schema\/logo\/image\/\"}}]}<\/script>\n<!-- \/ Yoast SEO plugin. -->","yoast_head_json":{"title":"Bourdieu et Panofsky. Essai d'arch\u00e9ologie intellectuelle - Librairie 7L","robots":{"index":"index","follow":"follow","max-snippet":"max-snippet:-1","max-image-preview":"max-image-preview:large","max-video-preview":"max-video-preview:-1"},"canonical":"https:\/\/librairie7l.com\/en\/produit\/bourdieu-et-panofsky-essai-darcheologie-intellectuelle-2\/","og_locale":"en_US","og_type":"article","og_title":"Bourdieu et Panofsky. Essai d'arch\u00e9ologie intellectuelle - Librairie 7L","og_description":"Ce livre raconte, \u00e0 partir d&#8217;archives in\u00e9dites, l&#8217;histoire de la rencontre entre deux figures embl\u00e9matiques des sciences humaines du XX e si\u00e8cle, Pierre Bourdieu (1930-2002) et Erwin Panofsky (1892-1968). Rien de commun, en apparence, entre le jeune sociologue fran\u00e7ais, oeuvrant au milieu des ann\u00e9es 1960 \u00e0 la refondation de sa discipline dans un monde intellectuel [&hellip;]","og_url":"https:\/\/librairie7l.com\/en\/produit\/bourdieu-et-panofsky-essai-darcheologie-intellectuelle-2\/","og_site_name":"Librairie 7L","article_modified_time":"2026-05-01T20:31:30+00:00","og_image":[{"width":600,"height":981,"url":"https:\/\/librairie7l.com\/wp-content\/uploads\/2024\/12\/9782707356369_1_75.jpg","type":"image\/jpeg"}],"twitter_card":"summary_large_image","twitter_misc":{"Est. reading time":"1 minute"},"schema":{"@context":"https:\/\/schema.org","@graph":[{"@type":"WebPage","@id":"https:\/\/librairie7l.com\/en\/produit\/bourdieu-et-panofsky-essai-darcheologie-intellectuelle-2\/","url":"https:\/\/librairie7l.com\/en\/produit\/bourdieu-et-panofsky-essai-darcheologie-intellectuelle-2\/","name":"Bourdieu et Panofsky. Essai d'arch\u00e9ologie intellectuelle - Librairie 7L","isPartOf":{"@id":"https:\/\/librairie7l.com\/en\/#website"},"datePublished":"2025-03-07T08:17:49+00:00","dateModified":"2026-05-01T20:31:30+00:00","breadcrumb":{"@id":"https:\/\/librairie7l.com\/en\/produit\/bourdieu-et-panofsky-essai-darcheologie-intellectuelle-2\/#breadcrumb"},"inLanguage":"en-US","potentialAction":[{"@type":"ReadAction","target":["https:\/\/librairie7l.com\/en\/produit\/bourdieu-et-panofsky-essai-darcheologie-intellectuelle-2\/"]}]},{"@type":"BreadcrumbList","@id":"https:\/\/librairie7l.com\/en\/produit\/bourdieu-et-panofsky-essai-darcheologie-intellectuelle-2\/#breadcrumb","itemListElement":[{"@type":"ListItem","position":1,"name":"Accueil","item":"https:\/\/librairie7l.com\/en\/"},{"@type":"ListItem","position":2,"name":"Shop","item":"https:\/\/librairie7l.com\/en\/shop\/"},{"@type":"ListItem","position":3,"name":"BOURDIEU ET PANOFSKY. ESSAI D&#8217;ARCH\u00c9OLOGIE INTELLECTUELLE"}]},{"@type":"WebSite","@id":"https:\/\/librairie7l.com\/en\/#website","url":"https:\/\/librairie7l.com\/en\/","name":"Librairie 7L","description":"Librairie fond\u00e9e en 1999 par Karl Lagerfeld \u00e0 Paris","publisher":{"@id":"https:\/\/librairie7l.com\/en\/#organization"},"potentialAction":[{"@type":"SearchAction","target":{"@type":"EntryPoint","urlTemplate":"https:\/\/librairie7l.com\/en\/?s={search_term_string}"},"query-input":"required name=search_term_string"}],"inLanguage":"en-US"},{"@type":"Organization","@id":"https:\/\/librairie7l.com\/en\/#organization","name":"Librairie 7L","url":"https:\/\/librairie7l.com\/en\/","logo":{"@type":"ImageObject","inLanguage":"en-US","@id":"https:\/\/librairie7l.com\/en\/#\/schema\/logo\/image\/","url":"https:\/\/librairie7l.com\/wp-content\/uploads\/2022\/08\/logo-1.png","contentUrl":"https:\/\/librairie7l.com\/wp-content\/uploads\/2022\/08\/logo-1.png","width":227,"height":301,"caption":"Librairie 7L"},"image":{"@id":"https:\/\/librairie7l.com\/en\/#\/schema\/logo\/image\/"}}]}},"_links":{"self":[{"href":"https:\/\/librairie7l.com\/en\/wp-json\/wp\/v2\/product\/46564"}],"collection":[{"href":"https:\/\/librairie7l.com\/en\/wp-json\/wp\/v2\/product"}],"about":[{"href":"https:\/\/librairie7l.com\/en\/wp-json\/wp\/v2\/types\/product"}],"wp:featuredmedia":[{"embeddable":true,"href":"https:\/\/librairie7l.com\/en\/wp-json\/wp\/v2\/media\/46562"}],"wp:attachment":[{"href":"https:\/\/librairie7l.com\/en\/wp-json\/wp\/v2\/media?parent=46564"}],"wp:term":[{"taxonomy":"product_cat","embeddable":true,"href":"https:\/\/librairie7l.com\/en\/wp-json\/wp\/v2\/product_cat?post=46564"},{"taxonomy":"product_tag","embeddable":true,"href":"https:\/\/librairie7l.com\/en\/wp-json\/wp\/v2\/product_tag?post=46564"}],"curies":[{"name":"wp","href":"https:\/\/api.w.org\/{rel}","templated":true}]}}

BOURDIEU ET PANOFSKY. ESSAI D&#8217;ARCHÉOLOGIE INTELLECTUELLE

<p>Ce livre raconte, à partir d&#8217;archives inédites, l&#8217;histoire de la rencontre entre deux figures emblématiques des sciences humaines du XX e siècle, Pierre Bourdieu (1930-2002) et Erwin Panofsky (1892-1968). Rien de commun, en apparence, entre le jeune sociologue français, oeuvrant au milieu des années 1960 à la refondation de sa discipline dans un monde intellectuel dominé par le structuralisme, et le vieil historien d&#8217;art allemand reconnu internationalement, émigré aux États-Unis après avoir fui le nazisme. Et pourtant, c&#8217;est dans la collection « Le sens commun », dirigée par Bourdieu aux Éditions de Minuit, que paraît la première traduction française de Panofsky, Architecture gothique et pensée scolastique, au printemps 1967, en même temps que les Essais d&#8217;iconologie chez Gallimard.</p>
<p>L&#8217;édition d&#8217;Architecture gothique et pensée scolastique est minutieusement préparée par Bourdieu qui, fait unique dans sa carrière, réalise lui-même la traduction. Il y joint une longue postface qui deviendra célèbre : c&#8217;est là qu&#8217;apparaît sous sa plume la première théorisation du concept d&#8217;habitus.</p>
<p>En s&#8217;appuyant sur des sources multiples &#8211; dont la correspondance des deux savants reproduite en annexe -, cette enquête retrace pas à pas une aventure éditoriale et intellectuelle unique, moment clé dans la réception d&#8217;Erwin Panofsky, mais aussi dans la carrière d&#8217;un Pierre Bourdieu en pleine construction des outils qui lui permettront de s&#8217;imposer dans les décennies suivantes comme l&#8217;auteur d&#8217;une oeuvre capitale.</p>

<p>Ce livre raconte, à partir d&#8217;archives inédites, l&#8217;histoire de la rencontre entre deux figures emblématiques des sciences humaines du XX e siècle, Pierre Bourdieu (1930-2002) et Erwin Panofsky (1892-1968). Rien de commun, en apparence, entre le jeune sociologue français, oeuvrant au milieu des années 1960 à la refondation de sa discipline dans un monde intellectuel [&hellip;]</p>

<!-- This site is optimized with the Yoast SEO plugin v20.11 - https://yoast.com/wordpress/plugins/seo/ -->
<title>Bourdieu et Panofsky. Essai d&#039;archéologie intellectuelle - Librairie 7L</title>
<meta name="robots" content="index, follow, max-snippet:-1, max-image-preview:large, max-video-preview:-1" />
<link rel="canonical" href="https://librairie7l.com/en/produit/bourdieu-et-panofsky-essai-darcheologie-intellectuelle-2/" />
<meta property="og:locale" content="en_US" />
<meta property="og:type" content="article" />
<meta property="og:title" content="Bourdieu et Panofsky. Essai d&#039;archéologie intellectuelle - Librairie 7L" />
<meta property="og:description" content="Ce livre raconte, à partir d&#8217;archives inédites, l&#8217;histoire de la rencontre entre deux figures emblématiques des sciences humaines du XX e siècle, Pierre Bourdieu (1930-2002) et Erwin Panofsky (1892-1968). Rien de commun, en apparence, entre le jeune sociologue français, oeuvrant au milieu des années 1960 à la refondation de sa discipline dans un monde intellectuel [&hellip;]" />
<meta property="og:url" content="https://librairie7l.com/en/produit/bourdieu-et-panofsky-essai-darcheologie-intellectuelle-2/" />
<meta property="og:site_name" content="Librairie 7L" />
<meta property="article:modified_time" content="2026-05-01T20:31:30+00:00" />
<meta property="og:image" content="https://librairie7l.com/wp-content/uploads/2024/12/9782707356369_1_75.jpg" />
	<meta property="og:image:width" content="600" />
	<meta property="og:image:height" content="981" />
	<meta property="og:image:type" content="image/jpeg" />
<meta name="twitter:card" content="summary_large_image" />
<meta name="twitter:label1" content="Est. reading time" />
	<meta name="twitter:data1" content="1 minute" />
<script type="application/ld+json" class="yoast-schema-graph">{"@context":"https://schema.org","@graph":[{"@type":"WebPage","@id":"https://librairie7l.com/en/produit/bourdieu-et-panofsky-essai-darcheologie-intellectuelle-2/","url":"https://librairie7l.com/en/produit/bourdieu-et-panofsky-essai-darcheologie-intellectuelle-2/","name":"Bourdieu et Panofsky. Essai d'archéologie intellectuelle - Librairie 7L","isPartOf":{"@id":"https://librairie7l.com/en/#website"},"datePublished":"2025-03-07T08:17:49+00:00","dateModified":"2026-05-01T20:31:30+00:00","breadcrumb":{"@id":"https://librairie7l.com/en/produit/bourdieu-et-panofsky-essai-darcheologie-intellectuelle-2/#breadcrumb"},"inLanguage":"en-US","potentialAction":[{"@type":"ReadAction","target":["https://librairie7l.com/en/produit/bourdieu-et-panofsky-essai-darcheologie-intellectuelle-2/"]}]},{"@type":"BreadcrumbList","@id":"https://librairie7l.com/en/produit/bourdieu-et-panofsky-essai-darcheologie-intellectuelle-2/#breadcrumb","itemListElement":[{"@type":"ListItem","position":1,"name":"Accueil","item":"https://librairie7l.com/en/"},{"@type":"ListItem","position":2,"name":"Shop","item":"https://librairie7l.com/en/shop/"},{"@type":"ListItem","position":3,"name":"BOURDIEU ET PANOFSKY. ESSAI D&#8217;ARCHÉOLOGIE INTELLECTUELLE"}]},{"@type":"WebSite","@id":"https://librairie7l.com/en/#website","url":"https://librairie7l.com/en/","name":"Librairie 7L","description":"Librairie fondée en 1999 par Karl Lagerfeld à Paris","publisher":{"@id":"https://librairie7l.com/en/#organization"},"potentialAction":[{"@type":"SearchAction","target":{"@type":"EntryPoint","urlTemplate":"https://librairie7l.com/en/?s={search_term_string}"},"query-input":"required name=search_term_string"}],"inLanguage":"en-US"},{"@type":"Organization","@id":"https://librairie7l.com/en/#organization","name":"Librairie 7L","url":"https://librairie7l.com/en/","logo":{"@type":"ImageObject","inLanguage":"en-US","@id":"https://librairie7l.com/en/#/schema/logo/image/","url":"https://librairie7l.com/wp-content/uploads/2022/08/logo-1.png","contentUrl":"https://librairie7l.com/wp-content/uploads/2022/08/logo-1.png","width":227,"height":301,"caption":"Librairie 7L"},"image":{"@id":"https://librairie7l.com/en/#/schema/logo/image/"}}]}</script>
<!-- / Yoast SEO plugin. -->

Bourdieu et Panofsky. Essai d'archéologie intellectuelle - Librairie 7L

Ce livre raconte, à partir d&#8217;archives inédites, l&#8217;histoire de la rencontre entre deux figures emblématiques des sciences humaines du XX e siècle, Pierre Bourdieu (1930-2002) et Erwin Panofsky (1892-1968). Rien de commun, en apparence, entre le jeune sociologue français, oeuvrant au milieu des années 1960 à la refondation de sa discipline dans un monde intellectuel [&hellip;]

Librairie fondée en 1999 par Karl Lagerfeld à Paris
