{"id":46656,"date":"2025-03-08T09:18:01","date_gmt":"2025-03-08T08:18:01","guid":{"rendered":"https:\/\/librairie7l.com\/?post_type=product&#038;p=46656"},"modified":"2026-05-01T21:10:59","modified_gmt":"2026-05-01T19:10:59","slug":"partitions-objets-et-concepts-des-pratiques-sceniques-20e-et-21e-siecles-2","status":"publish","type":"product","link":"https:\/\/librairie7l.com\/en\/produit\/partitions-objets-et-concepts-des-pratiques-sceniques-20e-et-21e-siecles-2\/","title":{"rendered":"PARTITION(S) ; OBJETS ET CONCEPTS DES PRATIQUES SC\u00c9NIQUES (20E ET 21E SI\u00c8CLES)"},"content":{"rendered":"<p>L&#8217;histoire de l&#8217;\u00e9mergence et les devenirs de l&#8217;appropriation de la \u00ab partition \u00bb dans les domaines extra-musicaux (th\u00e9\u00e2tre, danse, performance).<\/p>\n<p>Fruit d&#8217;un travail de recherches et d&#8217;exp\u00e9rimentations qui s&#8217;est d\u00e9ploy\u00e9 entre 2013 et 2015 \u00e0 la Manufacture &#8211; Haute \u00c9cole des Arts de la sc\u00e8ne de Suisse Romande (Lausanne), cet ouvrage s&#8217;attache aux tenants et aux aboutissants, pratiques et th\u00e9oriques, de l&#8217;appropriation du mot et de l&#8217;objet \u00ab partition \u00bb dans des domaines extra-musicaux (th\u00e9\u00e2tre, danse, performance), du tournant du XXe si\u00e8cle \u00e0 aujourd&#8217;hui.<br \/>\nDans quels contextes, \u00e0 quelles fins et avec quelles implications a-t-on pu et continue-t-on de recourir \u00e0 ce mot et \u00e0 cet objet ? Qui produit les partitions : l&#8217;auteur, le metteur en sc\u00e8ne, le chor\u00e9graphe, l&#8217;interpr\u00e8te ? Comment d\u00e9finissent-elles les r\u00f4les et organisentelles les rapports de ces diff\u00e9rentes instances ? \u00c0 quel moment interviennent-elles dans les processus de cr\u00e9ation qui conduisent \u00e0 la production d&#8217;une oeuvre : en amont, en aval, au cours ? \u00c0 quelles formes de notation recourt-on ? Quelles sont les informations qu&#8217;elles donnent \u00e0 lire ? Quelles pratiques d&#8217;\u00e9criture et de lecture engagent-elles ? \u00c0 quelles conceptions du jeu renvoient-elles ? Dans quelle mesure invitent-elles aux croisements et aux \u00e9changes artistiques ? Par quelles voies et aupr\u00e8s de qui sont-elles mises en circulation ?<br \/>\n\u00c0 la crois\u00e9e des questions de conception, de production et de diffusion des oeuvres, de l&#8217;autorit\u00e9 et de la performativit\u00e9, du lisible, du visible et de l&#8217;audible, la partition est un objet et un concept interartistiques majeurs. Au fil de ce livre, il appara\u00eet que, selon les usages qui sont faits de la partition, les fonctions qu&#8217;elle endosse, les valeurs et les discours qui lui sont associ\u00e9s, ce sont les principaux ph\u00e9nom\u00e8nes de mutation, de r\u00e9\u00e9valuation et de questionnement esth\u00e9tiques et politiques qui ont marqu\u00e9 les arts de la sc\u00e8ne du tournant du XXe si\u00e8cle \u00e0 aujourd&#8217;hui qui sont r\u00e9-envisag\u00e9s.<\/p>\n","protected":false},"excerpt":{"rendered":"<p>L&#8217;histoire de l&#8217;\u00e9mergence et les devenirs de l&#8217;appropriation de la \u00ab partition \u00bb dans les domaines extra-musicaux (th\u00e9\u00e2tre, danse, performance). Fruit d&#8217;un travail de recherches et d&#8217;exp\u00e9rimentations qui s&#8217;est d\u00e9ploy\u00e9 entre 2013 et 2015 \u00e0 la Manufacture &#8211; Haute \u00c9cole des Arts de la sc\u00e8ne de Suisse Romande (Lausanne), cet ouvrage s&#8217;attache aux tenants et [&hellip;]<\/p>\n","protected":false},"featured_media":46654,"template":"","meta":[],"product_cat":[2948,2953],"product_tag":[],"acf":[],"yoast_head":"<!-- This site is optimized with the Yoast SEO plugin v20.11 - https:\/\/yoast.com\/wordpress\/plugins\/seo\/ -->\n<title>Partition(s) ; objets et concepts des pratiques sc\u00e9niques (20e et 21e si\u00e8cles) - Librairie 7L<\/title>\n<meta name=\"robots\" content=\"index, follow, max-snippet:-1, max-image-preview:large, max-video-preview:-1\" \/>\n<link rel=\"canonical\" href=\"https:\/\/librairie7l.com\/en\/produit\/partitions-objets-et-concepts-des-pratiques-sceniques-20e-et-21e-siecles-2\/\" \/>\n<meta property=\"og:locale\" content=\"en_US\" \/>\n<meta property=\"og:type\" content=\"article\" \/>\n<meta property=\"og:title\" content=\"Partition(s) ; objets et concepts des pratiques sc\u00e9niques (20e et 21e si\u00e8cles) - Librairie 7L\" \/>\n<meta property=\"og:description\" content=\"L&#8217;histoire de l&#8217;\u00e9mergence et les devenirs de l&#8217;appropriation de la \u00ab partition \u00bb dans les domaines extra-musicaux (th\u00e9\u00e2tre, danse, performance). Fruit d&#8217;un travail de recherches et d&#8217;exp\u00e9rimentations qui s&#8217;est d\u00e9ploy\u00e9 entre 2013 et 2015 \u00e0 la Manufacture &#8211; Haute \u00c9cole des Arts de la sc\u00e8ne de Suisse Romande (Lausanne), cet ouvrage s&#8217;attache aux tenants et [&hellip;]\" \/>\n<meta property=\"og:url\" content=\"https:\/\/librairie7l.com\/en\/produit\/partitions-objets-et-concepts-des-pratiques-sceniques-20e-et-21e-siecles-2\/\" \/>\n<meta property=\"og:site_name\" content=\"Librairie 7L\" \/>\n<meta property=\"article:modified_time\" content=\"2026-05-01T19:10:59+00:00\" \/>\n<meta property=\"og:image\" content=\"https:\/\/librairie7l.com\/wp-content\/uploads\/2016\/11\/9782840669203_1_75.jpg\" \/>\n\t<meta property=\"og:image:width\" content=\"252\" \/>\n\t<meta property=\"og:image:height\" content=\"300\" \/>\n\t<meta property=\"og:image:type\" content=\"image\/jpeg\" \/>\n<meta name=\"twitter:card\" content=\"summary_large_image\" \/>\n<meta name=\"twitter:label1\" content=\"Est. reading time\" \/>\n\t<meta name=\"twitter:data1\" content=\"2 minutes\" \/>\n<script type=\"application\/ld+json\" class=\"yoast-schema-graph\">{\"@context\":\"https:\/\/schema.org\",\"@graph\":[{\"@type\":\"WebPage\",\"@id\":\"https:\/\/librairie7l.com\/en\/produit\/partitions-objets-et-concepts-des-pratiques-sceniques-20e-et-21e-siecles-2\/\",\"url\":\"https:\/\/librairie7l.com\/en\/produit\/partitions-objets-et-concepts-des-pratiques-sceniques-20e-et-21e-siecles-2\/\",\"name\":\"Partition(s) ; objets et concepts des pratiques sc\u00e9niques (20e et 21e si\u00e8cles) - Librairie 7L\",\"isPartOf\":{\"@id\":\"https:\/\/librairie7l.com\/en\/#website\"},\"datePublished\":\"2025-03-08T08:18:01+00:00\",\"dateModified\":\"2026-05-01T19:10:59+00:00\",\"breadcrumb\":{\"@id\":\"https:\/\/librairie7l.com\/en\/produit\/partitions-objets-et-concepts-des-pratiques-sceniques-20e-et-21e-siecles-2\/#breadcrumb\"},\"inLanguage\":\"en-US\",\"potentialAction\":[{\"@type\":\"ReadAction\",\"target\":[\"https:\/\/librairie7l.com\/en\/produit\/partitions-objets-et-concepts-des-pratiques-sceniques-20e-et-21e-siecles-2\/\"]}]},{\"@type\":\"BreadcrumbList\",\"@id\":\"https:\/\/librairie7l.com\/en\/produit\/partitions-objets-et-concepts-des-pratiques-sceniques-20e-et-21e-siecles-2\/#breadcrumb\",\"itemListElement\":[{\"@type\":\"ListItem\",\"position\":1,\"name\":\"Accueil\",\"item\":\"https:\/\/librairie7l.com\/en\/\"},{\"@type\":\"ListItem\",\"position\":2,\"name\":\"Shop\",\"item\":\"https:\/\/librairie7l.com\/en\/shop\/\"},{\"@type\":\"ListItem\",\"position\":3,\"name\":\"PARTITION(S) ; OBJETS ET CONCEPTS DES PRATIQUES SC\u00c9NIQUES (20E ET 21E SI\u00c8CLES)\"}]},{\"@type\":\"WebSite\",\"@id\":\"https:\/\/librairie7l.com\/en\/#website\",\"url\":\"https:\/\/librairie7l.com\/en\/\",\"name\":\"Librairie 7L\",\"description\":\"Librairie fond\u00e9e en 1999 par Karl Lagerfeld \u00e0 Paris\",\"publisher\":{\"@id\":\"https:\/\/librairie7l.com\/en\/#organization\"},\"potentialAction\":[{\"@type\":\"SearchAction\",\"target\":{\"@type\":\"EntryPoint\",\"urlTemplate\":\"https:\/\/librairie7l.com\/en\/?s={search_term_string}\"},\"query-input\":\"required name=search_term_string\"}],\"inLanguage\":\"en-US\"},{\"@type\":\"Organization\",\"@id\":\"https:\/\/librairie7l.com\/en\/#organization\",\"name\":\"Librairie 7L\",\"url\":\"https:\/\/librairie7l.com\/en\/\",\"logo\":{\"@type\":\"ImageObject\",\"inLanguage\":\"en-US\",\"@id\":\"https:\/\/librairie7l.com\/en\/#\/schema\/logo\/image\/\",\"url\":\"https:\/\/librairie7l.com\/wp-content\/uploads\/2022\/08\/logo-1.png\",\"contentUrl\":\"https:\/\/librairie7l.com\/wp-content\/uploads\/2022\/08\/logo-1.png\",\"width\":227,\"height\":301,\"caption\":\"Librairie 7L\"},\"image\":{\"@id\":\"https:\/\/librairie7l.com\/en\/#\/schema\/logo\/image\/\"}}]}<\/script>\n<!-- \/ Yoast SEO plugin. -->","yoast_head_json":{"title":"Partition(s) ; objets et concepts des pratiques sc\u00e9niques (20e et 21e si\u00e8cles) - Librairie 7L","robots":{"index":"index","follow":"follow","max-snippet":"max-snippet:-1","max-image-preview":"max-image-preview:large","max-video-preview":"max-video-preview:-1"},"canonical":"https:\/\/librairie7l.com\/en\/produit\/partitions-objets-et-concepts-des-pratiques-sceniques-20e-et-21e-siecles-2\/","og_locale":"en_US","og_type":"article","og_title":"Partition(s) ; objets et concepts des pratiques sc\u00e9niques (20e et 21e si\u00e8cles) - Librairie 7L","og_description":"L&#8217;histoire de l&#8217;\u00e9mergence et les devenirs de l&#8217;appropriation de la \u00ab partition \u00bb dans les domaines extra-musicaux (th\u00e9\u00e2tre, danse, performance). Fruit d&#8217;un travail de recherches et d&#8217;exp\u00e9rimentations qui s&#8217;est d\u00e9ploy\u00e9 entre 2013 et 2015 \u00e0 la Manufacture &#8211; Haute \u00c9cole des Arts de la sc\u00e8ne de Suisse Romande (Lausanne), cet ouvrage s&#8217;attache aux tenants et [&hellip;]","og_url":"https:\/\/librairie7l.com\/en\/produit\/partitions-objets-et-concepts-des-pratiques-sceniques-20e-et-21e-siecles-2\/","og_site_name":"Librairie 7L","article_modified_time":"2026-05-01T19:10:59+00:00","og_image":[{"width":252,"height":300,"url":"https:\/\/librairie7l.com\/wp-content\/uploads\/2016\/11\/9782840669203_1_75.jpg","type":"image\/jpeg"}],"twitter_card":"summary_large_image","twitter_misc":{"Est. reading time":"2 minutes"},"schema":{"@context":"https:\/\/schema.org","@graph":[{"@type":"WebPage","@id":"https:\/\/librairie7l.com\/en\/produit\/partitions-objets-et-concepts-des-pratiques-sceniques-20e-et-21e-siecles-2\/","url":"https:\/\/librairie7l.com\/en\/produit\/partitions-objets-et-concepts-des-pratiques-sceniques-20e-et-21e-siecles-2\/","name":"Partition(s) ; objets et concepts des pratiques sc\u00e9niques (20e et 21e si\u00e8cles) - Librairie 7L","isPartOf":{"@id":"https:\/\/librairie7l.com\/en\/#website"},"datePublished":"2025-03-08T08:18:01+00:00","dateModified":"2026-05-01T19:10:59+00:00","breadcrumb":{"@id":"https:\/\/librairie7l.com\/en\/produit\/partitions-objets-et-concepts-des-pratiques-sceniques-20e-et-21e-siecles-2\/#breadcrumb"},"inLanguage":"en-US","potentialAction":[{"@type":"ReadAction","target":["https:\/\/librairie7l.com\/en\/produit\/partitions-objets-et-concepts-des-pratiques-sceniques-20e-et-21e-siecles-2\/"]}]},{"@type":"BreadcrumbList","@id":"https:\/\/librairie7l.com\/en\/produit\/partitions-objets-et-concepts-des-pratiques-sceniques-20e-et-21e-siecles-2\/#breadcrumb","itemListElement":[{"@type":"ListItem","position":1,"name":"Accueil","item":"https:\/\/librairie7l.com\/en\/"},{"@type":"ListItem","position":2,"name":"Shop","item":"https:\/\/librairie7l.com\/en\/shop\/"},{"@type":"ListItem","position":3,"name":"PARTITION(S) ; OBJETS ET CONCEPTS DES PRATIQUES SC\u00c9NIQUES (20E ET 21E SI\u00c8CLES)"}]},{"@type":"WebSite","@id":"https:\/\/librairie7l.com\/en\/#website","url":"https:\/\/librairie7l.com\/en\/","name":"Librairie 7L","description":"Librairie fond\u00e9e en 1999 par Karl Lagerfeld \u00e0 Paris","publisher":{"@id":"https:\/\/librairie7l.com\/en\/#organization"},"potentialAction":[{"@type":"SearchAction","target":{"@type":"EntryPoint","urlTemplate":"https:\/\/librairie7l.com\/en\/?s={search_term_string}"},"query-input":"required name=search_term_string"}],"inLanguage":"en-US"},{"@type":"Organization","@id":"https:\/\/librairie7l.com\/en\/#organization","name":"Librairie 7L","url":"https:\/\/librairie7l.com\/en\/","logo":{"@type":"ImageObject","inLanguage":"en-US","@id":"https:\/\/librairie7l.com\/en\/#\/schema\/logo\/image\/","url":"https:\/\/librairie7l.com\/wp-content\/uploads\/2022\/08\/logo-1.png","contentUrl":"https:\/\/librairie7l.com\/wp-content\/uploads\/2022\/08\/logo-1.png","width":227,"height":301,"caption":"Librairie 7L"},"image":{"@id":"https:\/\/librairie7l.com\/en\/#\/schema\/logo\/image\/"}}]}},"_links":{"self":[{"href":"https:\/\/librairie7l.com\/en\/wp-json\/wp\/v2\/product\/46656"}],"collection":[{"href":"https:\/\/librairie7l.com\/en\/wp-json\/wp\/v2\/product"}],"about":[{"href":"https:\/\/librairie7l.com\/en\/wp-json\/wp\/v2\/types\/product"}],"wp:featuredmedia":[{"embeddable":true,"href":"https:\/\/librairie7l.com\/en\/wp-json\/wp\/v2\/media\/46654"}],"wp:attachment":[{"href":"https:\/\/librairie7l.com\/en\/wp-json\/wp\/v2\/media?parent=46656"}],"wp:term":[{"taxonomy":"product_cat","embeddable":true,"href":"https:\/\/librairie7l.com\/en\/wp-json\/wp\/v2\/product_cat?post=46656"},{"taxonomy":"product_tag","embeddable":true,"href":"https:\/\/librairie7l.com\/en\/wp-json\/wp\/v2\/product_tag?post=46656"}],"curies":[{"name":"wp","href":"https:\/\/api.w.org\/{rel}","templated":true}]}}

PARTITION(S) ; OBJETS ET CONCEPTS DES PRATIQUES SCÉNIQUES (20E ET 21E SIÈCLES)

<p>L&#8217;histoire de l&#8217;émergence et les devenirs de l&#8217;appropriation de la « partition » dans les domaines extra-musicaux (théâtre, danse, performance).</p>
<p>Fruit d&#8217;un travail de recherches et d&#8217;expérimentations qui s&#8217;est déployé entre 2013 et 2015 à la Manufacture &#8211; Haute École des Arts de la scène de Suisse Romande (Lausanne), cet ouvrage s&#8217;attache aux tenants et aux aboutissants, pratiques et théoriques, de l&#8217;appropriation du mot et de l&#8217;objet « partition » dans des domaines extra-musicaux (théâtre, danse, performance), du tournant du XXe siècle à aujourd&#8217;hui.<br />
Dans quels contextes, à quelles fins et avec quelles implications a-t-on pu et continue-t-on de recourir à ce mot et à cet objet ? Qui produit les partitions : l&#8217;auteur, le metteur en scène, le chorégraphe, l&#8217;interprète ? Comment définissent-elles les rôles et organisentelles les rapports de ces différentes instances ? À quel moment interviennent-elles dans les processus de création qui conduisent à la production d&#8217;une oeuvre : en amont, en aval, au cours ? À quelles formes de notation recourt-on ? Quelles sont les informations qu&#8217;elles donnent à lire ? Quelles pratiques d&#8217;écriture et de lecture engagent-elles ? À quelles conceptions du jeu renvoient-elles ? Dans quelle mesure invitent-elles aux croisements et aux échanges artistiques ? Par quelles voies et auprès de qui sont-elles mises en circulation ?<br />
À la croisée des questions de conception, de production et de diffusion des oeuvres, de l&#8217;autorité et de la performativité, du lisible, du visible et de l&#8217;audible, la partition est un objet et un concept interartistiques majeurs. Au fil de ce livre, il apparaît que, selon les usages qui sont faits de la partition, les fonctions qu&#8217;elle endosse, les valeurs et les discours qui lui sont associés, ce sont les principaux phénomènes de mutation, de réévaluation et de questionnement esthétiques et politiques qui ont marqué les arts de la scène du tournant du XXe siècle à aujourd&#8217;hui qui sont ré-envisagés.</p>

<p>L&#8217;histoire de l&#8217;émergence et les devenirs de l&#8217;appropriation de la « partition » dans les domaines extra-musicaux (théâtre, danse, performance). Fruit d&#8217;un travail de recherches et d&#8217;expérimentations qui s&#8217;est déployé entre 2013 et 2015 à la Manufacture &#8211; Haute École des Arts de la scène de Suisse Romande (Lausanne), cet ouvrage s&#8217;attache aux tenants et [&hellip;]</p>

<!-- This site is optimized with the Yoast SEO plugin v20.11 - https://yoast.com/wordpress/plugins/seo/ -->
<title>Partition(s) ; objets et concepts des pratiques scéniques (20e et 21e siècles) - Librairie 7L</title>
<meta name="robots" content="index, follow, max-snippet:-1, max-image-preview:large, max-video-preview:-1" />
<link rel="canonical" href="https://librairie7l.com/en/produit/partitions-objets-et-concepts-des-pratiques-sceniques-20e-et-21e-siecles-2/" />
<meta property="og:locale" content="en_US" />
<meta property="og:type" content="article" />
<meta property="og:title" content="Partition(s) ; objets et concepts des pratiques scéniques (20e et 21e siècles) - Librairie 7L" />
<meta property="og:description" content="L&#8217;histoire de l&#8217;émergence et les devenirs de l&#8217;appropriation de la « partition » dans les domaines extra-musicaux (théâtre, danse, performance). Fruit d&#8217;un travail de recherches et d&#8217;expérimentations qui s&#8217;est déployé entre 2013 et 2015 à la Manufacture &#8211; Haute École des Arts de la scène de Suisse Romande (Lausanne), cet ouvrage s&#8217;attache aux tenants et [&hellip;]" />
<meta property="og:url" content="https://librairie7l.com/en/produit/partitions-objets-et-concepts-des-pratiques-sceniques-20e-et-21e-siecles-2/" />
<meta property="og:site_name" content="Librairie 7L" />
<meta property="article:modified_time" content="2026-05-01T19:10:59+00:00" />
<meta property="og:image" content="https://librairie7l.com/wp-content/uploads/2016/11/9782840669203_1_75.jpg" />
	<meta property="og:image:width" content="252" />
	<meta property="og:image:height" content="300" />
	<meta property="og:image:type" content="image/jpeg" />
<meta name="twitter:card" content="summary_large_image" />
<meta name="twitter:label1" content="Est. reading time" />
	<meta name="twitter:data1" content="2 minutes" />
<script type="application/ld+json" class="yoast-schema-graph">{"@context":"https://schema.org","@graph":[{"@type":"WebPage","@id":"https://librairie7l.com/en/produit/partitions-objets-et-concepts-des-pratiques-sceniques-20e-et-21e-siecles-2/","url":"https://librairie7l.com/en/produit/partitions-objets-et-concepts-des-pratiques-sceniques-20e-et-21e-siecles-2/","name":"Partition(s) ; objets et concepts des pratiques scéniques (20e et 21e siècles) - Librairie 7L","isPartOf":{"@id":"https://librairie7l.com/en/#website"},"datePublished":"2025-03-08T08:18:01+00:00","dateModified":"2026-05-01T19:10:59+00:00","breadcrumb":{"@id":"https://librairie7l.com/en/produit/partitions-objets-et-concepts-des-pratiques-sceniques-20e-et-21e-siecles-2/#breadcrumb"},"inLanguage":"en-US","potentialAction":[{"@type":"ReadAction","target":["https://librairie7l.com/en/produit/partitions-objets-et-concepts-des-pratiques-sceniques-20e-et-21e-siecles-2/"]}]},{"@type":"BreadcrumbList","@id":"https://librairie7l.com/en/produit/partitions-objets-et-concepts-des-pratiques-sceniques-20e-et-21e-siecles-2/#breadcrumb","itemListElement":[{"@type":"ListItem","position":1,"name":"Accueil","item":"https://librairie7l.com/en/"},{"@type":"ListItem","position":2,"name":"Shop","item":"https://librairie7l.com/en/shop/"},{"@type":"ListItem","position":3,"name":"PARTITION(S) ; OBJETS ET CONCEPTS DES PRATIQUES SCÉNIQUES (20E ET 21E SIÈCLES)"}]},{"@type":"WebSite","@id":"https://librairie7l.com/en/#website","url":"https://librairie7l.com/en/","name":"Librairie 7L","description":"Librairie fondée en 1999 par Karl Lagerfeld à Paris","publisher":{"@id":"https://librairie7l.com/en/#organization"},"potentialAction":[{"@type":"SearchAction","target":{"@type":"EntryPoint","urlTemplate":"https://librairie7l.com/en/?s={search_term_string}"},"query-input":"required name=search_term_string"}],"inLanguage":"en-US"},{"@type":"Organization","@id":"https://librairie7l.com/en/#organization","name":"Librairie 7L","url":"https://librairie7l.com/en/","logo":{"@type":"ImageObject","inLanguage":"en-US","@id":"https://librairie7l.com/en/#/schema/logo/image/","url":"https://librairie7l.com/wp-content/uploads/2022/08/logo-1.png","contentUrl":"https://librairie7l.com/wp-content/uploads/2022/08/logo-1.png","width":227,"height":301,"caption":"Librairie 7L"},"image":{"@id":"https://librairie7l.com/en/#/schema/logo/image/"}}]}</script>
<!-- / Yoast SEO plugin. -->

Partition(s) ; objets et concepts des pratiques scéniques (20e et 21e siècles) - Librairie 7L

L&#8217;histoire de l&#8217;émergence et les devenirs de l&#8217;appropriation de la « partition » dans les domaines extra-musicaux (théâtre, danse, performance). Fruit d&#8217;un travail de recherches et d&#8217;expérimentations qui s&#8217;est déployé entre 2013 et 2015 à la Manufacture &#8211; Haute École des Arts de la scène de Suisse Romande (Lausanne), cet ouvrage s&#8217;attache aux tenants et [&hellip;]

Librairie fondée en 1999 par Karl Lagerfeld à Paris
