{"id":47086,"date":"2025-03-26T09:17:57","date_gmt":"2025-03-26T08:17:57","guid":{"rendered":"https:\/\/librairie7l.com\/?post_type=product&#038;p=47086"},"modified":"2026-04-29T05:06:50","modified_gmt":"2026-04-29T03:06:50","slug":"sebastiao-salgado-2","status":"publish","type":"product","link":"https:\/\/librairie7l.com\/en\/produit\/sebastiao-salgado-2\/","title":{"rendered":"SEBASTIAO SALGADO"},"content":{"rendered":"<p>Sebasti\u00e3o Salgado est l&#8217;une des plus grandes figures de la photographie moderne, qui a plac\u00e9 la probl\u00e9matique humaine et les bouleversements du monde au coeur de son projet.<br \/>\nCet ouvrage pr\u00e9sente deux faces de son oeuvre, \u00e0 travers une s\u00e9lection r\u00e9alis\u00e9e parmi plus de 400 tirages conserv\u00e9s dans la collection de la Maison Europ\u00e9enne de la Photographie. Un parcours dans les vingt-cinq premi\u00e8res ann\u00e9es de la carri\u00e8re d&#8217;un auteur engag\u00e9 qui s&#8217;est confront\u00e9 aux tourments de l&#8217;humanit\u00e9 ; suivi de son regard sur le monde des origines \u00e0 travers son projet Genesis, hommage \u00e0 la beaut\u00e9 et \u00e0 la fragilit\u00e9 d&#8217;une plan\u00e8te rest\u00e9e \u00e0 l&#8217;abri de la folie des hommes, et qu&#8217;il est vital de pr\u00e9server.<\/p>\n<p>Catalogue \u00e9dit\u00e9 \u00e0 l&#8217;occasion de l&#8217;exposition de l&#8217;artiste aux Franciscaines &#8211; Deauville.<\/p>\n","protected":false},"excerpt":{"rendered":"<p>Sebasti\u00e3o Salgado est l&#8217;une des plus grandes figures de la photographie moderne, qui a plac\u00e9 la probl\u00e9matique humaine et les bouleversements du monde au coeur de son projet. Cet ouvrage pr\u00e9sente deux faces de son oeuvre, \u00e0 travers une s\u00e9lection r\u00e9alis\u00e9e parmi plus de 400 tirages conserv\u00e9s dans la collection de la Maison Europ\u00e9enne de [&hellip;]<\/p>\n","protected":false},"featured_media":47084,"template":"","meta":[],"product_cat":[2948],"product_tag":[],"acf":[],"yoast_head":"<!-- This site is optimized with the Yoast SEO plugin v20.11 - https:\/\/yoast.com\/wordpress\/plugins\/seo\/ -->\n<title>Sebastiao Salgado - Librairie 7L<\/title>\n<meta name=\"robots\" content=\"index, follow, max-snippet:-1, max-image-preview:large, max-video-preview:-1\" \/>\n<link rel=\"canonical\" href=\"https:\/\/librairie7l.com\/en\/produit\/sebastiao-salgado-2\/\" \/>\n<meta property=\"og:locale\" content=\"en_US\" \/>\n<meta property=\"og:type\" content=\"article\" \/>\n<meta property=\"og:title\" content=\"Sebastiao Salgado - Librairie 7L\" \/>\n<meta property=\"og:description\" content=\"Sebasti\u00e3o Salgado est l&#8217;une des plus grandes figures de la photographie moderne, qui a plac\u00e9 la probl\u00e9matique humaine et les bouleversements du monde au coeur de son projet. Cet ouvrage pr\u00e9sente deux faces de son oeuvre, \u00e0 travers une s\u00e9lection r\u00e9alis\u00e9e parmi plus de 400 tirages conserv\u00e9s dans la collection de la Maison Europ\u00e9enne de [&hellip;]\" \/>\n<meta property=\"og:url\" content=\"https:\/\/librairie7l.com\/en\/produit\/sebastiao-salgado-2\/\" \/>\n<meta property=\"og:site_name\" content=\"Librairie 7L\" \/>\n<meta property=\"article:modified_time\" content=\"2026-04-29T03:06:50+00:00\" \/>\n<meta property=\"og:image\" content=\"https:\/\/librairie7l.com\/wp-content\/uploads\/2024\/09\/9788836659104_1_75.jpg\" \/>\n\t<meta property=\"og:image:width\" content=\"600\" \/>\n\t<meta property=\"og:image:height\" content=\"730\" \/>\n\t<meta property=\"og:image:type\" content=\"image\/jpeg\" \/>\n<meta name=\"twitter:card\" content=\"summary_large_image\" \/>\n<meta name=\"twitter:label1\" content=\"Est. reading time\" \/>\n\t<meta name=\"twitter:data1\" content=\"1 minute\" \/>\n<script type=\"application\/ld+json\" class=\"yoast-schema-graph\">{\"@context\":\"https:\/\/schema.org\",\"@graph\":[{\"@type\":\"WebPage\",\"@id\":\"https:\/\/librairie7l.com\/en\/produit\/sebastiao-salgado-2\/\",\"url\":\"https:\/\/librairie7l.com\/en\/produit\/sebastiao-salgado-2\/\",\"name\":\"Sebastiao Salgado - Librairie 7L\",\"isPartOf\":{\"@id\":\"https:\/\/librairie7l.com\/en\/#website\"},\"datePublished\":\"2025-03-26T08:17:57+00:00\",\"dateModified\":\"2026-04-29T03:06:50+00:00\",\"breadcrumb\":{\"@id\":\"https:\/\/librairie7l.com\/en\/produit\/sebastiao-salgado-2\/#breadcrumb\"},\"inLanguage\":\"en-US\",\"potentialAction\":[{\"@type\":\"ReadAction\",\"target\":[\"https:\/\/librairie7l.com\/en\/produit\/sebastiao-salgado-2\/\"]}]},{\"@type\":\"BreadcrumbList\",\"@id\":\"https:\/\/librairie7l.com\/en\/produit\/sebastiao-salgado-2\/#breadcrumb\",\"itemListElement\":[{\"@type\":\"ListItem\",\"position\":1,\"name\":\"Accueil\",\"item\":\"https:\/\/librairie7l.com\/en\/\"},{\"@type\":\"ListItem\",\"position\":2,\"name\":\"Shop\",\"item\":\"https:\/\/librairie7l.com\/en\/shop\/\"},{\"@type\":\"ListItem\",\"position\":3,\"name\":\"SEBASTIAO SALGADO\"}]},{\"@type\":\"WebSite\",\"@id\":\"https:\/\/librairie7l.com\/en\/#website\",\"url\":\"https:\/\/librairie7l.com\/en\/\",\"name\":\"Librairie 7L\",\"description\":\"Librairie fond\u00e9e en 1999 par Karl Lagerfeld \u00e0 Paris\",\"publisher\":{\"@id\":\"https:\/\/librairie7l.com\/en\/#organization\"},\"potentialAction\":[{\"@type\":\"SearchAction\",\"target\":{\"@type\":\"EntryPoint\",\"urlTemplate\":\"https:\/\/librairie7l.com\/en\/?s={search_term_string}\"},\"query-input\":\"required name=search_term_string\"}],\"inLanguage\":\"en-US\"},{\"@type\":\"Organization\",\"@id\":\"https:\/\/librairie7l.com\/en\/#organization\",\"name\":\"Librairie 7L\",\"url\":\"https:\/\/librairie7l.com\/en\/\",\"logo\":{\"@type\":\"ImageObject\",\"inLanguage\":\"en-US\",\"@id\":\"https:\/\/librairie7l.com\/en\/#\/schema\/logo\/image\/\",\"url\":\"https:\/\/librairie7l.com\/wp-content\/uploads\/2022\/08\/logo-1.png\",\"contentUrl\":\"https:\/\/librairie7l.com\/wp-content\/uploads\/2022\/08\/logo-1.png\",\"width\":227,\"height\":301,\"caption\":\"Librairie 7L\"},\"image\":{\"@id\":\"https:\/\/librairie7l.com\/en\/#\/schema\/logo\/image\/\"}}]}<\/script>\n<!-- \/ Yoast SEO plugin. -->","yoast_head_json":{"title":"Sebastiao Salgado - Librairie 7L","robots":{"index":"index","follow":"follow","max-snippet":"max-snippet:-1","max-image-preview":"max-image-preview:large","max-video-preview":"max-video-preview:-1"},"canonical":"https:\/\/librairie7l.com\/en\/produit\/sebastiao-salgado-2\/","og_locale":"en_US","og_type":"article","og_title":"Sebastiao Salgado - Librairie 7L","og_description":"Sebasti\u00e3o Salgado est l&#8217;une des plus grandes figures de la photographie moderne, qui a plac\u00e9 la probl\u00e9matique humaine et les bouleversements du monde au coeur de son projet. Cet ouvrage pr\u00e9sente deux faces de son oeuvre, \u00e0 travers une s\u00e9lection r\u00e9alis\u00e9e parmi plus de 400 tirages conserv\u00e9s dans la collection de la Maison Europ\u00e9enne de [&hellip;]","og_url":"https:\/\/librairie7l.com\/en\/produit\/sebastiao-salgado-2\/","og_site_name":"Librairie 7L","article_modified_time":"2026-04-29T03:06:50+00:00","og_image":[{"width":600,"height":730,"url":"https:\/\/librairie7l.com\/wp-content\/uploads\/2024\/09\/9788836659104_1_75.jpg","type":"image\/jpeg"}],"twitter_card":"summary_large_image","twitter_misc":{"Est. reading time":"1 minute"},"schema":{"@context":"https:\/\/schema.org","@graph":[{"@type":"WebPage","@id":"https:\/\/librairie7l.com\/en\/produit\/sebastiao-salgado-2\/","url":"https:\/\/librairie7l.com\/en\/produit\/sebastiao-salgado-2\/","name":"Sebastiao Salgado - Librairie 7L","isPartOf":{"@id":"https:\/\/librairie7l.com\/en\/#website"},"datePublished":"2025-03-26T08:17:57+00:00","dateModified":"2026-04-29T03:06:50+00:00","breadcrumb":{"@id":"https:\/\/librairie7l.com\/en\/produit\/sebastiao-salgado-2\/#breadcrumb"},"inLanguage":"en-US","potentialAction":[{"@type":"ReadAction","target":["https:\/\/librairie7l.com\/en\/produit\/sebastiao-salgado-2\/"]}]},{"@type":"BreadcrumbList","@id":"https:\/\/librairie7l.com\/en\/produit\/sebastiao-salgado-2\/#breadcrumb","itemListElement":[{"@type":"ListItem","position":1,"name":"Accueil","item":"https:\/\/librairie7l.com\/en\/"},{"@type":"ListItem","position":2,"name":"Shop","item":"https:\/\/librairie7l.com\/en\/shop\/"},{"@type":"ListItem","position":3,"name":"SEBASTIAO SALGADO"}]},{"@type":"WebSite","@id":"https:\/\/librairie7l.com\/en\/#website","url":"https:\/\/librairie7l.com\/en\/","name":"Librairie 7L","description":"Librairie fond\u00e9e en 1999 par Karl Lagerfeld \u00e0 Paris","publisher":{"@id":"https:\/\/librairie7l.com\/en\/#organization"},"potentialAction":[{"@type":"SearchAction","target":{"@type":"EntryPoint","urlTemplate":"https:\/\/librairie7l.com\/en\/?s={search_term_string}"},"query-input":"required name=search_term_string"}],"inLanguage":"en-US"},{"@type":"Organization","@id":"https:\/\/librairie7l.com\/en\/#organization","name":"Librairie 7L","url":"https:\/\/librairie7l.com\/en\/","logo":{"@type":"ImageObject","inLanguage":"en-US","@id":"https:\/\/librairie7l.com\/en\/#\/schema\/logo\/image\/","url":"https:\/\/librairie7l.com\/wp-content\/uploads\/2022\/08\/logo-1.png","contentUrl":"https:\/\/librairie7l.com\/wp-content\/uploads\/2022\/08\/logo-1.png","width":227,"height":301,"caption":"Librairie 7L"},"image":{"@id":"https:\/\/librairie7l.com\/en\/#\/schema\/logo\/image\/"}}]}},"_links":{"self":[{"href":"https:\/\/librairie7l.com\/en\/wp-json\/wp\/v2\/product\/47086"}],"collection":[{"href":"https:\/\/librairie7l.com\/en\/wp-json\/wp\/v2\/product"}],"about":[{"href":"https:\/\/librairie7l.com\/en\/wp-json\/wp\/v2\/types\/product"}],"wp:featuredmedia":[{"embeddable":true,"href":"https:\/\/librairie7l.com\/en\/wp-json\/wp\/v2\/media\/47084"}],"wp:attachment":[{"href":"https:\/\/librairie7l.com\/en\/wp-json\/wp\/v2\/media?parent=47086"}],"wp:term":[{"taxonomy":"product_cat","embeddable":true,"href":"https:\/\/librairie7l.com\/en\/wp-json\/wp\/v2\/product_cat?post=47086"},{"taxonomy":"product_tag","embeddable":true,"href":"https:\/\/librairie7l.com\/en\/wp-json\/wp\/v2\/product_tag?post=47086"}],"curies":[{"name":"wp","href":"https:\/\/api.w.org\/{rel}","templated":true}]}}

<p>Sebastião Salgado est l&#8217;une des plus grandes figures de la photographie moderne, qui a placé la problématique humaine et les bouleversements du monde au coeur de son projet.<br />
Cet ouvrage présente deux faces de son oeuvre, à travers une sélection réalisée parmi plus de 400 tirages conservés dans la collection de la Maison Européenne de la Photographie. Un parcours dans les vingt-cinq premières années de la carrière d&#8217;un auteur engagé qui s&#8217;est confronté aux tourments de l&#8217;humanité ; suivi de son regard sur le monde des origines à travers son projet Genesis, hommage à la beauté et à la fragilité d&#8217;une planète restée à l&#8217;abri de la folie des hommes, et qu&#8217;il est vital de préserver.</p>
<p>Catalogue édité à l&#8217;occasion de l&#8217;exposition de l&#8217;artiste aux Franciscaines &#8211; Deauville.</p>

<p>Sebastião Salgado est l&#8217;une des plus grandes figures de la photographie moderne, qui a placé la problématique humaine et les bouleversements du monde au coeur de son projet. Cet ouvrage présente deux faces de son oeuvre, à travers une sélection réalisée parmi plus de 400 tirages conservés dans la collection de la Maison Européenne de [&hellip;]</p>

<!-- This site is optimized with the Yoast SEO plugin v20.11 - https://yoast.com/wordpress/plugins/seo/ -->
<title>Sebastiao Salgado - Librairie 7L</title>
<meta name="robots" content="index, follow, max-snippet:-1, max-image-preview:large, max-video-preview:-1" />
<link rel="canonical" href="https://librairie7l.com/en/produit/sebastiao-salgado-2/" />
<meta property="og:locale" content="en_US" />
<meta property="og:type" content="article" />
<meta property="og:title" content="Sebastiao Salgado - Librairie 7L" />
<meta property="og:description" content="Sebastião Salgado est l&#8217;une des plus grandes figures de la photographie moderne, qui a placé la problématique humaine et les bouleversements du monde au coeur de son projet. Cet ouvrage présente deux faces de son oeuvre, à travers une sélection réalisée parmi plus de 400 tirages conservés dans la collection de la Maison Européenne de [&hellip;]" />
<meta property="og:url" content="https://librairie7l.com/en/produit/sebastiao-salgado-2/" />
<meta property="og:site_name" content="Librairie 7L" />
<meta property="article:modified_time" content="2026-04-29T03:06:50+00:00" />
<meta property="og:image" content="https://librairie7l.com/wp-content/uploads/2024/09/9788836659104_1_75.jpg" />
	<meta property="og:image:width" content="600" />
	<meta property="og:image:height" content="730" />
	<meta property="og:image:type" content="image/jpeg" />
<meta name="twitter:card" content="summary_large_image" />
<meta name="twitter:label1" content="Est. reading time" />
	<meta name="twitter:data1" content="1 minute" />
<script type="application/ld+json" class="yoast-schema-graph">{"@context":"https://schema.org","@graph":[{"@type":"WebPage","@id":"https://librairie7l.com/en/produit/sebastiao-salgado-2/","url":"https://librairie7l.com/en/produit/sebastiao-salgado-2/","name":"Sebastiao Salgado - Librairie 7L","isPartOf":{"@id":"https://librairie7l.com/en/#website"},"datePublished":"2025-03-26T08:17:57+00:00","dateModified":"2026-04-29T03:06:50+00:00","breadcrumb":{"@id":"https://librairie7l.com/en/produit/sebastiao-salgado-2/#breadcrumb"},"inLanguage":"en-US","potentialAction":[{"@type":"ReadAction","target":["https://librairie7l.com/en/produit/sebastiao-salgado-2/"]}]},{"@type":"BreadcrumbList","@id":"https://librairie7l.com/en/produit/sebastiao-salgado-2/#breadcrumb","itemListElement":[{"@type":"ListItem","position":1,"name":"Accueil","item":"https://librairie7l.com/en/"},{"@type":"ListItem","position":2,"name":"Shop","item":"https://librairie7l.com/en/shop/"},{"@type":"ListItem","position":3,"name":"SEBASTIAO SALGADO"}]},{"@type":"WebSite","@id":"https://librairie7l.com/en/#website","url":"https://librairie7l.com/en/","name":"Librairie 7L","description":"Librairie fondée en 1999 par Karl Lagerfeld à Paris","publisher":{"@id":"https://librairie7l.com/en/#organization"},"potentialAction":[{"@type":"SearchAction","target":{"@type":"EntryPoint","urlTemplate":"https://librairie7l.com/en/?s={search_term_string}"},"query-input":"required name=search_term_string"}],"inLanguage":"en-US"},{"@type":"Organization","@id":"https://librairie7l.com/en/#organization","name":"Librairie 7L","url":"https://librairie7l.com/en/","logo":{"@type":"ImageObject","inLanguage":"en-US","@id":"https://librairie7l.com/en/#/schema/logo/image/","url":"https://librairie7l.com/wp-content/uploads/2022/08/logo-1.png","contentUrl":"https://librairie7l.com/wp-content/uploads/2022/08/logo-1.png","width":227,"height":301,"caption":"Librairie 7L"},"image":{"@id":"https://librairie7l.com/en/#/schema/logo/image/"}}]}</script>
<!-- / Yoast SEO plugin. -->

Sebastião Salgado est l&#8217;une des plus grandes figures de la photographie moderne, qui a placé la problématique humaine et les bouleversements du monde au coeur de son projet. Cet ouvrage présente deux faces de son oeuvre, à travers une sélection réalisée parmi plus de 400 tirages conservés dans la collection de la Maison Européenne de [&hellip;]

Librairie fondée en 1999 par Karl Lagerfeld à Paris
