{"id":47659,"date":"2025-04-23T09:17:41","date_gmt":"2025-04-23T07:17:41","guid":{"rendered":"https:\/\/librairie7l.com\/?post_type=product&#038;p=47659"},"modified":"2026-05-01T13:22:00","modified_gmt":"2026-05-01T11:22:00","slug":"enfance-revee-bonnard-les-nabis-et-lenfance-2","status":"publish","type":"product","link":"https:\/\/librairie7l.com\/en\/produit\/enfance-revee-bonnard-les-nabis-et-lenfance-2\/","title":{"rendered":"ENFANCE R\u00caV\u00c9E ; BONNARD, LES NABIS ET L&#8217;ENFANCE"},"content":{"rendered":"<p>Les Impressionnistes, les premiers ont accord\u00e9 \u00e0 l&#8217;enfant un statut particulier, ind\u00e9pendant du portrait de commande qui \u00e9tait jusqu&#8217;alors le seul vecteur de leur repr\u00e9sentation. \u00c0 leur tour, les Nabis sont certainement ceux qui, \u00e0 la fin du XIXe si\u00e8cle, mettent les enfants au coeur de leur m\u00e9canique picturale, qui oscille entre sph\u00e8re priv\u00e9e et publique, inaugurant un nouvel espace de libert\u00e9 cr\u00e9ative. Cet univers complexe est \u00e0 la crois\u00e9e de celui de la famille, du jeu, des jardins, de la rue, de la musique, de l&#8217;illustration et de la photographie qui sont autant de sujets qui les ont inspir\u00e9s durablement.<\/p>\n<p>L&#8217;exposition accorde une certaine visibilit\u00e9 aux oeuvres de Bonnard, Vuillard, Vallotton et Denis, sans oublier Lacombe, qui sont les principaux protagonistes d&#8217;une image nouvelle de l&#8217;enfance. Sont \u00e9galement repr\u00e9sent\u00e9es en marge du mouvement nabi, les oeuvres sensibles de Del\u00e2tre, Evenepoel, Maillol, M\u00fcller et Lemmen.<\/p>\n<p>Avec les essais d&#8217;Isabelle Cahn, Paul Denis, Dominique de Font-R\u00e9aulx, Emmanuel Pernoud, Sylvie Patry et V\u00e9ronique Serrano, ce catalogue offre une vision g\u00e9n\u00e9rale et savante du sujet.<\/p>\n","protected":false},"excerpt":{"rendered":"<p>Les Impressionnistes, les premiers ont accord\u00e9 \u00e0 l&#8217;enfant un statut particulier, ind\u00e9pendant du portrait de commande qui \u00e9tait jusqu&#8217;alors le seul vecteur de leur repr\u00e9sentation. \u00c0 leur tour, les Nabis sont certainement ceux qui, \u00e0 la fin du XIXe si\u00e8cle, mettent les enfants au coeur de leur m\u00e9canique picturale, qui oscille entre sph\u00e8re priv\u00e9e et [&hellip;]<\/p>\n","protected":false},"featured_media":47657,"template":"","meta":[],"product_cat":[2948,2953],"product_tag":[],"acf":[],"yoast_head":"<!-- This site is optimized with the Yoast SEO plugin v20.11 - https:\/\/yoast.com\/wordpress\/plugins\/seo\/ -->\n<title>Enfance r\u00eav\u00e9e ; Bonnard, les Nabis et l&#039;enfance - Librairie 7L<\/title>\n<meta name=\"robots\" content=\"index, follow, max-snippet:-1, max-image-preview:large, max-video-preview:-1\" \/>\n<link rel=\"canonical\" href=\"https:\/\/librairie7l.com\/en\/produit\/enfance-revee-bonnard-les-nabis-et-lenfance-2\/\" \/>\n<meta property=\"og:locale\" content=\"en_US\" \/>\n<meta property=\"og:type\" content=\"article\" \/>\n<meta property=\"og:title\" content=\"Enfance r\u00eav\u00e9e ; Bonnard, les Nabis et l&#039;enfance - Librairie 7L\" \/>\n<meta property=\"og:description\" content=\"Les Impressionnistes, les premiers ont accord\u00e9 \u00e0 l&#8217;enfant un statut particulier, ind\u00e9pendant du portrait de commande qui \u00e9tait jusqu&#8217;alors le seul vecteur de leur repr\u00e9sentation. \u00c0 leur tour, les Nabis sont certainement ceux qui, \u00e0 la fin du XIXe si\u00e8cle, mettent les enfants au coeur de leur m\u00e9canique picturale, qui oscille entre sph\u00e8re priv\u00e9e et [&hellip;]\" \/>\n<meta property=\"og:url\" content=\"https:\/\/librairie7l.com\/en\/produit\/enfance-revee-bonnard-les-nabis-et-lenfance-2\/\" \/>\n<meta property=\"og:site_name\" content=\"Librairie 7L\" \/>\n<meta property=\"article:modified_time\" content=\"2026-05-01T11:22:00+00:00\" \/>\n<meta property=\"og:image\" content=\"https:\/\/librairie7l.com\/wp-content\/uploads\/2019\/12\/9788836644254_1_75.jpg\" \/>\n\t<meta property=\"og:image:width\" content=\"342\" \/>\n\t<meta property=\"og:image:height\" content=\"400\" \/>\n\t<meta property=\"og:image:type\" content=\"image\/jpeg\" \/>\n<meta name=\"twitter:card\" content=\"summary_large_image\" \/>\n<meta name=\"twitter:label1\" content=\"Est. reading time\" \/>\n\t<meta name=\"twitter:data1\" content=\"1 minute\" \/>\n<script type=\"application\/ld+json\" class=\"yoast-schema-graph\">{\"@context\":\"https:\/\/schema.org\",\"@graph\":[{\"@type\":\"WebPage\",\"@id\":\"https:\/\/librairie7l.com\/en\/produit\/enfance-revee-bonnard-les-nabis-et-lenfance-2\/\",\"url\":\"https:\/\/librairie7l.com\/en\/produit\/enfance-revee-bonnard-les-nabis-et-lenfance-2\/\",\"name\":\"Enfance r\u00eav\u00e9e ; Bonnard, les Nabis et l'enfance - Librairie 7L\",\"isPartOf\":{\"@id\":\"https:\/\/librairie7l.com\/en\/#website\"},\"datePublished\":\"2025-04-23T07:17:41+00:00\",\"dateModified\":\"2026-05-01T11:22:00+00:00\",\"breadcrumb\":{\"@id\":\"https:\/\/librairie7l.com\/en\/produit\/enfance-revee-bonnard-les-nabis-et-lenfance-2\/#breadcrumb\"},\"inLanguage\":\"en-US\",\"potentialAction\":[{\"@type\":\"ReadAction\",\"target\":[\"https:\/\/librairie7l.com\/en\/produit\/enfance-revee-bonnard-les-nabis-et-lenfance-2\/\"]}]},{\"@type\":\"BreadcrumbList\",\"@id\":\"https:\/\/librairie7l.com\/en\/produit\/enfance-revee-bonnard-les-nabis-et-lenfance-2\/#breadcrumb\",\"itemListElement\":[{\"@type\":\"ListItem\",\"position\":1,\"name\":\"Accueil\",\"item\":\"https:\/\/librairie7l.com\/en\/\"},{\"@type\":\"ListItem\",\"position\":2,\"name\":\"Shop\",\"item\":\"https:\/\/librairie7l.com\/en\/shop\/\"},{\"@type\":\"ListItem\",\"position\":3,\"name\":\"ENFANCE R\u00caV\u00c9E ; BONNARD, LES NABIS ET L&#8217;ENFANCE\"}]},{\"@type\":\"WebSite\",\"@id\":\"https:\/\/librairie7l.com\/en\/#website\",\"url\":\"https:\/\/librairie7l.com\/en\/\",\"name\":\"Librairie 7L\",\"description\":\"Librairie fond\u00e9e en 1999 par Karl Lagerfeld \u00e0 Paris\",\"publisher\":{\"@id\":\"https:\/\/librairie7l.com\/en\/#organization\"},\"potentialAction\":[{\"@type\":\"SearchAction\",\"target\":{\"@type\":\"EntryPoint\",\"urlTemplate\":\"https:\/\/librairie7l.com\/en\/?s={search_term_string}\"},\"query-input\":\"required name=search_term_string\"}],\"inLanguage\":\"en-US\"},{\"@type\":\"Organization\",\"@id\":\"https:\/\/librairie7l.com\/en\/#organization\",\"name\":\"Librairie 7L\",\"url\":\"https:\/\/librairie7l.com\/en\/\",\"logo\":{\"@type\":\"ImageObject\",\"inLanguage\":\"en-US\",\"@id\":\"https:\/\/librairie7l.com\/en\/#\/schema\/logo\/image\/\",\"url\":\"https:\/\/librairie7l.com\/wp-content\/uploads\/2022\/08\/logo-1.png\",\"contentUrl\":\"https:\/\/librairie7l.com\/wp-content\/uploads\/2022\/08\/logo-1.png\",\"width\":227,\"height\":301,\"caption\":\"Librairie 7L\"},\"image\":{\"@id\":\"https:\/\/librairie7l.com\/en\/#\/schema\/logo\/image\/\"}}]}<\/script>\n<!-- \/ Yoast SEO plugin. -->","yoast_head_json":{"title":"Enfance r\u00eav\u00e9e ; Bonnard, les Nabis et l'enfance - Librairie 7L","robots":{"index":"index","follow":"follow","max-snippet":"max-snippet:-1","max-image-preview":"max-image-preview:large","max-video-preview":"max-video-preview:-1"},"canonical":"https:\/\/librairie7l.com\/en\/produit\/enfance-revee-bonnard-les-nabis-et-lenfance-2\/","og_locale":"en_US","og_type":"article","og_title":"Enfance r\u00eav\u00e9e ; Bonnard, les Nabis et l'enfance - Librairie 7L","og_description":"Les Impressionnistes, les premiers ont accord\u00e9 \u00e0 l&#8217;enfant un statut particulier, ind\u00e9pendant du portrait de commande qui \u00e9tait jusqu&#8217;alors le seul vecteur de leur repr\u00e9sentation. \u00c0 leur tour, les Nabis sont certainement ceux qui, \u00e0 la fin du XIXe si\u00e8cle, mettent les enfants au coeur de leur m\u00e9canique picturale, qui oscille entre sph\u00e8re priv\u00e9e et [&hellip;]","og_url":"https:\/\/librairie7l.com\/en\/produit\/enfance-revee-bonnard-les-nabis-et-lenfance-2\/","og_site_name":"Librairie 7L","article_modified_time":"2026-05-01T11:22:00+00:00","og_image":[{"width":342,"height":400,"url":"https:\/\/librairie7l.com\/wp-content\/uploads\/2019\/12\/9788836644254_1_75.jpg","type":"image\/jpeg"}],"twitter_card":"summary_large_image","twitter_misc":{"Est. reading time":"1 minute"},"schema":{"@context":"https:\/\/schema.org","@graph":[{"@type":"WebPage","@id":"https:\/\/librairie7l.com\/en\/produit\/enfance-revee-bonnard-les-nabis-et-lenfance-2\/","url":"https:\/\/librairie7l.com\/en\/produit\/enfance-revee-bonnard-les-nabis-et-lenfance-2\/","name":"Enfance r\u00eav\u00e9e ; Bonnard, les Nabis et l'enfance - Librairie 7L","isPartOf":{"@id":"https:\/\/librairie7l.com\/en\/#website"},"datePublished":"2025-04-23T07:17:41+00:00","dateModified":"2026-05-01T11:22:00+00:00","breadcrumb":{"@id":"https:\/\/librairie7l.com\/en\/produit\/enfance-revee-bonnard-les-nabis-et-lenfance-2\/#breadcrumb"},"inLanguage":"en-US","potentialAction":[{"@type":"ReadAction","target":["https:\/\/librairie7l.com\/en\/produit\/enfance-revee-bonnard-les-nabis-et-lenfance-2\/"]}]},{"@type":"BreadcrumbList","@id":"https:\/\/librairie7l.com\/en\/produit\/enfance-revee-bonnard-les-nabis-et-lenfance-2\/#breadcrumb","itemListElement":[{"@type":"ListItem","position":1,"name":"Accueil","item":"https:\/\/librairie7l.com\/en\/"},{"@type":"ListItem","position":2,"name":"Shop","item":"https:\/\/librairie7l.com\/en\/shop\/"},{"@type":"ListItem","position":3,"name":"ENFANCE R\u00caV\u00c9E ; BONNARD, LES NABIS ET L&#8217;ENFANCE"}]},{"@type":"WebSite","@id":"https:\/\/librairie7l.com\/en\/#website","url":"https:\/\/librairie7l.com\/en\/","name":"Librairie 7L","description":"Librairie fond\u00e9e en 1999 par Karl Lagerfeld \u00e0 Paris","publisher":{"@id":"https:\/\/librairie7l.com\/en\/#organization"},"potentialAction":[{"@type":"SearchAction","target":{"@type":"EntryPoint","urlTemplate":"https:\/\/librairie7l.com\/en\/?s={search_term_string}"},"query-input":"required name=search_term_string"}],"inLanguage":"en-US"},{"@type":"Organization","@id":"https:\/\/librairie7l.com\/en\/#organization","name":"Librairie 7L","url":"https:\/\/librairie7l.com\/en\/","logo":{"@type":"ImageObject","inLanguage":"en-US","@id":"https:\/\/librairie7l.com\/en\/#\/schema\/logo\/image\/","url":"https:\/\/librairie7l.com\/wp-content\/uploads\/2022\/08\/logo-1.png","contentUrl":"https:\/\/librairie7l.com\/wp-content\/uploads\/2022\/08\/logo-1.png","width":227,"height":301,"caption":"Librairie 7L"},"image":{"@id":"https:\/\/librairie7l.com\/en\/#\/schema\/logo\/image\/"}}]}},"_links":{"self":[{"href":"https:\/\/librairie7l.com\/en\/wp-json\/wp\/v2\/product\/47659"}],"collection":[{"href":"https:\/\/librairie7l.com\/en\/wp-json\/wp\/v2\/product"}],"about":[{"href":"https:\/\/librairie7l.com\/en\/wp-json\/wp\/v2\/types\/product"}],"wp:featuredmedia":[{"embeddable":true,"href":"https:\/\/librairie7l.com\/en\/wp-json\/wp\/v2\/media\/47657"}],"wp:attachment":[{"href":"https:\/\/librairie7l.com\/en\/wp-json\/wp\/v2\/media?parent=47659"}],"wp:term":[{"taxonomy":"product_cat","embeddable":true,"href":"https:\/\/librairie7l.com\/en\/wp-json\/wp\/v2\/product_cat?post=47659"},{"taxonomy":"product_tag","embeddable":true,"href":"https:\/\/librairie7l.com\/en\/wp-json\/wp\/v2\/product_tag?post=47659"}],"curies":[{"name":"wp","href":"https:\/\/api.w.org\/{rel}","templated":true}]}}

ENFANCE RÊVÉE ; BONNARD, LES NABIS ET L&#8217;ENFANCE

<p>Les Impressionnistes, les premiers ont accordé à l&#8217;enfant un statut particulier, indépendant du portrait de commande qui était jusqu&#8217;alors le seul vecteur de leur représentation. À leur tour, les Nabis sont certainement ceux qui, à la fin du XIXe siècle, mettent les enfants au coeur de leur mécanique picturale, qui oscille entre sphère privée et publique, inaugurant un nouvel espace de liberté créative. Cet univers complexe est à la croisée de celui de la famille, du jeu, des jardins, de la rue, de la musique, de l&#8217;illustration et de la photographie qui sont autant de sujets qui les ont inspirés durablement.</p>
<p>L&#8217;exposition accorde une certaine visibilité aux oeuvres de Bonnard, Vuillard, Vallotton et Denis, sans oublier Lacombe, qui sont les principaux protagonistes d&#8217;une image nouvelle de l&#8217;enfance. Sont également représentées en marge du mouvement nabi, les oeuvres sensibles de Delâtre, Evenepoel, Maillol, Müller et Lemmen.</p>
<p>Avec les essais d&#8217;Isabelle Cahn, Paul Denis, Dominique de Font-Réaulx, Emmanuel Pernoud, Sylvie Patry et Véronique Serrano, ce catalogue offre une vision générale et savante du sujet.</p>

<p>Les Impressionnistes, les premiers ont accordé à l&#8217;enfant un statut particulier, indépendant du portrait de commande qui était jusqu&#8217;alors le seul vecteur de leur représentation. À leur tour, les Nabis sont certainement ceux qui, à la fin du XIXe siècle, mettent les enfants au coeur de leur mécanique picturale, qui oscille entre sphère privée et [&hellip;]</p>

<!-- This site is optimized with the Yoast SEO plugin v20.11 - https://yoast.com/wordpress/plugins/seo/ -->
<title>Enfance rêvée ; Bonnard, les Nabis et l&#039;enfance - Librairie 7L</title>
<meta name="robots" content="index, follow, max-snippet:-1, max-image-preview:large, max-video-preview:-1" />
<link rel="canonical" href="https://librairie7l.com/en/produit/enfance-revee-bonnard-les-nabis-et-lenfance-2/" />
<meta property="og:locale" content="en_US" />
<meta property="og:type" content="article" />
<meta property="og:title" content="Enfance rêvée ; Bonnard, les Nabis et l&#039;enfance - Librairie 7L" />
<meta property="og:description" content="Les Impressionnistes, les premiers ont accordé à l&#8217;enfant un statut particulier, indépendant du portrait de commande qui était jusqu&#8217;alors le seul vecteur de leur représentation. À leur tour, les Nabis sont certainement ceux qui, à la fin du XIXe siècle, mettent les enfants au coeur de leur mécanique picturale, qui oscille entre sphère privée et [&hellip;]" />
<meta property="og:url" content="https://librairie7l.com/en/produit/enfance-revee-bonnard-les-nabis-et-lenfance-2/" />
<meta property="og:site_name" content="Librairie 7L" />
<meta property="article:modified_time" content="2026-05-01T11:22:00+00:00" />
<meta property="og:image" content="https://librairie7l.com/wp-content/uploads/2019/12/9788836644254_1_75.jpg" />
	<meta property="og:image:width" content="342" />
	<meta property="og:image:height" content="400" />
	<meta property="og:image:type" content="image/jpeg" />
<meta name="twitter:card" content="summary_large_image" />
<meta name="twitter:label1" content="Est. reading time" />
	<meta name="twitter:data1" content="1 minute" />
<script type="application/ld+json" class="yoast-schema-graph">{"@context":"https://schema.org","@graph":[{"@type":"WebPage","@id":"https://librairie7l.com/en/produit/enfance-revee-bonnard-les-nabis-et-lenfance-2/","url":"https://librairie7l.com/en/produit/enfance-revee-bonnard-les-nabis-et-lenfance-2/","name":"Enfance rêvée ; Bonnard, les Nabis et l'enfance - Librairie 7L","isPartOf":{"@id":"https://librairie7l.com/en/#website"},"datePublished":"2025-04-23T07:17:41+00:00","dateModified":"2026-05-01T11:22:00+00:00","breadcrumb":{"@id":"https://librairie7l.com/en/produit/enfance-revee-bonnard-les-nabis-et-lenfance-2/#breadcrumb"},"inLanguage":"en-US","potentialAction":[{"@type":"ReadAction","target":["https://librairie7l.com/en/produit/enfance-revee-bonnard-les-nabis-et-lenfance-2/"]}]},{"@type":"BreadcrumbList","@id":"https://librairie7l.com/en/produit/enfance-revee-bonnard-les-nabis-et-lenfance-2/#breadcrumb","itemListElement":[{"@type":"ListItem","position":1,"name":"Accueil","item":"https://librairie7l.com/en/"},{"@type":"ListItem","position":2,"name":"Shop","item":"https://librairie7l.com/en/shop/"},{"@type":"ListItem","position":3,"name":"ENFANCE RÊVÉE ; BONNARD, LES NABIS ET L&#8217;ENFANCE"}]},{"@type":"WebSite","@id":"https://librairie7l.com/en/#website","url":"https://librairie7l.com/en/","name":"Librairie 7L","description":"Librairie fondée en 1999 par Karl Lagerfeld à Paris","publisher":{"@id":"https://librairie7l.com/en/#organization"},"potentialAction":[{"@type":"SearchAction","target":{"@type":"EntryPoint","urlTemplate":"https://librairie7l.com/en/?s={search_term_string}"},"query-input":"required name=search_term_string"}],"inLanguage":"en-US"},{"@type":"Organization","@id":"https://librairie7l.com/en/#organization","name":"Librairie 7L","url":"https://librairie7l.com/en/","logo":{"@type":"ImageObject","inLanguage":"en-US","@id":"https://librairie7l.com/en/#/schema/logo/image/","url":"https://librairie7l.com/wp-content/uploads/2022/08/logo-1.png","contentUrl":"https://librairie7l.com/wp-content/uploads/2022/08/logo-1.png","width":227,"height":301,"caption":"Librairie 7L"},"image":{"@id":"https://librairie7l.com/en/#/schema/logo/image/"}}]}</script>
<!-- / Yoast SEO plugin. -->

Enfance rêvée ; Bonnard, les Nabis et l'enfance - Librairie 7L

Les Impressionnistes, les premiers ont accordé à l&#8217;enfant un statut particulier, indépendant du portrait de commande qui était jusqu&#8217;alors le seul vecteur de leur représentation. À leur tour, les Nabis sont certainement ceux qui, à la fin du XIXe siècle, mettent les enfants au coeur de leur mécanique picturale, qui oscille entre sphère privée et [&hellip;]

Librairie fondée en 1999 par Karl Lagerfeld à Paris
