{"id":50094,"date":"2025-08-29T09:18:00","date_gmt":"2025-08-29T07:18:00","guid":{"rendered":"https:\/\/librairie7l.com\/?post_type=product&#038;p=50094"},"modified":"2026-04-27T12:28:03","modified_gmt":"2026-04-27T10:28:03","slug":"biennale-architettura-2025-intelligens-natural-artificial-collective-2","status":"publish","type":"product","link":"https:\/\/librairie7l.com\/en\/produit\/biennale-architettura-2025-intelligens-natural-artificial-collective-2\/","title":{"rendered":"BIENNALE ARCHITETTURA 2025 : INTELLIGENS. NATURAL. ARTIFICIAL. COLLECTIVE"},"content":{"rendered":"<p>La 19e exposition internationale d&#8217;architecture, sous la direction de Carlo Ratti, qui se tiendra du 10 mai au 23 novembre 2025 \u00e0 Venise, s&#8217;intitule \u00ab Intelligens. Natural. Artificial. Collective. \u00bb L&#8217;exposition, comme l&#8217;explique le directeur, \u00ab recherchera une voie \u00e0 suivre, en proposant que des solutions intelligentes aux probl\u00e8mes urgents puissent prendre de nombreuses formes \u00bb et \u00ab pr\u00e9sentera une collection de propositions de design et de nombreuses autres exp\u00e9riences, en explorant une d\u00e9finition de &#8216;l&#8217;intelligence&#8217; en tant que capacit\u00e9 \u00e0 s&#8217;adapter \u00e0 l&#8217;environnement avec des ressources, des connaissances ou du pouvoir limit\u00e9s \u00bb (Carlo Ratti).<\/p>\n<p>Le catalogue, publi\u00e9 par les \u00e9ditions La Biennale di Venezia, est comme toujours imprim\u00e9 en deux volumes. Il suit le parcours de l&#8217;exposition, accompagnant les visiteurs et les amateurs d&#8217;art \u00e0 travers les espaces d&#8217;exposition des Giardini et de l&#8217;Arsenale, et pr\u00e9sente d&#8217;autres projets expos\u00e9s dans diff\u00e9rents lieux de la ville de Venise et du Forte Marghera, \u00e0 Mestre.<\/p>\n","protected":false},"excerpt":{"rendered":"<p>La 19e exposition internationale d&#8217;architecture, sous la direction de Carlo Ratti, qui se tiendra du 10 mai au 23 novembre 2025 \u00e0 Venise, s&#8217;intitule \u00ab Intelligens. Natural. Artificial. Collective. \u00bb L&#8217;exposition, comme l&#8217;explique le directeur, \u00ab recherchera une voie \u00e0 suivre, en proposant que des solutions intelligentes aux probl\u00e8mes urgents puissent prendre de nombreuses formes [&hellip;]<\/p>\n","protected":false},"featured_media":50092,"template":"","meta":[],"product_cat":[2948],"product_tag":[],"acf":[],"yoast_head":"<!-- This site is optimized with the Yoast SEO plugin v20.11 - https:\/\/yoast.com\/wordpress\/plugins\/seo\/ -->\n<title>Biennale architettura 2025 : intelligens. natural. artificial. collective - Librairie 7L<\/title>\n<meta name=\"robots\" content=\"index, follow, max-snippet:-1, max-image-preview:large, max-video-preview:-1\" \/>\n<link rel=\"canonical\" href=\"https:\/\/librairie7l.com\/en\/produit\/biennale-architettura-2025-intelligens-natural-artificial-collective-2\/\" \/>\n<meta property=\"og:locale\" content=\"en_US\" \/>\n<meta property=\"og:type\" content=\"article\" \/>\n<meta property=\"og:title\" content=\"Biennale architettura 2025 : intelligens. natural. artificial. collective - Librairie 7L\" \/>\n<meta property=\"og:description\" content=\"La 19e exposition internationale d&#8217;architecture, sous la direction de Carlo Ratti, qui se tiendra du 10 mai au 23 novembre 2025 \u00e0 Venise, s&#8217;intitule \u00ab Intelligens. Natural. Artificial. Collective. \u00bb L&#8217;exposition, comme l&#8217;explique le directeur, \u00ab recherchera une voie \u00e0 suivre, en proposant que des solutions intelligentes aux probl\u00e8mes urgents puissent prendre de nombreuses formes [&hellip;]\" \/>\n<meta property=\"og:url\" content=\"https:\/\/librairie7l.com\/en\/produit\/biennale-architettura-2025-intelligens-natural-artificial-collective-2\/\" \/>\n<meta property=\"og:site_name\" content=\"Librairie 7L\" \/>\n<meta property=\"article:modified_time\" content=\"2026-04-27T10:28:03+00:00\" \/>\n<meta property=\"og:image\" content=\"https:\/\/librairie7l.com\/wp-content\/uploads\/2025\/02\/9788836661176_1_75.jpg\" \/>\n\t<meta property=\"og:image:width\" content=\"333\" \/>\n\t<meta property=\"og:image:height\" content=\"418\" \/>\n\t<meta property=\"og:image:type\" content=\"image\/jpeg\" \/>\n<meta name=\"twitter:card\" content=\"summary_large_image\" \/>\n<meta name=\"twitter:label1\" content=\"Est. reading time\" \/>\n\t<meta name=\"twitter:data1\" content=\"1 minute\" \/>\n<script type=\"application\/ld+json\" class=\"yoast-schema-graph\">{\"@context\":\"https:\/\/schema.org\",\"@graph\":[{\"@type\":\"WebPage\",\"@id\":\"https:\/\/librairie7l.com\/en\/produit\/biennale-architettura-2025-intelligens-natural-artificial-collective-2\/\",\"url\":\"https:\/\/librairie7l.com\/en\/produit\/biennale-architettura-2025-intelligens-natural-artificial-collective-2\/\",\"name\":\"Biennale architettura 2025 : intelligens. natural. artificial. collective - Librairie 7L\",\"isPartOf\":{\"@id\":\"https:\/\/librairie7l.com\/en\/#website\"},\"datePublished\":\"2025-08-29T07:18:00+00:00\",\"dateModified\":\"2026-04-27T10:28:03+00:00\",\"breadcrumb\":{\"@id\":\"https:\/\/librairie7l.com\/en\/produit\/biennale-architettura-2025-intelligens-natural-artificial-collective-2\/#breadcrumb\"},\"inLanguage\":\"en-US\",\"potentialAction\":[{\"@type\":\"ReadAction\",\"target\":[\"https:\/\/librairie7l.com\/en\/produit\/biennale-architettura-2025-intelligens-natural-artificial-collective-2\/\"]}]},{\"@type\":\"BreadcrumbList\",\"@id\":\"https:\/\/librairie7l.com\/en\/produit\/biennale-architettura-2025-intelligens-natural-artificial-collective-2\/#breadcrumb\",\"itemListElement\":[{\"@type\":\"ListItem\",\"position\":1,\"name\":\"Accueil\",\"item\":\"https:\/\/librairie7l.com\/en\/\"},{\"@type\":\"ListItem\",\"position\":2,\"name\":\"Shop\",\"item\":\"https:\/\/librairie7l.com\/en\/shop\/\"},{\"@type\":\"ListItem\",\"position\":3,\"name\":\"BIENNALE ARCHITETTURA 2025 : INTELLIGENS. NATURAL. ARTIFICIAL. COLLECTIVE\"}]},{\"@type\":\"WebSite\",\"@id\":\"https:\/\/librairie7l.com\/en\/#website\",\"url\":\"https:\/\/librairie7l.com\/en\/\",\"name\":\"Librairie 7L\",\"description\":\"Librairie fond\u00e9e en 1999 par Karl Lagerfeld \u00e0 Paris\",\"publisher\":{\"@id\":\"https:\/\/librairie7l.com\/en\/#organization\"},\"potentialAction\":[{\"@type\":\"SearchAction\",\"target\":{\"@type\":\"EntryPoint\",\"urlTemplate\":\"https:\/\/librairie7l.com\/en\/?s={search_term_string}\"},\"query-input\":\"required name=search_term_string\"}],\"inLanguage\":\"en-US\"},{\"@type\":\"Organization\",\"@id\":\"https:\/\/librairie7l.com\/en\/#organization\",\"name\":\"Librairie 7L\",\"url\":\"https:\/\/librairie7l.com\/en\/\",\"logo\":{\"@type\":\"ImageObject\",\"inLanguage\":\"en-US\",\"@id\":\"https:\/\/librairie7l.com\/en\/#\/schema\/logo\/image\/\",\"url\":\"https:\/\/librairie7l.com\/wp-content\/uploads\/2022\/08\/logo-1.png\",\"contentUrl\":\"https:\/\/librairie7l.com\/wp-content\/uploads\/2022\/08\/logo-1.png\",\"width\":227,\"height\":301,\"caption\":\"Librairie 7L\"},\"image\":{\"@id\":\"https:\/\/librairie7l.com\/en\/#\/schema\/logo\/image\/\"}}]}<\/script>\n<!-- \/ Yoast SEO plugin. -->","yoast_head_json":{"title":"Biennale architettura 2025 : intelligens. natural. artificial. collective - Librairie 7L","robots":{"index":"index","follow":"follow","max-snippet":"max-snippet:-1","max-image-preview":"max-image-preview:large","max-video-preview":"max-video-preview:-1"},"canonical":"https:\/\/librairie7l.com\/en\/produit\/biennale-architettura-2025-intelligens-natural-artificial-collective-2\/","og_locale":"en_US","og_type":"article","og_title":"Biennale architettura 2025 : intelligens. natural. artificial. collective - Librairie 7L","og_description":"La 19e exposition internationale d&#8217;architecture, sous la direction de Carlo Ratti, qui se tiendra du 10 mai au 23 novembre 2025 \u00e0 Venise, s&#8217;intitule \u00ab Intelligens. Natural. Artificial. Collective. \u00bb L&#8217;exposition, comme l&#8217;explique le directeur, \u00ab recherchera une voie \u00e0 suivre, en proposant que des solutions intelligentes aux probl\u00e8mes urgents puissent prendre de nombreuses formes [&hellip;]","og_url":"https:\/\/librairie7l.com\/en\/produit\/biennale-architettura-2025-intelligens-natural-artificial-collective-2\/","og_site_name":"Librairie 7L","article_modified_time":"2026-04-27T10:28:03+00:00","og_image":[{"width":333,"height":418,"url":"https:\/\/librairie7l.com\/wp-content\/uploads\/2025\/02\/9788836661176_1_75.jpg","type":"image\/jpeg"}],"twitter_card":"summary_large_image","twitter_misc":{"Est. reading time":"1 minute"},"schema":{"@context":"https:\/\/schema.org","@graph":[{"@type":"WebPage","@id":"https:\/\/librairie7l.com\/en\/produit\/biennale-architettura-2025-intelligens-natural-artificial-collective-2\/","url":"https:\/\/librairie7l.com\/en\/produit\/biennale-architettura-2025-intelligens-natural-artificial-collective-2\/","name":"Biennale architettura 2025 : intelligens. natural. artificial. collective - Librairie 7L","isPartOf":{"@id":"https:\/\/librairie7l.com\/en\/#website"},"datePublished":"2025-08-29T07:18:00+00:00","dateModified":"2026-04-27T10:28:03+00:00","breadcrumb":{"@id":"https:\/\/librairie7l.com\/en\/produit\/biennale-architettura-2025-intelligens-natural-artificial-collective-2\/#breadcrumb"},"inLanguage":"en-US","potentialAction":[{"@type":"ReadAction","target":["https:\/\/librairie7l.com\/en\/produit\/biennale-architettura-2025-intelligens-natural-artificial-collective-2\/"]}]},{"@type":"BreadcrumbList","@id":"https:\/\/librairie7l.com\/en\/produit\/biennale-architettura-2025-intelligens-natural-artificial-collective-2\/#breadcrumb","itemListElement":[{"@type":"ListItem","position":1,"name":"Accueil","item":"https:\/\/librairie7l.com\/en\/"},{"@type":"ListItem","position":2,"name":"Shop","item":"https:\/\/librairie7l.com\/en\/shop\/"},{"@type":"ListItem","position":3,"name":"BIENNALE ARCHITETTURA 2025 : INTELLIGENS. NATURAL. ARTIFICIAL. COLLECTIVE"}]},{"@type":"WebSite","@id":"https:\/\/librairie7l.com\/en\/#website","url":"https:\/\/librairie7l.com\/en\/","name":"Librairie 7L","description":"Librairie fond\u00e9e en 1999 par Karl Lagerfeld \u00e0 Paris","publisher":{"@id":"https:\/\/librairie7l.com\/en\/#organization"},"potentialAction":[{"@type":"SearchAction","target":{"@type":"EntryPoint","urlTemplate":"https:\/\/librairie7l.com\/en\/?s={search_term_string}"},"query-input":"required name=search_term_string"}],"inLanguage":"en-US"},{"@type":"Organization","@id":"https:\/\/librairie7l.com\/en\/#organization","name":"Librairie 7L","url":"https:\/\/librairie7l.com\/en\/","logo":{"@type":"ImageObject","inLanguage":"en-US","@id":"https:\/\/librairie7l.com\/en\/#\/schema\/logo\/image\/","url":"https:\/\/librairie7l.com\/wp-content\/uploads\/2022\/08\/logo-1.png","contentUrl":"https:\/\/librairie7l.com\/wp-content\/uploads\/2022\/08\/logo-1.png","width":227,"height":301,"caption":"Librairie 7L"},"image":{"@id":"https:\/\/librairie7l.com\/en\/#\/schema\/logo\/image\/"}}]}},"_links":{"self":[{"href":"https:\/\/librairie7l.com\/en\/wp-json\/wp\/v2\/product\/50094"}],"collection":[{"href":"https:\/\/librairie7l.com\/en\/wp-json\/wp\/v2\/product"}],"about":[{"href":"https:\/\/librairie7l.com\/en\/wp-json\/wp\/v2\/types\/product"}],"wp:featuredmedia":[{"embeddable":true,"href":"https:\/\/librairie7l.com\/en\/wp-json\/wp\/v2\/media\/50092"}],"wp:attachment":[{"href":"https:\/\/librairie7l.com\/en\/wp-json\/wp\/v2\/media?parent=50094"}],"wp:term":[{"taxonomy":"product_cat","embeddable":true,"href":"https:\/\/librairie7l.com\/en\/wp-json\/wp\/v2\/product_cat?post=50094"},{"taxonomy":"product_tag","embeddable":true,"href":"https:\/\/librairie7l.com\/en\/wp-json\/wp\/v2\/product_tag?post=50094"}],"curies":[{"name":"wp","href":"https:\/\/api.w.org\/{rel}","templated":true}]}}

<p>La 19e exposition internationale d&#8217;architecture, sous la direction de Carlo Ratti, qui se tiendra du 10 mai au 23 novembre 2025 à Venise, s&#8217;intitule « Intelligens. Natural. Artificial. Collective. » L&#8217;exposition, comme l&#8217;explique le directeur, « recherchera une voie à suivre, en proposant que des solutions intelligentes aux problèmes urgents puissent prendre de nombreuses formes » et « présentera une collection de propositions de design et de nombreuses autres expériences, en explorant une définition de &#8216;l&#8217;intelligence&#8217; en tant que capacité à s&#8217;adapter à l&#8217;environnement avec des ressources, des connaissances ou du pouvoir limités » (Carlo Ratti).</p>
<p>Le catalogue, publié par les éditions La Biennale di Venezia, est comme toujours imprimé en deux volumes. Il suit le parcours de l&#8217;exposition, accompagnant les visiteurs et les amateurs d&#8217;art à travers les espaces d&#8217;exposition des Giardini et de l&#8217;Arsenale, et présente d&#8217;autres projets exposés dans différents lieux de la ville de Venise et du Forte Marghera, à Mestre.</p>

<p>La 19e exposition internationale d&#8217;architecture, sous la direction de Carlo Ratti, qui se tiendra du 10 mai au 23 novembre 2025 à Venise, s&#8217;intitule « Intelligens. Natural. Artificial. Collective. » L&#8217;exposition, comme l&#8217;explique le directeur, « recherchera une voie à suivre, en proposant que des solutions intelligentes aux problèmes urgents puissent prendre de nombreuses formes [&hellip;]</p>

<!-- This site is optimized with the Yoast SEO plugin v20.11 - https://yoast.com/wordpress/plugins/seo/ -->
<title>Biennale architettura 2025 : intelligens. natural. artificial. collective - Librairie 7L</title>
<meta name="robots" content="index, follow, max-snippet:-1, max-image-preview:large, max-video-preview:-1" />
<link rel="canonical" href="https://librairie7l.com/en/produit/biennale-architettura-2025-intelligens-natural-artificial-collective-2/" />
<meta property="og:locale" content="en_US" />
<meta property="og:type" content="article" />
<meta property="og:title" content="Biennale architettura 2025 : intelligens. natural. artificial. collective - Librairie 7L" />
<meta property="og:description" content="La 19e exposition internationale d&#8217;architecture, sous la direction de Carlo Ratti, qui se tiendra du 10 mai au 23 novembre 2025 à Venise, s&#8217;intitule « Intelligens. Natural. Artificial. Collective. » L&#8217;exposition, comme l&#8217;explique le directeur, « recherchera une voie à suivre, en proposant que des solutions intelligentes aux problèmes urgents puissent prendre de nombreuses formes [&hellip;]" />
<meta property="og:url" content="https://librairie7l.com/en/produit/biennale-architettura-2025-intelligens-natural-artificial-collective-2/" />
<meta property="og:site_name" content="Librairie 7L" />
<meta property="article:modified_time" content="2026-04-27T10:28:03+00:00" />
<meta property="og:image" content="https://librairie7l.com/wp-content/uploads/2025/02/9788836661176_1_75.jpg" />
	<meta property="og:image:width" content="333" />
	<meta property="og:image:height" content="418" />
	<meta property="og:image:type" content="image/jpeg" />
<meta name="twitter:card" content="summary_large_image" />
<meta name="twitter:label1" content="Est. reading time" />
	<meta name="twitter:data1" content="1 minute" />
<script type="application/ld+json" class="yoast-schema-graph">{"@context":"https://schema.org","@graph":[{"@type":"WebPage","@id":"https://librairie7l.com/en/produit/biennale-architettura-2025-intelligens-natural-artificial-collective-2/","url":"https://librairie7l.com/en/produit/biennale-architettura-2025-intelligens-natural-artificial-collective-2/","name":"Biennale architettura 2025 : intelligens. natural. artificial. collective - Librairie 7L","isPartOf":{"@id":"https://librairie7l.com/en/#website"},"datePublished":"2025-08-29T07:18:00+00:00","dateModified":"2026-04-27T10:28:03+00:00","breadcrumb":{"@id":"https://librairie7l.com/en/produit/biennale-architettura-2025-intelligens-natural-artificial-collective-2/#breadcrumb"},"inLanguage":"en-US","potentialAction":[{"@type":"ReadAction","target":["https://librairie7l.com/en/produit/biennale-architettura-2025-intelligens-natural-artificial-collective-2/"]}]},{"@type":"BreadcrumbList","@id":"https://librairie7l.com/en/produit/biennale-architettura-2025-intelligens-natural-artificial-collective-2/#breadcrumb","itemListElement":[{"@type":"ListItem","position":1,"name":"Accueil","item":"https://librairie7l.com/en/"},{"@type":"ListItem","position":2,"name":"Shop","item":"https://librairie7l.com/en/shop/"},{"@type":"ListItem","position":3,"name":"BIENNALE ARCHITETTURA 2025 : INTELLIGENS. NATURAL. ARTIFICIAL. COLLECTIVE"}]},{"@type":"WebSite","@id":"https://librairie7l.com/en/#website","url":"https://librairie7l.com/en/","name":"Librairie 7L","description":"Librairie fondée en 1999 par Karl Lagerfeld à Paris","publisher":{"@id":"https://librairie7l.com/en/#organization"},"potentialAction":[{"@type":"SearchAction","target":{"@type":"EntryPoint","urlTemplate":"https://librairie7l.com/en/?s={search_term_string}"},"query-input":"required name=search_term_string"}],"inLanguage":"en-US"},{"@type":"Organization","@id":"https://librairie7l.com/en/#organization","name":"Librairie 7L","url":"https://librairie7l.com/en/","logo":{"@type":"ImageObject","inLanguage":"en-US","@id":"https://librairie7l.com/en/#/schema/logo/image/","url":"https://librairie7l.com/wp-content/uploads/2022/08/logo-1.png","contentUrl":"https://librairie7l.com/wp-content/uploads/2022/08/logo-1.png","width":227,"height":301,"caption":"Librairie 7L"},"image":{"@id":"https://librairie7l.com/en/#/schema/logo/image/"}}]}</script>
<!-- / Yoast SEO plugin. -->

La 19e exposition internationale d&#8217;architecture, sous la direction de Carlo Ratti, qui se tiendra du 10 mai au 23 novembre 2025 à Venise, s&#8217;intitule « Intelligens. Natural. Artificial. Collective. » L&#8217;exposition, comme l&#8217;explique le directeur, « recherchera une voie à suivre, en proposant que des solutions intelligentes aux problèmes urgents puissent prendre de nombreuses formes [&hellip;]

Librairie fondée en 1999 par Karl Lagerfeld à Paris
