{"id":55650,"date":"2026-03-11T10:16:21","date_gmt":"2026-03-11T09:16:21","guid":{"rendered":"https:\/\/librairie7l.com\/?post_type=product&#038;p=55650"},"modified":"2026-05-01T07:47:33","modified_gmt":"2026-05-01T05:47:33","slug":"dentelles-dalencon-et-du-puy-2","status":"publish","type":"product","link":"https:\/\/librairie7l.com\/en\/produit\/dentelles-dalencon-et-du-puy-2\/","title":{"rendered":"DENTELLES D&#8217;ALEN\u00c7ON ET DU PUY"},"content":{"rendered":"<p>Deux savoir-faire d&#8217;excellence, deux arts de la main, inscrits au patrimoine immat\u00e9riel de l&#8217;Unesco, le point d&#8217;Alen\u00e7on et la dentelle au fuseau du Puy- en-Velay, connaissent un nouvel \u00e2ge d&#8217;or gr\u00e2ce \u00e0 la cr\u00e9ation d&#8217;ateliers-conservatoires nationaux en 1976.<br \/>\n L&#8217;histoire de la dentelle d&#8217;Alen\u00e7on s&#8217;est \u00e9crite \u00e0 l&#8217;aiguille, celle de la dentelle du Puy aux fuseaux. Les deux se d\u00e9veloppent au XVIIe si\u00e8cle, lorsque Colbert instaure les Manufactures royales de dentelles en France. Chacune, avec sa technique bien sp\u00e9cifique, est un art de la patience et de la virtuosit\u00e9 : r\u00e9aliser 1 centim\u00e8tre carr\u00e9 de dentelle au point d&#8217;Alen\u00e7on n\u00e9cessite 7 \u00e0 8 heures de travail , pour jouer avec l&#8217;infinie vari\u00e9t\u00e9s des points de dentelle du Puy, il faut manier, avec une agilit\u00e9 extraordinaire, des dizaines de fuseaux et leurs fils blancs ou multicolores.<br \/>\n Au milieu du XXe si\u00e8cle, ces savoir-faire, pr\u00e9cieusement transmis de g\u00e9n\u00e9ration en g\u00e9n\u00e9ration, \u00e9taient menac\u00e9s de disparition. La cr\u00e9ation en 1976 d&#8217;ateliers-conservatoires, rattach\u00e9s aux Mobilier national, permit de les sauver. Alen\u00e7on et le Puy deviennent alors les nouveaux laboratoires d&#8217;une cr\u00e9ation contemporaine insoup\u00e7onn\u00e9e.<br \/>\n Cet ouvrage accompagne deux expositions-\u00e9v\u00e9nements qui s&#8217;ouvriront au printemps 2026 dans chacune de ces capitales de la dentelle. Il retrace par l&#8217;image et le texte 50 ans de cr\u00e9ations des ateliers-conservatoires. La cr\u00e9ativit\u00e9 et la dext\u00e9rit\u00e9 des dentelli\u00e8res s&#8217;y r\u00e9v\u00e8lent au plus haut niveau.<\/p>\n","protected":false},"excerpt":{"rendered":"<p>Deux savoir-faire d&#8217;excellence, deux arts de la main, inscrits au patrimoine immat\u00e9riel de l&#8217;Unesco, le point d&#8217;Alen\u00e7on et la dentelle au fuseau du Puy- en-Velay, connaissent un nouvel \u00e2ge d&#8217;or gr\u00e2ce \u00e0 la cr\u00e9ation d&#8217;ateliers-conservatoires nationaux en 1976. L&#8217;histoire de la dentelle d&#8217;Alen\u00e7on s&#8217;est \u00e9crite \u00e0 l&#8217;aiguille, celle de la dentelle du Puy aux fuseaux. [&hellip;]<\/p>\n","protected":false},"featured_media":0,"template":"","meta":[],"product_cat":[2948],"product_tag":[],"acf":[],"yoast_head":"<!-- This site is optimized with the Yoast SEO plugin v20.11 - https:\/\/yoast.com\/wordpress\/plugins\/seo\/ -->\n<title>Dentelles d&#039;Alen\u00e7on et du Puy - Librairie 7L<\/title>\n<meta name=\"robots\" content=\"index, follow, max-snippet:-1, max-image-preview:large, max-video-preview:-1\" \/>\n<link rel=\"canonical\" href=\"https:\/\/librairie7l.com\/en\/produit\/dentelles-dalencon-et-du-puy-2\/\" \/>\n<meta property=\"og:locale\" content=\"en_US\" \/>\n<meta property=\"og:type\" content=\"article\" \/>\n<meta property=\"og:title\" content=\"Dentelles d&#039;Alen\u00e7on et du Puy - Librairie 7L\" \/>\n<meta property=\"og:description\" content=\"Deux savoir-faire d&#8217;excellence, deux arts de la main, inscrits au patrimoine immat\u00e9riel de l&#8217;Unesco, le point d&#8217;Alen\u00e7on et la dentelle au fuseau du Puy- en-Velay, connaissent un nouvel \u00e2ge d&#8217;or gr\u00e2ce \u00e0 la cr\u00e9ation d&#8217;ateliers-conservatoires nationaux en 1976. L&#8217;histoire de la dentelle d&#8217;Alen\u00e7on s&#8217;est \u00e9crite \u00e0 l&#8217;aiguille, celle de la dentelle du Puy aux fuseaux. [&hellip;]\" \/>\n<meta property=\"og:url\" content=\"https:\/\/librairie7l.com\/en\/produit\/dentelles-dalencon-et-du-puy-2\/\" \/>\n<meta property=\"og:site_name\" content=\"Librairie 7L\" \/>\n<meta property=\"article:modified_time\" content=\"2026-05-01T05:47:33+00:00\" \/>\n<meta name=\"twitter:card\" content=\"summary_large_image\" \/>\n<meta name=\"twitter:label1\" content=\"Est. reading time\" \/>\n\t<meta name=\"twitter:data1\" content=\"1 minute\" \/>\n<script type=\"application\/ld+json\" class=\"yoast-schema-graph\">{\"@context\":\"https:\/\/schema.org\",\"@graph\":[{\"@type\":\"WebPage\",\"@id\":\"https:\/\/librairie7l.com\/en\/produit\/dentelles-dalencon-et-du-puy-2\/\",\"url\":\"https:\/\/librairie7l.com\/en\/produit\/dentelles-dalencon-et-du-puy-2\/\",\"name\":\"Dentelles d'Alen\u00e7on et du Puy - Librairie 7L\",\"isPartOf\":{\"@id\":\"https:\/\/librairie7l.com\/en\/#website\"},\"datePublished\":\"2026-03-11T09:16:21+00:00\",\"dateModified\":\"2026-05-01T05:47:33+00:00\",\"breadcrumb\":{\"@id\":\"https:\/\/librairie7l.com\/en\/produit\/dentelles-dalencon-et-du-puy-2\/#breadcrumb\"},\"inLanguage\":\"en-US\",\"potentialAction\":[{\"@type\":\"ReadAction\",\"target\":[\"https:\/\/librairie7l.com\/en\/produit\/dentelles-dalencon-et-du-puy-2\/\"]}]},{\"@type\":\"BreadcrumbList\",\"@id\":\"https:\/\/librairie7l.com\/en\/produit\/dentelles-dalencon-et-du-puy-2\/#breadcrumb\",\"itemListElement\":[{\"@type\":\"ListItem\",\"position\":1,\"name\":\"Accueil\",\"item\":\"https:\/\/librairie7l.com\/en\/\"},{\"@type\":\"ListItem\",\"position\":2,\"name\":\"Shop\",\"item\":\"https:\/\/librairie7l.com\/en\/shop\/\"},{\"@type\":\"ListItem\",\"position\":3,\"name\":\"DENTELLES D&#8217;ALEN\u00c7ON ET DU PUY\"}]},{\"@type\":\"WebSite\",\"@id\":\"https:\/\/librairie7l.com\/en\/#website\",\"url\":\"https:\/\/librairie7l.com\/en\/\",\"name\":\"Librairie 7L\",\"description\":\"Librairie fond\u00e9e en 1999 par Karl Lagerfeld \u00e0 Paris\",\"publisher\":{\"@id\":\"https:\/\/librairie7l.com\/en\/#organization\"},\"potentialAction\":[{\"@type\":\"SearchAction\",\"target\":{\"@type\":\"EntryPoint\",\"urlTemplate\":\"https:\/\/librairie7l.com\/en\/?s={search_term_string}\"},\"query-input\":\"required name=search_term_string\"}],\"inLanguage\":\"en-US\"},{\"@type\":\"Organization\",\"@id\":\"https:\/\/librairie7l.com\/en\/#organization\",\"name\":\"Librairie 7L\",\"url\":\"https:\/\/librairie7l.com\/en\/\",\"logo\":{\"@type\":\"ImageObject\",\"inLanguage\":\"en-US\",\"@id\":\"https:\/\/librairie7l.com\/en\/#\/schema\/logo\/image\/\",\"url\":\"https:\/\/librairie7l.com\/wp-content\/uploads\/2022\/08\/logo-1.png\",\"contentUrl\":\"https:\/\/librairie7l.com\/wp-content\/uploads\/2022\/08\/logo-1.png\",\"width\":227,\"height\":301,\"caption\":\"Librairie 7L\"},\"image\":{\"@id\":\"https:\/\/librairie7l.com\/en\/#\/schema\/logo\/image\/\"}}]}<\/script>\n<!-- \/ Yoast SEO plugin. -->","yoast_head_json":{"title":"Dentelles d'Alen\u00e7on et du Puy - Librairie 7L","robots":{"index":"index","follow":"follow","max-snippet":"max-snippet:-1","max-image-preview":"max-image-preview:large","max-video-preview":"max-video-preview:-1"},"canonical":"https:\/\/librairie7l.com\/en\/produit\/dentelles-dalencon-et-du-puy-2\/","og_locale":"en_US","og_type":"article","og_title":"Dentelles d'Alen\u00e7on et du Puy - Librairie 7L","og_description":"Deux savoir-faire d&#8217;excellence, deux arts de la main, inscrits au patrimoine immat\u00e9riel de l&#8217;Unesco, le point d&#8217;Alen\u00e7on et la dentelle au fuseau du Puy- en-Velay, connaissent un nouvel \u00e2ge d&#8217;or gr\u00e2ce \u00e0 la cr\u00e9ation d&#8217;ateliers-conservatoires nationaux en 1976. L&#8217;histoire de la dentelle d&#8217;Alen\u00e7on s&#8217;est \u00e9crite \u00e0 l&#8217;aiguille, celle de la dentelle du Puy aux fuseaux. [&hellip;]","og_url":"https:\/\/librairie7l.com\/en\/produit\/dentelles-dalencon-et-du-puy-2\/","og_site_name":"Librairie 7L","article_modified_time":"2026-05-01T05:47:33+00:00","twitter_card":"summary_large_image","twitter_misc":{"Est. reading time":"1 minute"},"schema":{"@context":"https:\/\/schema.org","@graph":[{"@type":"WebPage","@id":"https:\/\/librairie7l.com\/en\/produit\/dentelles-dalencon-et-du-puy-2\/","url":"https:\/\/librairie7l.com\/en\/produit\/dentelles-dalencon-et-du-puy-2\/","name":"Dentelles d'Alen\u00e7on et du Puy - Librairie 7L","isPartOf":{"@id":"https:\/\/librairie7l.com\/en\/#website"},"datePublished":"2026-03-11T09:16:21+00:00","dateModified":"2026-05-01T05:47:33+00:00","breadcrumb":{"@id":"https:\/\/librairie7l.com\/en\/produit\/dentelles-dalencon-et-du-puy-2\/#breadcrumb"},"inLanguage":"en-US","potentialAction":[{"@type":"ReadAction","target":["https:\/\/librairie7l.com\/en\/produit\/dentelles-dalencon-et-du-puy-2\/"]}]},{"@type":"BreadcrumbList","@id":"https:\/\/librairie7l.com\/en\/produit\/dentelles-dalencon-et-du-puy-2\/#breadcrumb","itemListElement":[{"@type":"ListItem","position":1,"name":"Accueil","item":"https:\/\/librairie7l.com\/en\/"},{"@type":"ListItem","position":2,"name":"Shop","item":"https:\/\/librairie7l.com\/en\/shop\/"},{"@type":"ListItem","position":3,"name":"DENTELLES D&#8217;ALEN\u00c7ON ET DU PUY"}]},{"@type":"WebSite","@id":"https:\/\/librairie7l.com\/en\/#website","url":"https:\/\/librairie7l.com\/en\/","name":"Librairie 7L","description":"Librairie fond\u00e9e en 1999 par Karl Lagerfeld \u00e0 Paris","publisher":{"@id":"https:\/\/librairie7l.com\/en\/#organization"},"potentialAction":[{"@type":"SearchAction","target":{"@type":"EntryPoint","urlTemplate":"https:\/\/librairie7l.com\/en\/?s={search_term_string}"},"query-input":"required name=search_term_string"}],"inLanguage":"en-US"},{"@type":"Organization","@id":"https:\/\/librairie7l.com\/en\/#organization","name":"Librairie 7L","url":"https:\/\/librairie7l.com\/en\/","logo":{"@type":"ImageObject","inLanguage":"en-US","@id":"https:\/\/librairie7l.com\/en\/#\/schema\/logo\/image\/","url":"https:\/\/librairie7l.com\/wp-content\/uploads\/2022\/08\/logo-1.png","contentUrl":"https:\/\/librairie7l.com\/wp-content\/uploads\/2022\/08\/logo-1.png","width":227,"height":301,"caption":"Librairie 7L"},"image":{"@id":"https:\/\/librairie7l.com\/en\/#\/schema\/logo\/image\/"}}]}},"_links":{"self":[{"href":"https:\/\/librairie7l.com\/en\/wp-json\/wp\/v2\/product\/55650"}],"collection":[{"href":"https:\/\/librairie7l.com\/en\/wp-json\/wp\/v2\/product"}],"about":[{"href":"https:\/\/librairie7l.com\/en\/wp-json\/wp\/v2\/types\/product"}],"wp:attachment":[{"href":"https:\/\/librairie7l.com\/en\/wp-json\/wp\/v2\/media?parent=55650"}],"wp:term":[{"taxonomy":"product_cat","embeddable":true,"href":"https:\/\/librairie7l.com\/en\/wp-json\/wp\/v2\/product_cat?post=55650"},{"taxonomy":"product_tag","embeddable":true,"href":"https:\/\/librairie7l.com\/en\/wp-json\/wp\/v2\/product_tag?post=55650"}],"curies":[{"name":"wp","href":"https:\/\/api.w.org\/{rel}","templated":true}]}}

DENTELLES D&#8217;ALENÇON ET DU PUY

<p>Deux savoir-faire d&#8217;excellence, deux arts de la main, inscrits au patrimoine immatériel de l&#8217;Unesco, le point d&#8217;Alençon et la dentelle au fuseau du Puy- en-Velay, connaissent un nouvel âge d&#8217;or grâce à la création d&#8217;ateliers-conservatoires nationaux en 1976.<br />
 L&#8217;histoire de la dentelle d&#8217;Alençon s&#8217;est écrite à l&#8217;aiguille, celle de la dentelle du Puy aux fuseaux. Les deux se développent au XVIIe siècle, lorsque Colbert instaure les Manufactures royales de dentelles en France. Chacune, avec sa technique bien spécifique, est un art de la patience et de la virtuosité : réaliser 1 centimètre carré de dentelle au point d&#8217;Alençon nécessite 7 à 8 heures de travail , pour jouer avec l&#8217;infinie variétés des points de dentelle du Puy, il faut manier, avec une agilité extraordinaire, des dizaines de fuseaux et leurs fils blancs ou multicolores.<br />
 Au milieu du XXe siècle, ces savoir-faire, précieusement transmis de génération en génération, étaient menacés de disparition. La création en 1976 d&#8217;ateliers-conservatoires, rattachés aux Mobilier national, permit de les sauver. Alençon et le Puy deviennent alors les nouveaux laboratoires d&#8217;une création contemporaine insoupçonnée.<br />
 Cet ouvrage accompagne deux expositions-événements qui s&#8217;ouvriront au printemps 2026 dans chacune de ces capitales de la dentelle. Il retrace par l&#8217;image et le texte 50 ans de créations des ateliers-conservatoires. La créativité et la dextérité des dentellières s&#8217;y révèlent au plus haut niveau.</p>

<p>Deux savoir-faire d&#8217;excellence, deux arts de la main, inscrits au patrimoine immatériel de l&#8217;Unesco, le point d&#8217;Alençon et la dentelle au fuseau du Puy- en-Velay, connaissent un nouvel âge d&#8217;or grâce à la création d&#8217;ateliers-conservatoires nationaux en 1976. L&#8217;histoire de la dentelle d&#8217;Alençon s&#8217;est écrite à l&#8217;aiguille, celle de la dentelle du Puy aux fuseaux. [&hellip;]</p>

<!-- This site is optimized with the Yoast SEO plugin v20.11 - https://yoast.com/wordpress/plugins/seo/ -->
<title>Dentelles d&#039;Alençon et du Puy - Librairie 7L</title>
<meta name="robots" content="index, follow, max-snippet:-1, max-image-preview:large, max-video-preview:-1" />
<link rel="canonical" href="https://librairie7l.com/en/produit/dentelles-dalencon-et-du-puy-2/" />
<meta property="og:locale" content="en_US" />
<meta property="og:type" content="article" />
<meta property="og:title" content="Dentelles d&#039;Alençon et du Puy - Librairie 7L" />
<meta property="og:description" content="Deux savoir-faire d&#8217;excellence, deux arts de la main, inscrits au patrimoine immatériel de l&#8217;Unesco, le point d&#8217;Alençon et la dentelle au fuseau du Puy- en-Velay, connaissent un nouvel âge d&#8217;or grâce à la création d&#8217;ateliers-conservatoires nationaux en 1976. L&#8217;histoire de la dentelle d&#8217;Alençon s&#8217;est écrite à l&#8217;aiguille, celle de la dentelle du Puy aux fuseaux. [&hellip;]" />
<meta property="og:url" content="https://librairie7l.com/en/produit/dentelles-dalencon-et-du-puy-2/" />
<meta property="og:site_name" content="Librairie 7L" />
<meta property="article:modified_time" content="2026-05-01T05:47:33+00:00" />
<meta name="twitter:card" content="summary_large_image" />
<meta name="twitter:label1" content="Est. reading time" />
	<meta name="twitter:data1" content="1 minute" />
<script type="application/ld+json" class="yoast-schema-graph">{"@context":"https://schema.org","@graph":[{"@type":"WebPage","@id":"https://librairie7l.com/en/produit/dentelles-dalencon-et-du-puy-2/","url":"https://librairie7l.com/en/produit/dentelles-dalencon-et-du-puy-2/","name":"Dentelles d'Alençon et du Puy - Librairie 7L","isPartOf":{"@id":"https://librairie7l.com/en/#website"},"datePublished":"2026-03-11T09:16:21+00:00","dateModified":"2026-05-01T05:47:33+00:00","breadcrumb":{"@id":"https://librairie7l.com/en/produit/dentelles-dalencon-et-du-puy-2/#breadcrumb"},"inLanguage":"en-US","potentialAction":[{"@type":"ReadAction","target":["https://librairie7l.com/en/produit/dentelles-dalencon-et-du-puy-2/"]}]},{"@type":"BreadcrumbList","@id":"https://librairie7l.com/en/produit/dentelles-dalencon-et-du-puy-2/#breadcrumb","itemListElement":[{"@type":"ListItem","position":1,"name":"Accueil","item":"https://librairie7l.com/en/"},{"@type":"ListItem","position":2,"name":"Shop","item":"https://librairie7l.com/en/shop/"},{"@type":"ListItem","position":3,"name":"DENTELLES D&#8217;ALENÇON ET DU PUY"}]},{"@type":"WebSite","@id":"https://librairie7l.com/en/#website","url":"https://librairie7l.com/en/","name":"Librairie 7L","description":"Librairie fondée en 1999 par Karl Lagerfeld à Paris","publisher":{"@id":"https://librairie7l.com/en/#organization"},"potentialAction":[{"@type":"SearchAction","target":{"@type":"EntryPoint","urlTemplate":"https://librairie7l.com/en/?s={search_term_string}"},"query-input":"required name=search_term_string"}],"inLanguage":"en-US"},{"@type":"Organization","@id":"https://librairie7l.com/en/#organization","name":"Librairie 7L","url":"https://librairie7l.com/en/","logo":{"@type":"ImageObject","inLanguage":"en-US","@id":"https://librairie7l.com/en/#/schema/logo/image/","url":"https://librairie7l.com/wp-content/uploads/2022/08/logo-1.png","contentUrl":"https://librairie7l.com/wp-content/uploads/2022/08/logo-1.png","width":227,"height":301,"caption":"Librairie 7L"},"image":{"@id":"https://librairie7l.com/en/#/schema/logo/image/"}}]}</script>
<!-- / Yoast SEO plugin. -->

Dentelles d'Alençon et du Puy - Librairie 7L

Deux savoir-faire d&#8217;excellence, deux arts de la main, inscrits au patrimoine immatériel de l&#8217;Unesco, le point d&#8217;Alençon et la dentelle au fuseau du Puy- en-Velay, connaissent un nouvel âge d&#8217;or grâce à la création d&#8217;ateliers-conservatoires nationaux en 1976. L&#8217;histoire de la dentelle d&#8217;Alençon s&#8217;est écrite à l&#8217;aiguille, celle de la dentelle du Puy aux fuseaux. [&hellip;]

Librairie fondée en 1999 par Karl Lagerfeld à Paris
