{"id":56073,"date":"2026-04-01T10:16:26","date_gmt":"2026-04-01T08:16:26","guid":{"rendered":"https:\/\/librairie7l.com\/?post_type=product&#038;p=56073"},"modified":"2026-05-01T01:17:42","modified_gmt":"2026-04-30T23:17:42","slug":"dior-a-la-recherche-des-couleurs-de-lenfance-2","status":"publish","type":"product","link":"https:\/\/librairie7l.com\/en\/produit\/dior-a-la-recherche-des-couleurs-de-lenfance-2\/","title":{"rendered":"DIOR : \u00c0 LA RECHERCHE DES COULEURS DE L&#8217;ENFANCE"},"content":{"rendered":"<p>L&#8217;enfance de Christian Dior \u00e0 l&#8217;origine des codes de sa maison de couture.<\/p>\n<p>C&#8217;est \u00e0 Granville, station baln\u00e9aire normande en vogue dans les ann\u00e9es 1910-1920, que le c\u00e9l\u00e8bre couturier, Christian Dior, passe son enfance. Plus particuli\u00e8rement \u00e0 la villa<br \/>\nLes Rhumbs, qui abrite actuellement le Mus\u00e9e Christian Dior.<br \/>\nCet ouvrage se lit comme un parcours \u00e0 travers l&#8217;enfance du couturier, se penchant sur les \u00e9l\u00e9ments fondateurs de ce qui d\u00e9finira l&#8217;esprit Dior. En premier, la maison grise et rose, dont le couturier s&#8217;inspirera pour d\u00e9finir la palette de couleurs de ses robes ; ses jardins, dont Christian Dior aime s&#8217;occuper aux c\u00f4t\u00e9s de sa m\u00e8re, et qui seront \u00e0 la source de l&#8217;histoire florale de la maison Dior ; les r\u00e9f\u00e9rences \u00e0 la Belle \u00c9poque retrouv\u00e9es dans les draperies, des cr\u00e9ations de la maison de couture et qui proviennent des go\u00fbts maternels.<br \/>\nPour illustrer cette narration, des images des cr\u00e9ations de Christian Dior mais aussi de ses successeurs s&#8217;entre-m\u00ealent aux photographies des albums familiaux. L&#8217;inspiration normande et familiale du couturier se r\u00e9v\u00e8le ainsi dans la r\u00e9invention des cr\u00e9ateurs successifs de la maison Dior.<br \/>\nCette mise en lumi\u00e8re des liens entre l&#8217;enfance du couturier et les codes, toujours actuels, de la maison Dior fait de ce volume un ouvrage de r\u00e9f\u00e9rence.<\/p>\n","protected":false},"excerpt":{"rendered":"<p>L&#8217;enfance de Christian Dior \u00e0 l&#8217;origine des codes de sa maison de couture. C&#8217;est \u00e0 Granville, station baln\u00e9aire normande en vogue dans les ann\u00e9es 1910-1920, que le c\u00e9l\u00e8bre couturier, Christian Dior, passe son enfance. Plus particuli\u00e8rement \u00e0 la villa Les Rhumbs, qui abrite actuellement le Mus\u00e9e Christian Dior. Cet ouvrage se lit comme un parcours [&hellip;]<\/p>\n","protected":false},"featured_media":56071,"template":"","meta":[],"product_cat":[2948],"product_tag":[],"acf":[],"yoast_head":"<!-- This site is optimized with the Yoast SEO plugin v20.11 - https:\/\/yoast.com\/wordpress\/plugins\/seo\/ -->\n<title>Dior : \u00c0 la recherche des couleurs de l&#039;enfance - Librairie 7L<\/title>\n<meta name=\"robots\" content=\"index, follow, max-snippet:-1, max-image-preview:large, max-video-preview:-1\" \/>\n<link rel=\"canonical\" href=\"https:\/\/librairie7l.com\/en\/produit\/dior-a-la-recherche-des-couleurs-de-lenfance-2\/\" \/>\n<meta property=\"og:locale\" content=\"en_US\" \/>\n<meta property=\"og:type\" content=\"article\" \/>\n<meta property=\"og:title\" content=\"Dior : \u00c0 la recherche des couleurs de l&#039;enfance - Librairie 7L\" \/>\n<meta property=\"og:description\" content=\"L&#8217;enfance de Christian Dior \u00e0 l&#8217;origine des codes de sa maison de couture. C&#8217;est \u00e0 Granville, station baln\u00e9aire normande en vogue dans les ann\u00e9es 1910-1920, que le c\u00e9l\u00e8bre couturier, Christian Dior, passe son enfance. Plus particuli\u00e8rement \u00e0 la villa Les Rhumbs, qui abrite actuellement le Mus\u00e9e Christian Dior. Cet ouvrage se lit comme un parcours [&hellip;]\" \/>\n<meta property=\"og:url\" content=\"https:\/\/librairie7l.com\/en\/produit\/dior-a-la-recherche-des-couleurs-de-lenfance-2\/\" \/>\n<meta property=\"og:site_name\" content=\"Librairie 7L\" \/>\n<meta property=\"article:modified_time\" content=\"2026-04-30T23:17:42+00:00\" \/>\n<meta property=\"og:image\" content=\"https:\/\/librairie7l.com\/wp-content\/uploads\/2026\/01\/9780847877508_1_75.jpg\" \/>\n\t<meta property=\"og:image:width\" content=\"600\" \/>\n\t<meta property=\"og:image:height\" content=\"766\" \/>\n\t<meta property=\"og:image:type\" content=\"image\/jpeg\" \/>\n<meta name=\"twitter:card\" content=\"summary_large_image\" \/>\n<meta name=\"twitter:label1\" content=\"Est. reading time\" \/>\n\t<meta name=\"twitter:data1\" content=\"1 minute\" \/>\n<script type=\"application\/ld+json\" class=\"yoast-schema-graph\">{\"@context\":\"https:\/\/schema.org\",\"@graph\":[{\"@type\":\"WebPage\",\"@id\":\"https:\/\/librairie7l.com\/en\/produit\/dior-a-la-recherche-des-couleurs-de-lenfance-2\/\",\"url\":\"https:\/\/librairie7l.com\/en\/produit\/dior-a-la-recherche-des-couleurs-de-lenfance-2\/\",\"name\":\"Dior : \u00c0 la recherche des couleurs de l'enfance - Librairie 7L\",\"isPartOf\":{\"@id\":\"https:\/\/librairie7l.com\/en\/#website\"},\"datePublished\":\"2026-04-01T08:16:26+00:00\",\"dateModified\":\"2026-04-30T23:17:42+00:00\",\"breadcrumb\":{\"@id\":\"https:\/\/librairie7l.com\/en\/produit\/dior-a-la-recherche-des-couleurs-de-lenfance-2\/#breadcrumb\"},\"inLanguage\":\"en-US\",\"potentialAction\":[{\"@type\":\"ReadAction\",\"target\":[\"https:\/\/librairie7l.com\/en\/produit\/dior-a-la-recherche-des-couleurs-de-lenfance-2\/\"]}]},{\"@type\":\"BreadcrumbList\",\"@id\":\"https:\/\/librairie7l.com\/en\/produit\/dior-a-la-recherche-des-couleurs-de-lenfance-2\/#breadcrumb\",\"itemListElement\":[{\"@type\":\"ListItem\",\"position\":1,\"name\":\"Accueil\",\"item\":\"https:\/\/librairie7l.com\/en\/\"},{\"@type\":\"ListItem\",\"position\":2,\"name\":\"Shop\",\"item\":\"https:\/\/librairie7l.com\/en\/shop\/\"},{\"@type\":\"ListItem\",\"position\":3,\"name\":\"DIOR : \u00c0 LA RECHERCHE DES COULEURS DE L&#8217;ENFANCE\"}]},{\"@type\":\"WebSite\",\"@id\":\"https:\/\/librairie7l.com\/en\/#website\",\"url\":\"https:\/\/librairie7l.com\/en\/\",\"name\":\"Librairie 7L\",\"description\":\"Librairie fond\u00e9e en 1999 par Karl Lagerfeld \u00e0 Paris\",\"publisher\":{\"@id\":\"https:\/\/librairie7l.com\/en\/#organization\"},\"potentialAction\":[{\"@type\":\"SearchAction\",\"target\":{\"@type\":\"EntryPoint\",\"urlTemplate\":\"https:\/\/librairie7l.com\/en\/?s={search_term_string}\"},\"query-input\":\"required name=search_term_string\"}],\"inLanguage\":\"en-US\"},{\"@type\":\"Organization\",\"@id\":\"https:\/\/librairie7l.com\/en\/#organization\",\"name\":\"Librairie 7L\",\"url\":\"https:\/\/librairie7l.com\/en\/\",\"logo\":{\"@type\":\"ImageObject\",\"inLanguage\":\"en-US\",\"@id\":\"https:\/\/librairie7l.com\/en\/#\/schema\/logo\/image\/\",\"url\":\"https:\/\/librairie7l.com\/wp-content\/uploads\/2022\/08\/logo-1.png\",\"contentUrl\":\"https:\/\/librairie7l.com\/wp-content\/uploads\/2022\/08\/logo-1.png\",\"width\":227,\"height\":301,\"caption\":\"Librairie 7L\"},\"image\":{\"@id\":\"https:\/\/librairie7l.com\/en\/#\/schema\/logo\/image\/\"}}]}<\/script>\n<!-- \/ Yoast SEO plugin. -->","yoast_head_json":{"title":"Dior : \u00c0 la recherche des couleurs de l'enfance - Librairie 7L","robots":{"index":"index","follow":"follow","max-snippet":"max-snippet:-1","max-image-preview":"max-image-preview:large","max-video-preview":"max-video-preview:-1"},"canonical":"https:\/\/librairie7l.com\/en\/produit\/dior-a-la-recherche-des-couleurs-de-lenfance-2\/","og_locale":"en_US","og_type":"article","og_title":"Dior : \u00c0 la recherche des couleurs de l'enfance - Librairie 7L","og_description":"L&#8217;enfance de Christian Dior \u00e0 l&#8217;origine des codes de sa maison de couture. C&#8217;est \u00e0 Granville, station baln\u00e9aire normande en vogue dans les ann\u00e9es 1910-1920, que le c\u00e9l\u00e8bre couturier, Christian Dior, passe son enfance. Plus particuli\u00e8rement \u00e0 la villa Les Rhumbs, qui abrite actuellement le Mus\u00e9e Christian Dior. Cet ouvrage se lit comme un parcours [&hellip;]","og_url":"https:\/\/librairie7l.com\/en\/produit\/dior-a-la-recherche-des-couleurs-de-lenfance-2\/","og_site_name":"Librairie 7L","article_modified_time":"2026-04-30T23:17:42+00:00","og_image":[{"width":600,"height":766,"url":"https:\/\/librairie7l.com\/wp-content\/uploads\/2026\/01\/9780847877508_1_75.jpg","type":"image\/jpeg"}],"twitter_card":"summary_large_image","twitter_misc":{"Est. reading time":"1 minute"},"schema":{"@context":"https:\/\/schema.org","@graph":[{"@type":"WebPage","@id":"https:\/\/librairie7l.com\/en\/produit\/dior-a-la-recherche-des-couleurs-de-lenfance-2\/","url":"https:\/\/librairie7l.com\/en\/produit\/dior-a-la-recherche-des-couleurs-de-lenfance-2\/","name":"Dior : \u00c0 la recherche des couleurs de l'enfance - Librairie 7L","isPartOf":{"@id":"https:\/\/librairie7l.com\/en\/#website"},"datePublished":"2026-04-01T08:16:26+00:00","dateModified":"2026-04-30T23:17:42+00:00","breadcrumb":{"@id":"https:\/\/librairie7l.com\/en\/produit\/dior-a-la-recherche-des-couleurs-de-lenfance-2\/#breadcrumb"},"inLanguage":"en-US","potentialAction":[{"@type":"ReadAction","target":["https:\/\/librairie7l.com\/en\/produit\/dior-a-la-recherche-des-couleurs-de-lenfance-2\/"]}]},{"@type":"BreadcrumbList","@id":"https:\/\/librairie7l.com\/en\/produit\/dior-a-la-recherche-des-couleurs-de-lenfance-2\/#breadcrumb","itemListElement":[{"@type":"ListItem","position":1,"name":"Accueil","item":"https:\/\/librairie7l.com\/en\/"},{"@type":"ListItem","position":2,"name":"Shop","item":"https:\/\/librairie7l.com\/en\/shop\/"},{"@type":"ListItem","position":3,"name":"DIOR : \u00c0 LA RECHERCHE DES COULEURS DE L&#8217;ENFANCE"}]},{"@type":"WebSite","@id":"https:\/\/librairie7l.com\/en\/#website","url":"https:\/\/librairie7l.com\/en\/","name":"Librairie 7L","description":"Librairie fond\u00e9e en 1999 par Karl Lagerfeld \u00e0 Paris","publisher":{"@id":"https:\/\/librairie7l.com\/en\/#organization"},"potentialAction":[{"@type":"SearchAction","target":{"@type":"EntryPoint","urlTemplate":"https:\/\/librairie7l.com\/en\/?s={search_term_string}"},"query-input":"required name=search_term_string"}],"inLanguage":"en-US"},{"@type":"Organization","@id":"https:\/\/librairie7l.com\/en\/#organization","name":"Librairie 7L","url":"https:\/\/librairie7l.com\/en\/","logo":{"@type":"ImageObject","inLanguage":"en-US","@id":"https:\/\/librairie7l.com\/en\/#\/schema\/logo\/image\/","url":"https:\/\/librairie7l.com\/wp-content\/uploads\/2022\/08\/logo-1.png","contentUrl":"https:\/\/librairie7l.com\/wp-content\/uploads\/2022\/08\/logo-1.png","width":227,"height":301,"caption":"Librairie 7L"},"image":{"@id":"https:\/\/librairie7l.com\/en\/#\/schema\/logo\/image\/"}}]}},"_links":{"self":[{"href":"https:\/\/librairie7l.com\/en\/wp-json\/wp\/v2\/product\/56073"}],"collection":[{"href":"https:\/\/librairie7l.com\/en\/wp-json\/wp\/v2\/product"}],"about":[{"href":"https:\/\/librairie7l.com\/en\/wp-json\/wp\/v2\/types\/product"}],"wp:featuredmedia":[{"embeddable":true,"href":"https:\/\/librairie7l.com\/en\/wp-json\/wp\/v2\/media\/56071"}],"wp:attachment":[{"href":"https:\/\/librairie7l.com\/en\/wp-json\/wp\/v2\/media?parent=56073"}],"wp:term":[{"taxonomy":"product_cat","embeddable":true,"href":"https:\/\/librairie7l.com\/en\/wp-json\/wp\/v2\/product_cat?post=56073"},{"taxonomy":"product_tag","embeddable":true,"href":"https:\/\/librairie7l.com\/en\/wp-json\/wp\/v2\/product_tag?post=56073"}],"curies":[{"name":"wp","href":"https:\/\/api.w.org\/{rel}","templated":true}]}}

DIOR : À LA RECHERCHE DES COULEURS DE L&#8217;ENFANCE

<p>L&#8217;enfance de Christian Dior à l&#8217;origine des codes de sa maison de couture.</p>
<p>C&#8217;est à Granville, station balnéaire normande en vogue dans les années 1910-1920, que le célèbre couturier, Christian Dior, passe son enfance. Plus particulièrement à la villa<br />
Les Rhumbs, qui abrite actuellement le Musée Christian Dior.<br />
Cet ouvrage se lit comme un parcours à travers l&#8217;enfance du couturier, se penchant sur les éléments fondateurs de ce qui définira l&#8217;esprit Dior. En premier, la maison grise et rose, dont le couturier s&#8217;inspirera pour définir la palette de couleurs de ses robes ; ses jardins, dont Christian Dior aime s&#8217;occuper aux côtés de sa mère, et qui seront à la source de l&#8217;histoire florale de la maison Dior ; les références à la Belle Époque retrouvées dans les draperies, des créations de la maison de couture et qui proviennent des goûts maternels.<br />
Pour illustrer cette narration, des images des créations de Christian Dior mais aussi de ses successeurs s&#8217;entre-mêlent aux photographies des albums familiaux. L&#8217;inspiration normande et familiale du couturier se révèle ainsi dans la réinvention des créateurs successifs de la maison Dior.<br />
Cette mise en lumière des liens entre l&#8217;enfance du couturier et les codes, toujours actuels, de la maison Dior fait de ce volume un ouvrage de référence.</p>

<p>L&#8217;enfance de Christian Dior à l&#8217;origine des codes de sa maison de couture. C&#8217;est à Granville, station balnéaire normande en vogue dans les années 1910-1920, que le célèbre couturier, Christian Dior, passe son enfance. Plus particulièrement à la villa Les Rhumbs, qui abrite actuellement le Musée Christian Dior. Cet ouvrage se lit comme un parcours [&hellip;]</p>

<!-- This site is optimized with the Yoast SEO plugin v20.11 - https://yoast.com/wordpress/plugins/seo/ -->
<title>Dior : À la recherche des couleurs de l&#039;enfance - Librairie 7L</title>
<meta name="robots" content="index, follow, max-snippet:-1, max-image-preview:large, max-video-preview:-1" />
<link rel="canonical" href="https://librairie7l.com/en/produit/dior-a-la-recherche-des-couleurs-de-lenfance-2/" />
<meta property="og:locale" content="en_US" />
<meta property="og:type" content="article" />
<meta property="og:title" content="Dior : À la recherche des couleurs de l&#039;enfance - Librairie 7L" />
<meta property="og:description" content="L&#8217;enfance de Christian Dior à l&#8217;origine des codes de sa maison de couture. C&#8217;est à Granville, station balnéaire normande en vogue dans les années 1910-1920, que le célèbre couturier, Christian Dior, passe son enfance. Plus particulièrement à la villa Les Rhumbs, qui abrite actuellement le Musée Christian Dior. Cet ouvrage se lit comme un parcours [&hellip;]" />
<meta property="og:url" content="https://librairie7l.com/en/produit/dior-a-la-recherche-des-couleurs-de-lenfance-2/" />
<meta property="og:site_name" content="Librairie 7L" />
<meta property="article:modified_time" content="2026-04-30T23:17:42+00:00" />
<meta property="og:image" content="https://librairie7l.com/wp-content/uploads/2026/01/9780847877508_1_75.jpg" />
	<meta property="og:image:width" content="600" />
	<meta property="og:image:height" content="766" />
	<meta property="og:image:type" content="image/jpeg" />
<meta name="twitter:card" content="summary_large_image" />
<meta name="twitter:label1" content="Est. reading time" />
	<meta name="twitter:data1" content="1 minute" />
<script type="application/ld+json" class="yoast-schema-graph">{"@context":"https://schema.org","@graph":[{"@type":"WebPage","@id":"https://librairie7l.com/en/produit/dior-a-la-recherche-des-couleurs-de-lenfance-2/","url":"https://librairie7l.com/en/produit/dior-a-la-recherche-des-couleurs-de-lenfance-2/","name":"Dior : À la recherche des couleurs de l'enfance - Librairie 7L","isPartOf":{"@id":"https://librairie7l.com/en/#website"},"datePublished":"2026-04-01T08:16:26+00:00","dateModified":"2026-04-30T23:17:42+00:00","breadcrumb":{"@id":"https://librairie7l.com/en/produit/dior-a-la-recherche-des-couleurs-de-lenfance-2/#breadcrumb"},"inLanguage":"en-US","potentialAction":[{"@type":"ReadAction","target":["https://librairie7l.com/en/produit/dior-a-la-recherche-des-couleurs-de-lenfance-2/"]}]},{"@type":"BreadcrumbList","@id":"https://librairie7l.com/en/produit/dior-a-la-recherche-des-couleurs-de-lenfance-2/#breadcrumb","itemListElement":[{"@type":"ListItem","position":1,"name":"Accueil","item":"https://librairie7l.com/en/"},{"@type":"ListItem","position":2,"name":"Shop","item":"https://librairie7l.com/en/shop/"},{"@type":"ListItem","position":3,"name":"DIOR : À LA RECHERCHE DES COULEURS DE L&#8217;ENFANCE"}]},{"@type":"WebSite","@id":"https://librairie7l.com/en/#website","url":"https://librairie7l.com/en/","name":"Librairie 7L","description":"Librairie fondée en 1999 par Karl Lagerfeld à Paris","publisher":{"@id":"https://librairie7l.com/en/#organization"},"potentialAction":[{"@type":"SearchAction","target":{"@type":"EntryPoint","urlTemplate":"https://librairie7l.com/en/?s={search_term_string}"},"query-input":"required name=search_term_string"}],"inLanguage":"en-US"},{"@type":"Organization","@id":"https://librairie7l.com/en/#organization","name":"Librairie 7L","url":"https://librairie7l.com/en/","logo":{"@type":"ImageObject","inLanguage":"en-US","@id":"https://librairie7l.com/en/#/schema/logo/image/","url":"https://librairie7l.com/wp-content/uploads/2022/08/logo-1.png","contentUrl":"https://librairie7l.com/wp-content/uploads/2022/08/logo-1.png","width":227,"height":301,"caption":"Librairie 7L"},"image":{"@id":"https://librairie7l.com/en/#/schema/logo/image/"}}]}</script>
<!-- / Yoast SEO plugin. -->

Dior : À la recherche des couleurs de l'enfance - Librairie 7L

L&#8217;enfance de Christian Dior à l&#8217;origine des codes de sa maison de couture. C&#8217;est à Granville, station balnéaire normande en vogue dans les années 1910-1920, que le célèbre couturier, Christian Dior, passe son enfance. Plus particulièrement à la villa Les Rhumbs, qui abrite actuellement le Musée Christian Dior. Cet ouvrage se lit comme un parcours [&hellip;]

Librairie fondée en 1999 par Karl Lagerfeld à Paris
