{"id":56105,"date":"2026-04-02T10:16:27","date_gmt":"2026-04-02T08:16:27","guid":{"rendered":"https:\/\/librairie7l.com\/?post_type=product&#038;p=56105"},"modified":"2026-05-01T00:35:20","modified_gmt":"2026-04-30T22:35:20","slug":"adya-otto-van-rees-au-coeur-des-avant-gardes-at-the-heart-of-the-avant-garde-2","status":"publish","type":"product","link":"https:\/\/librairie7l.com\/en\/produit\/adya-otto-van-rees-au-coeur-des-avant-gardes-at-the-heart-of-the-avant-garde-2\/","title":{"rendered":"ADYA &AMP; OTTO VAN REES : AU COEUR DES AVANT-GARDES \/ AT THE HEART OF THE AVANT-GARDE"},"content":{"rendered":"<p>Tous deux originaires des Pays-Bas, Otto van Rees (1884-1957) et Adya van Rees-Dutilh (1876-1959) s&#8217;imposent comme des figures majeures de l&#8217;avant-garde europ\u00e9enne, engag\u00e9es dans une qu\u00eate artistique sans fronti\u00e8res. Ils traversent les grands courants de leur temps &#8211; du divisionnisme au cloisonnisme, du cubisme \u00e0 l&#8217;abstraction -, participent \u00e0 la naissance du mouvement Dada et \u00e0 la fondation du groupe Cercle et Carr\u00e9. Ils nouent des amiti\u00e9s fid\u00e8les avec Jean Arp, Georges Braque, Blaise Cendrars, Kees van Dongen, Otto Freundlich, Juan Gris, Piet Mondrian, Joaqu\u00edn Torres Garc\u00eda, Ossip Zadkine et bien d&#8217;autres. N\u00e9es de leurs dialogues f\u00e9conds, les oeuvres d&#8217;Adya et Otto van Rees racontent l&#8217;histoire de deux esprits libres, anim\u00e9s par la volont\u00e9 de faire de leur art un chemin d&#8217;\u00e9l\u00e9vation spirituelle.<\/p>\n<p>Originally from the Netherlands, Otto van Rees (1884-1957) and Adya van Rees-Dutilh (1876-1959) established themselves as major figures in the European avant-garde, engaged in an artistic quest without borders. They traversed the most significant movements of their time &#8211; from Divisionism to Cloisonnism, Cubism to abstraction &#8211; and participated in the birth of the Dada movement and the founding of the Cercle et Carr\u00e9 group. They formed lasting friendships with Jean Arp, Georges Braque, Blaise Cendrars, Kees van Dongen, Otto Freundlich, Juan Gris, Piet Mondrian, Joaqu\u00edn Torres Garc\u00eda, Ossip Zadkine and many others. Born of their fruitful dialogues, the works of Adya and Otto van Rees tell the story of two free spirits, driven by the desire to use art to forge a path towards spiritual elevation.<\/p>\n","protected":false},"excerpt":{"rendered":"<p>Tous deux originaires des Pays-Bas, Otto van Rees (1884-1957) et Adya van Rees-Dutilh (1876-1959) s&#8217;imposent comme des figures majeures de l&#8217;avant-garde europ\u00e9enne, engag\u00e9es dans une qu\u00eate artistique sans fronti\u00e8res. Ils traversent les grands courants de leur temps &#8211; du divisionnisme au cloisonnisme, du cubisme \u00e0 l&#8217;abstraction -, participent \u00e0 la naissance du mouvement Dada et [&hellip;]<\/p>\n","protected":false},"featured_media":56103,"template":"","meta":[],"product_cat":[2948],"product_tag":[],"acf":[],"yoast_head":"<!-- This site is optimized with the Yoast SEO plugin v20.11 - https:\/\/yoast.com\/wordpress\/plugins\/seo\/ -->\n<title>Adya &amp; Otto Van Rees : Au coeur des avant-gardes \/ At the heart of the avant-garde - Librairie 7L<\/title>\n<meta name=\"robots\" content=\"index, follow, max-snippet:-1, max-image-preview:large, max-video-preview:-1\" \/>\n<link rel=\"canonical\" href=\"https:\/\/librairie7l.com\/en\/produit\/adya-otto-van-rees-au-coeur-des-avant-gardes-at-the-heart-of-the-avant-garde-2\/\" \/>\n<meta property=\"og:locale\" content=\"en_US\" \/>\n<meta property=\"og:type\" content=\"article\" \/>\n<meta property=\"og:title\" content=\"Adya &amp; Otto Van Rees : Au coeur des avant-gardes \/ At the heart of the avant-garde - Librairie 7L\" \/>\n<meta property=\"og:description\" content=\"Tous deux originaires des Pays-Bas, Otto van Rees (1884-1957) et Adya van Rees-Dutilh (1876-1959) s&#8217;imposent comme des figures majeures de l&#8217;avant-garde europ\u00e9enne, engag\u00e9es dans une qu\u00eate artistique sans fronti\u00e8res. Ils traversent les grands courants de leur temps &#8211; du divisionnisme au cloisonnisme, du cubisme \u00e0 l&#8217;abstraction -, participent \u00e0 la naissance du mouvement Dada et [&hellip;]\" \/>\n<meta property=\"og:url\" content=\"https:\/\/librairie7l.com\/en\/produit\/adya-otto-van-rees-au-coeur-des-avant-gardes-at-the-heart-of-the-avant-garde-2\/\" \/>\n<meta property=\"og:site_name\" content=\"Librairie 7L\" \/>\n<meta property=\"article:modified_time\" content=\"2026-04-30T22:35:20+00:00\" \/>\n<meta property=\"og:image\" content=\"https:\/\/librairie7l.com\/wp-content\/uploads\/2026\/01\/9791399068764_1_75.jpg\" \/>\n\t<meta property=\"og:image:width\" content=\"600\" \/>\n\t<meta property=\"og:image:height\" content=\"758\" \/>\n\t<meta property=\"og:image:type\" content=\"image\/jpeg\" \/>\n<meta name=\"twitter:card\" content=\"summary_large_image\" \/>\n<meta name=\"twitter:label1\" content=\"Est. reading time\" \/>\n\t<meta name=\"twitter:data1\" content=\"1 minute\" \/>\n<script type=\"application\/ld+json\" class=\"yoast-schema-graph\">{\"@context\":\"https:\/\/schema.org\",\"@graph\":[{\"@type\":\"WebPage\",\"@id\":\"https:\/\/librairie7l.com\/en\/produit\/adya-otto-van-rees-au-coeur-des-avant-gardes-at-the-heart-of-the-avant-garde-2\/\",\"url\":\"https:\/\/librairie7l.com\/en\/produit\/adya-otto-van-rees-au-coeur-des-avant-gardes-at-the-heart-of-the-avant-garde-2\/\",\"name\":\"Adya &amp; Otto Van Rees : Au coeur des avant-gardes \/ At the heart of the avant-garde - Librairie 7L\",\"isPartOf\":{\"@id\":\"https:\/\/librairie7l.com\/en\/#website\"},\"datePublished\":\"2026-04-02T08:16:27+00:00\",\"dateModified\":\"2026-04-30T22:35:20+00:00\",\"breadcrumb\":{\"@id\":\"https:\/\/librairie7l.com\/en\/produit\/adya-otto-van-rees-au-coeur-des-avant-gardes-at-the-heart-of-the-avant-garde-2\/#breadcrumb\"},\"inLanguage\":\"en-US\",\"potentialAction\":[{\"@type\":\"ReadAction\",\"target\":[\"https:\/\/librairie7l.com\/en\/produit\/adya-otto-van-rees-au-coeur-des-avant-gardes-at-the-heart-of-the-avant-garde-2\/\"]}]},{\"@type\":\"BreadcrumbList\",\"@id\":\"https:\/\/librairie7l.com\/en\/produit\/adya-otto-van-rees-au-coeur-des-avant-gardes-at-the-heart-of-the-avant-garde-2\/#breadcrumb\",\"itemListElement\":[{\"@type\":\"ListItem\",\"position\":1,\"name\":\"Accueil\",\"item\":\"https:\/\/librairie7l.com\/en\/\"},{\"@type\":\"ListItem\",\"position\":2,\"name\":\"Shop\",\"item\":\"https:\/\/librairie7l.com\/en\/shop\/\"},{\"@type\":\"ListItem\",\"position\":3,\"name\":\"ADYA &AMP; OTTO VAN REES : AU COEUR DES AVANT-GARDES \/ AT THE HEART OF THE AVANT-GARDE\"}]},{\"@type\":\"WebSite\",\"@id\":\"https:\/\/librairie7l.com\/en\/#website\",\"url\":\"https:\/\/librairie7l.com\/en\/\",\"name\":\"Librairie 7L\",\"description\":\"Librairie fond\u00e9e en 1999 par Karl Lagerfeld \u00e0 Paris\",\"publisher\":{\"@id\":\"https:\/\/librairie7l.com\/en\/#organization\"},\"potentialAction\":[{\"@type\":\"SearchAction\",\"target\":{\"@type\":\"EntryPoint\",\"urlTemplate\":\"https:\/\/librairie7l.com\/en\/?s={search_term_string}\"},\"query-input\":\"required name=search_term_string\"}],\"inLanguage\":\"en-US\"},{\"@type\":\"Organization\",\"@id\":\"https:\/\/librairie7l.com\/en\/#organization\",\"name\":\"Librairie 7L\",\"url\":\"https:\/\/librairie7l.com\/en\/\",\"logo\":{\"@type\":\"ImageObject\",\"inLanguage\":\"en-US\",\"@id\":\"https:\/\/librairie7l.com\/en\/#\/schema\/logo\/image\/\",\"url\":\"https:\/\/librairie7l.com\/wp-content\/uploads\/2022\/08\/logo-1.png\",\"contentUrl\":\"https:\/\/librairie7l.com\/wp-content\/uploads\/2022\/08\/logo-1.png\",\"width\":227,\"height\":301,\"caption\":\"Librairie 7L\"},\"image\":{\"@id\":\"https:\/\/librairie7l.com\/en\/#\/schema\/logo\/image\/\"}}]}<\/script>\n<!-- \/ Yoast SEO plugin. -->","yoast_head_json":{"title":"Adya &amp; Otto Van Rees : Au coeur des avant-gardes \/ At the heart of the avant-garde - Librairie 7L","robots":{"index":"index","follow":"follow","max-snippet":"max-snippet:-1","max-image-preview":"max-image-preview:large","max-video-preview":"max-video-preview:-1"},"canonical":"https:\/\/librairie7l.com\/en\/produit\/adya-otto-van-rees-au-coeur-des-avant-gardes-at-the-heart-of-the-avant-garde-2\/","og_locale":"en_US","og_type":"article","og_title":"Adya &amp; Otto Van Rees : Au coeur des avant-gardes \/ At the heart of the avant-garde - Librairie 7L","og_description":"Tous deux originaires des Pays-Bas, Otto van Rees (1884-1957) et Adya van Rees-Dutilh (1876-1959) s&#8217;imposent comme des figures majeures de l&#8217;avant-garde europ\u00e9enne, engag\u00e9es dans une qu\u00eate artistique sans fronti\u00e8res. Ils traversent les grands courants de leur temps &#8211; du divisionnisme au cloisonnisme, du cubisme \u00e0 l&#8217;abstraction -, participent \u00e0 la naissance du mouvement Dada et [&hellip;]","og_url":"https:\/\/librairie7l.com\/en\/produit\/adya-otto-van-rees-au-coeur-des-avant-gardes-at-the-heart-of-the-avant-garde-2\/","og_site_name":"Librairie 7L","article_modified_time":"2026-04-30T22:35:20+00:00","og_image":[{"width":600,"height":758,"url":"https:\/\/librairie7l.com\/wp-content\/uploads\/2026\/01\/9791399068764_1_75.jpg","type":"image\/jpeg"}],"twitter_card":"summary_large_image","twitter_misc":{"Est. reading time":"1 minute"},"schema":{"@context":"https:\/\/schema.org","@graph":[{"@type":"WebPage","@id":"https:\/\/librairie7l.com\/en\/produit\/adya-otto-van-rees-au-coeur-des-avant-gardes-at-the-heart-of-the-avant-garde-2\/","url":"https:\/\/librairie7l.com\/en\/produit\/adya-otto-van-rees-au-coeur-des-avant-gardes-at-the-heart-of-the-avant-garde-2\/","name":"Adya &amp; Otto Van Rees : Au coeur des avant-gardes \/ At the heart of the avant-garde - Librairie 7L","isPartOf":{"@id":"https:\/\/librairie7l.com\/en\/#website"},"datePublished":"2026-04-02T08:16:27+00:00","dateModified":"2026-04-30T22:35:20+00:00","breadcrumb":{"@id":"https:\/\/librairie7l.com\/en\/produit\/adya-otto-van-rees-au-coeur-des-avant-gardes-at-the-heart-of-the-avant-garde-2\/#breadcrumb"},"inLanguage":"en-US","potentialAction":[{"@type":"ReadAction","target":["https:\/\/librairie7l.com\/en\/produit\/adya-otto-van-rees-au-coeur-des-avant-gardes-at-the-heart-of-the-avant-garde-2\/"]}]},{"@type":"BreadcrumbList","@id":"https:\/\/librairie7l.com\/en\/produit\/adya-otto-van-rees-au-coeur-des-avant-gardes-at-the-heart-of-the-avant-garde-2\/#breadcrumb","itemListElement":[{"@type":"ListItem","position":1,"name":"Accueil","item":"https:\/\/librairie7l.com\/en\/"},{"@type":"ListItem","position":2,"name":"Shop","item":"https:\/\/librairie7l.com\/en\/shop\/"},{"@type":"ListItem","position":3,"name":"ADYA &AMP; OTTO VAN REES : AU COEUR DES AVANT-GARDES \/ AT THE HEART OF THE AVANT-GARDE"}]},{"@type":"WebSite","@id":"https:\/\/librairie7l.com\/en\/#website","url":"https:\/\/librairie7l.com\/en\/","name":"Librairie 7L","description":"Librairie fond\u00e9e en 1999 par Karl Lagerfeld \u00e0 Paris","publisher":{"@id":"https:\/\/librairie7l.com\/en\/#organization"},"potentialAction":[{"@type":"SearchAction","target":{"@type":"EntryPoint","urlTemplate":"https:\/\/librairie7l.com\/en\/?s={search_term_string}"},"query-input":"required name=search_term_string"}],"inLanguage":"en-US"},{"@type":"Organization","@id":"https:\/\/librairie7l.com\/en\/#organization","name":"Librairie 7L","url":"https:\/\/librairie7l.com\/en\/","logo":{"@type":"ImageObject","inLanguage":"en-US","@id":"https:\/\/librairie7l.com\/en\/#\/schema\/logo\/image\/","url":"https:\/\/librairie7l.com\/wp-content\/uploads\/2022\/08\/logo-1.png","contentUrl":"https:\/\/librairie7l.com\/wp-content\/uploads\/2022\/08\/logo-1.png","width":227,"height":301,"caption":"Librairie 7L"},"image":{"@id":"https:\/\/librairie7l.com\/en\/#\/schema\/logo\/image\/"}}]}},"_links":{"self":[{"href":"https:\/\/librairie7l.com\/en\/wp-json\/wp\/v2\/product\/56105"}],"collection":[{"href":"https:\/\/librairie7l.com\/en\/wp-json\/wp\/v2\/product"}],"about":[{"href":"https:\/\/librairie7l.com\/en\/wp-json\/wp\/v2\/types\/product"}],"wp:featuredmedia":[{"embeddable":true,"href":"https:\/\/librairie7l.com\/en\/wp-json\/wp\/v2\/media\/56103"}],"wp:attachment":[{"href":"https:\/\/librairie7l.com\/en\/wp-json\/wp\/v2\/media?parent=56105"}],"wp:term":[{"taxonomy":"product_cat","embeddable":true,"href":"https:\/\/librairie7l.com\/en\/wp-json\/wp\/v2\/product_cat?post=56105"},{"taxonomy":"product_tag","embeddable":true,"href":"https:\/\/librairie7l.com\/en\/wp-json\/wp\/v2\/product_tag?post=56105"}],"curies":[{"name":"wp","href":"https:\/\/api.w.org\/{rel}","templated":true}]}}

<p>Tous deux originaires des Pays-Bas, Otto van Rees (1884-1957) et Adya van Rees-Dutilh (1876-1959) s&#8217;imposent comme des figures majeures de l&#8217;avant-garde européenne, engagées dans une quête artistique sans frontières. Ils traversent les grands courants de leur temps &#8211; du divisionnisme au cloisonnisme, du cubisme à l&#8217;abstraction -, participent à la naissance du mouvement Dada et à la fondation du groupe Cercle et Carré. Ils nouent des amitiés fidèles avec Jean Arp, Georges Braque, Blaise Cendrars, Kees van Dongen, Otto Freundlich, Juan Gris, Piet Mondrian, Joaquín Torres García, Ossip Zadkine et bien d&#8217;autres. Nées de leurs dialogues féconds, les oeuvres d&#8217;Adya et Otto van Rees racontent l&#8217;histoire de deux esprits libres, animés par la volonté de faire de leur art un chemin d&#8217;élévation spirituelle.</p>
<p>Originally from the Netherlands, Otto van Rees (1884-1957) and Adya van Rees-Dutilh (1876-1959) established themselves as major figures in the European avant-garde, engaged in an artistic quest without borders. They traversed the most significant movements of their time &#8211; from Divisionism to Cloisonnism, Cubism to abstraction &#8211; and participated in the birth of the Dada movement and the founding of the Cercle et Carré group. They formed lasting friendships with Jean Arp, Georges Braque, Blaise Cendrars, Kees van Dongen, Otto Freundlich, Juan Gris, Piet Mondrian, Joaquín Torres García, Ossip Zadkine and many others. Born of their fruitful dialogues, the works of Adya and Otto van Rees tell the story of two free spirits, driven by the desire to use art to forge a path towards spiritual elevation.</p>

<p>Tous deux originaires des Pays-Bas, Otto van Rees (1884-1957) et Adya van Rees-Dutilh (1876-1959) s&#8217;imposent comme des figures majeures de l&#8217;avant-garde européenne, engagées dans une quête artistique sans frontières. Ils traversent les grands courants de leur temps &#8211; du divisionnisme au cloisonnisme, du cubisme à l&#8217;abstraction -, participent à la naissance du mouvement Dada et [&hellip;]</p>

<!-- This site is optimized with the Yoast SEO plugin v20.11 - https://yoast.com/wordpress/plugins/seo/ -->
<title>Adya &amp; Otto Van Rees : Au coeur des avant-gardes / At the heart of the avant-garde - Librairie 7L</title>
<meta name="robots" content="index, follow, max-snippet:-1, max-image-preview:large, max-video-preview:-1" />
<link rel="canonical" href="https://librairie7l.com/en/produit/adya-otto-van-rees-au-coeur-des-avant-gardes-at-the-heart-of-the-avant-garde-2/" />
<meta property="og:locale" content="en_US" />
<meta property="og:type" content="article" />
<meta property="og:title" content="Adya &amp; Otto Van Rees : Au coeur des avant-gardes / At the heart of the avant-garde - Librairie 7L" />
<meta property="og:description" content="Tous deux originaires des Pays-Bas, Otto van Rees (1884-1957) et Adya van Rees-Dutilh (1876-1959) s&#8217;imposent comme des figures majeures de l&#8217;avant-garde européenne, engagées dans une quête artistique sans frontières. Ils traversent les grands courants de leur temps &#8211; du divisionnisme au cloisonnisme, du cubisme à l&#8217;abstraction -, participent à la naissance du mouvement Dada et [&hellip;]" />
<meta property="og:url" content="https://librairie7l.com/en/produit/adya-otto-van-rees-au-coeur-des-avant-gardes-at-the-heart-of-the-avant-garde-2/" />
<meta property="og:site_name" content="Librairie 7L" />
<meta property="article:modified_time" content="2026-04-30T22:35:20+00:00" />
<meta property="og:image" content="https://librairie7l.com/wp-content/uploads/2026/01/9791399068764_1_75.jpg" />
	<meta property="og:image:width" content="600" />
	<meta property="og:image:height" content="758" />
	<meta property="og:image:type" content="image/jpeg" />
<meta name="twitter:card" content="summary_large_image" />
<meta name="twitter:label1" content="Est. reading time" />
	<meta name="twitter:data1" content="1 minute" />
<script type="application/ld+json" class="yoast-schema-graph">{"@context":"https://schema.org","@graph":[{"@type":"WebPage","@id":"https://librairie7l.com/en/produit/adya-otto-van-rees-au-coeur-des-avant-gardes-at-the-heart-of-the-avant-garde-2/","url":"https://librairie7l.com/en/produit/adya-otto-van-rees-au-coeur-des-avant-gardes-at-the-heart-of-the-avant-garde-2/","name":"Adya &amp; Otto Van Rees : Au coeur des avant-gardes / At the heart of the avant-garde - Librairie 7L","isPartOf":{"@id":"https://librairie7l.com/en/#website"},"datePublished":"2026-04-02T08:16:27+00:00","dateModified":"2026-04-30T22:35:20+00:00","breadcrumb":{"@id":"https://librairie7l.com/en/produit/adya-otto-van-rees-au-coeur-des-avant-gardes-at-the-heart-of-the-avant-garde-2/#breadcrumb"},"inLanguage":"en-US","potentialAction":[{"@type":"ReadAction","target":["https://librairie7l.com/en/produit/adya-otto-van-rees-au-coeur-des-avant-gardes-at-the-heart-of-the-avant-garde-2/"]}]},{"@type":"BreadcrumbList","@id":"https://librairie7l.com/en/produit/adya-otto-van-rees-au-coeur-des-avant-gardes-at-the-heart-of-the-avant-garde-2/#breadcrumb","itemListElement":[{"@type":"ListItem","position":1,"name":"Accueil","item":"https://librairie7l.com/en/"},{"@type":"ListItem","position":2,"name":"Shop","item":"https://librairie7l.com/en/shop/"},{"@type":"ListItem","position":3,"name":"ADYA &AMP; OTTO VAN REES : AU COEUR DES AVANT-GARDES / AT THE HEART OF THE AVANT-GARDE"}]},{"@type":"WebSite","@id":"https://librairie7l.com/en/#website","url":"https://librairie7l.com/en/","name":"Librairie 7L","description":"Librairie fondée en 1999 par Karl Lagerfeld à Paris","publisher":{"@id":"https://librairie7l.com/en/#organization"},"potentialAction":[{"@type":"SearchAction","target":{"@type":"EntryPoint","urlTemplate":"https://librairie7l.com/en/?s={search_term_string}"},"query-input":"required name=search_term_string"}],"inLanguage":"en-US"},{"@type":"Organization","@id":"https://librairie7l.com/en/#organization","name":"Librairie 7L","url":"https://librairie7l.com/en/","logo":{"@type":"ImageObject","inLanguage":"en-US","@id":"https://librairie7l.com/en/#/schema/logo/image/","url":"https://librairie7l.com/wp-content/uploads/2022/08/logo-1.png","contentUrl":"https://librairie7l.com/wp-content/uploads/2022/08/logo-1.png","width":227,"height":301,"caption":"Librairie 7L"},"image":{"@id":"https://librairie7l.com/en/#/schema/logo/image/"}}]}</script>
<!-- / Yoast SEO plugin. -->

Tous deux originaires des Pays-Bas, Otto van Rees (1884-1957) et Adya van Rees-Dutilh (1876-1959) s&#8217;imposent comme des figures majeures de l&#8217;avant-garde européenne, engagées dans une quête artistique sans frontières. Ils traversent les grands courants de leur temps &#8211; du divisionnisme au cloisonnisme, du cubisme à l&#8217;abstraction -, participent à la naissance du mouvement Dada et [&hellip;]

Librairie fondée en 1999 par Karl Lagerfeld à Paris
