{"id":56627,"date":"2026-04-25T09:18:19","date_gmt":"2026-04-25T07:18:19","guid":{"rendered":"https:\/\/librairie7l.com\/?post_type=product&#038;p=56627"},"modified":"2026-04-30T19:37:27","modified_gmt":"2026-04-30T17:37:27","slug":"calder-mouvement-et-realite-2","status":"publish","type":"product","link":"https:\/\/librairie7l.com\/en\/produit\/calder-mouvement-et-realite-2\/","title":{"rendered":"CALDER : MOUVEMENT ET R\u00c9ALIT\u00c9"},"content":{"rendered":"<p>Le sculpteur am\u00e9ricain Alexander Calder (1898-1976) partage avec certains des plus grands cr\u00e9ateurs du xxe si\u00e8cle le redoutable privil\u00e8ge de la popularit\u00e9 universelle. Or le cr\u00e9ateur des mobiles, l&#8217;une des expressions les plus neuves et les plus audacieuses de la sculpture au xxe si\u00e8cle, n&#8217;a jamais re\u00e7u l&#8217;examen critique et historique \u00e0 la mesure de cette notori\u00e9t\u00e9. Enrichi par une collaboration continue avec la Calder Foundation, d\u00e9tentrice des archives de l&#8217;artiste, l&#8217;essai monographique d&#8217;Arnauld Pierre tente de redonner toute son importance aux inventions de Calder en montrant qu&#8217;un v\u00e9ritable projet soutient sa d\u00e9marche et qu&#8217;il existe, en somme, une esth\u00e9tique cald\u00e9rienne. Celle-ci tourne autour de la confluence de deux notions capitales, celle de mouvement et celle de r\u00e9alit\u00e9, dont Calder ne cessera d&#8217;examiner les relations. Dans la premi\u00e8re p\u00e9riode parisienne de l&#8217;artiste, sa sculpture en fil de fer, en se concentrant sur l&#8217;expression du mouvement, conduit au paradoxe d&#8217;une plus grande r\u00e9alit\u00e9 contenue dans une forme de moins en moins figurative. Apr\u00e8s le \u00ab choc \u00bb de la rencontre avec Mondrian, en 1930, le mouvement s&#8217;impose comme composante r\u00e9elle d&#8217;un art abstrait, non figuratif. Calder invente alors des constructions articul\u00e9es o\u00f9 s&#8217;\u00e9quilibrent des corps pesants, poids et contrepoids, composant des syst\u00e8mes \u00e9quilibr\u00e9s d&#8217;une rare subtilit\u00e9, instaurant d&#8217;une mani\u00e8re toute nouvelle les conditions d&#8217;apparition du mouvement r\u00e9el. Cette composition d&#8217;\u00e9quilibres, c&#8217;est le mobile, o\u00f9 la cause du mouvement se confond si bien avec les bases constructives de l&#8217;oeuvre qu&#8217;il lui para\u00eet en quelque sorte immanent. Le mouvement est ainsi ce qui permet de maintenir dans le mobile une forte r\u00e9f\u00e9rence au vivant, plus \u00e9vidente encore lorsque l&#8217;artiste d\u00e9laisse le vocabulaire g\u00e9om\u00e9trique du d\u00e9but des ann\u00e9es 1930 pour entrer dans le \u00ab cycle organique \u00bb et s&#8217;inspirer des rythmes profonds du monde naturel. Avec ses mobiles, Calder invente un autre rapport \u00e0 la r\u00e9alit\u00e9, fond\u00e9e, justifi\u00e9e et qualifi\u00e9e tout \u00e0 la fois par le mouvement. C&#8217;est \u00e0 la tentative de d\u00e9finir cet autre r\u00e9alisme qu&#8217;est consacr\u00e9 l&#8217;ouvrage d&#8217;Arnauld Pierre.<\/p>\n<p>Arnauld Pierre est professeur en histoire de l&#8217;art contemporain \u00e0 Sorbonne Universit\u00e9 et chercheur au Centre Andr\u00e9 Chastel. Sp\u00e9cialiste de l&#8217;histoire des avant-gardes, de l&#8217;abstraction et de l&#8217;art optique et cin\u00e9tique, il a publi\u00e9 sur ces sujets de nombreux textes et ouvrages, dont L&#8217;Abstraction (Citadelles &amp; Mazenod, 2021, avec Pascal Rousseau) et Magic Moir\u00e9s.Gerald Oster et l&#8217;art des moirages (Macula, 2022). Il a \u00e9galement assur\u00e9 le commissariat des expositions \u00ab Nicolas Sch\u00f6ffer \u00bb (Mus\u00e9e d&#8217;art moderne de Villeneuve-d&#8217;Ascq, 2018) et \u00ab Vasarely. Le partage des formes \u00bb (Centre Pompidou, 2019). Son ouvrage Calder. Mouvement et r\u00e9alit\u00e9, ici r\u00e9\u00e9dit\u00e9, a re\u00e7u le Prix SNA du Livre d&#8217;art en 2009.<br \/>\n\u00a0<\/p>\n","protected":false},"excerpt":{"rendered":"<p>Le sculpteur am\u00e9ricain Alexander Calder (1898-1976) partage avec certains des plus grands cr\u00e9ateurs du xxe si\u00e8cle le redoutable privil\u00e8ge de la popularit\u00e9 universelle. Or le cr\u00e9ateur des mobiles, l&#8217;une des expressions les plus neuves et les plus audacieuses de la sculpture au xxe si\u00e8cle, n&#8217;a jamais re\u00e7u l&#8217;examen critique et historique \u00e0 la mesure de [&hellip;]<\/p>\n","protected":false},"featured_media":56625,"template":"","meta":[],"product_cat":[2948],"product_tag":[],"acf":[],"yoast_head":"<!-- This site is optimized with the Yoast SEO plugin v20.11 - https:\/\/yoast.com\/wordpress\/plugins\/seo\/ -->\n<title>Calder : Mouvement et r\u00e9alit\u00e9 - Librairie 7L<\/title>\n<meta name=\"robots\" content=\"index, follow, max-snippet:-1, max-image-preview:large, max-video-preview:-1\" \/>\n<link rel=\"canonical\" href=\"https:\/\/librairie7l.com\/en\/produit\/calder-mouvement-et-realite-2\/\" \/>\n<meta property=\"og:locale\" content=\"en_US\" \/>\n<meta property=\"og:type\" content=\"article\" \/>\n<meta property=\"og:title\" content=\"Calder : Mouvement et r\u00e9alit\u00e9 - Librairie 7L\" \/>\n<meta property=\"og:description\" content=\"Le sculpteur am\u00e9ricain Alexander Calder (1898-1976) partage avec certains des plus grands cr\u00e9ateurs du xxe si\u00e8cle le redoutable privil\u00e8ge de la popularit\u00e9 universelle. Or le cr\u00e9ateur des mobiles, l&#8217;une des expressions les plus neuves et les plus audacieuses de la sculpture au xxe si\u00e8cle, n&#8217;a jamais re\u00e7u l&#8217;examen critique et historique \u00e0 la mesure de [&hellip;]\" \/>\n<meta property=\"og:url\" content=\"https:\/\/librairie7l.com\/en\/produit\/calder-mouvement-et-realite-2\/\" \/>\n<meta property=\"og:site_name\" content=\"Librairie 7L\" \/>\n<meta property=\"article:modified_time\" content=\"2026-04-30T17:37:27+00:00\" \/>\n<meta property=\"og:image\" content=\"https:\/\/librairie7l.com\/wp-content\/uploads\/2025\/12\/9782754116275_1_75.jpg\" \/>\n\t<meta property=\"og:image:width\" content=\"600\" \/>\n\t<meta property=\"og:image:height\" content=\"691\" \/>\n\t<meta property=\"og:image:type\" content=\"image\/jpeg\" \/>\n<meta name=\"twitter:card\" content=\"summary_large_image\" \/>\n<meta name=\"twitter:label1\" content=\"Est. reading time\" \/>\n\t<meta name=\"twitter:data1\" content=\"2 minutes\" \/>\n<script type=\"application\/ld+json\" class=\"yoast-schema-graph\">{\"@context\":\"https:\/\/schema.org\",\"@graph\":[{\"@type\":\"WebPage\",\"@id\":\"https:\/\/librairie7l.com\/en\/produit\/calder-mouvement-et-realite-2\/\",\"url\":\"https:\/\/librairie7l.com\/en\/produit\/calder-mouvement-et-realite-2\/\",\"name\":\"Calder : Mouvement et r\u00e9alit\u00e9 - Librairie 7L\",\"isPartOf\":{\"@id\":\"https:\/\/librairie7l.com\/en\/#website\"},\"datePublished\":\"2026-04-25T07:18:19+00:00\",\"dateModified\":\"2026-04-30T17:37:27+00:00\",\"breadcrumb\":{\"@id\":\"https:\/\/librairie7l.com\/en\/produit\/calder-mouvement-et-realite-2\/#breadcrumb\"},\"inLanguage\":\"en-US\",\"potentialAction\":[{\"@type\":\"ReadAction\",\"target\":[\"https:\/\/librairie7l.com\/en\/produit\/calder-mouvement-et-realite-2\/\"]}]},{\"@type\":\"BreadcrumbList\",\"@id\":\"https:\/\/librairie7l.com\/en\/produit\/calder-mouvement-et-realite-2\/#breadcrumb\",\"itemListElement\":[{\"@type\":\"ListItem\",\"position\":1,\"name\":\"Accueil\",\"item\":\"https:\/\/librairie7l.com\/en\/\"},{\"@type\":\"ListItem\",\"position\":2,\"name\":\"Shop\",\"item\":\"https:\/\/librairie7l.com\/en\/shop\/\"},{\"@type\":\"ListItem\",\"position\":3,\"name\":\"CALDER : MOUVEMENT ET R\u00c9ALIT\u00c9\"}]},{\"@type\":\"WebSite\",\"@id\":\"https:\/\/librairie7l.com\/en\/#website\",\"url\":\"https:\/\/librairie7l.com\/en\/\",\"name\":\"Librairie 7L\",\"description\":\"Librairie fond\u00e9e en 1999 par Karl Lagerfeld \u00e0 Paris\",\"publisher\":{\"@id\":\"https:\/\/librairie7l.com\/en\/#organization\"},\"potentialAction\":[{\"@type\":\"SearchAction\",\"target\":{\"@type\":\"EntryPoint\",\"urlTemplate\":\"https:\/\/librairie7l.com\/en\/?s={search_term_string}\"},\"query-input\":\"required name=search_term_string\"}],\"inLanguage\":\"en-US\"},{\"@type\":\"Organization\",\"@id\":\"https:\/\/librairie7l.com\/en\/#organization\",\"name\":\"Librairie 7L\",\"url\":\"https:\/\/librairie7l.com\/en\/\",\"logo\":{\"@type\":\"ImageObject\",\"inLanguage\":\"en-US\",\"@id\":\"https:\/\/librairie7l.com\/en\/#\/schema\/logo\/image\/\",\"url\":\"https:\/\/librairie7l.com\/wp-content\/uploads\/2022\/08\/logo-1.png\",\"contentUrl\":\"https:\/\/librairie7l.com\/wp-content\/uploads\/2022\/08\/logo-1.png\",\"width\":227,\"height\":301,\"caption\":\"Librairie 7L\"},\"image\":{\"@id\":\"https:\/\/librairie7l.com\/en\/#\/schema\/logo\/image\/\"}}]}<\/script>\n<!-- \/ Yoast SEO plugin. -->","yoast_head_json":{"title":"Calder : Mouvement et r\u00e9alit\u00e9 - Librairie 7L","robots":{"index":"index","follow":"follow","max-snippet":"max-snippet:-1","max-image-preview":"max-image-preview:large","max-video-preview":"max-video-preview:-1"},"canonical":"https:\/\/librairie7l.com\/en\/produit\/calder-mouvement-et-realite-2\/","og_locale":"en_US","og_type":"article","og_title":"Calder : Mouvement et r\u00e9alit\u00e9 - Librairie 7L","og_description":"Le sculpteur am\u00e9ricain Alexander Calder (1898-1976) partage avec certains des plus grands cr\u00e9ateurs du xxe si\u00e8cle le redoutable privil\u00e8ge de la popularit\u00e9 universelle. Or le cr\u00e9ateur des mobiles, l&#8217;une des expressions les plus neuves et les plus audacieuses de la sculpture au xxe si\u00e8cle, n&#8217;a jamais re\u00e7u l&#8217;examen critique et historique \u00e0 la mesure de [&hellip;]","og_url":"https:\/\/librairie7l.com\/en\/produit\/calder-mouvement-et-realite-2\/","og_site_name":"Librairie 7L","article_modified_time":"2026-04-30T17:37:27+00:00","og_image":[{"width":600,"height":691,"url":"https:\/\/librairie7l.com\/wp-content\/uploads\/2025\/12\/9782754116275_1_75.jpg","type":"image\/jpeg"}],"twitter_card":"summary_large_image","twitter_misc":{"Est. reading time":"2 minutes"},"schema":{"@context":"https:\/\/schema.org","@graph":[{"@type":"WebPage","@id":"https:\/\/librairie7l.com\/en\/produit\/calder-mouvement-et-realite-2\/","url":"https:\/\/librairie7l.com\/en\/produit\/calder-mouvement-et-realite-2\/","name":"Calder : Mouvement et r\u00e9alit\u00e9 - Librairie 7L","isPartOf":{"@id":"https:\/\/librairie7l.com\/en\/#website"},"datePublished":"2026-04-25T07:18:19+00:00","dateModified":"2026-04-30T17:37:27+00:00","breadcrumb":{"@id":"https:\/\/librairie7l.com\/en\/produit\/calder-mouvement-et-realite-2\/#breadcrumb"},"inLanguage":"en-US","potentialAction":[{"@type":"ReadAction","target":["https:\/\/librairie7l.com\/en\/produit\/calder-mouvement-et-realite-2\/"]}]},{"@type":"BreadcrumbList","@id":"https:\/\/librairie7l.com\/en\/produit\/calder-mouvement-et-realite-2\/#breadcrumb","itemListElement":[{"@type":"ListItem","position":1,"name":"Accueil","item":"https:\/\/librairie7l.com\/en\/"},{"@type":"ListItem","position":2,"name":"Shop","item":"https:\/\/librairie7l.com\/en\/shop\/"},{"@type":"ListItem","position":3,"name":"CALDER : MOUVEMENT ET R\u00c9ALIT\u00c9"}]},{"@type":"WebSite","@id":"https:\/\/librairie7l.com\/en\/#website","url":"https:\/\/librairie7l.com\/en\/","name":"Librairie 7L","description":"Librairie fond\u00e9e en 1999 par Karl Lagerfeld \u00e0 Paris","publisher":{"@id":"https:\/\/librairie7l.com\/en\/#organization"},"potentialAction":[{"@type":"SearchAction","target":{"@type":"EntryPoint","urlTemplate":"https:\/\/librairie7l.com\/en\/?s={search_term_string}"},"query-input":"required name=search_term_string"}],"inLanguage":"en-US"},{"@type":"Organization","@id":"https:\/\/librairie7l.com\/en\/#organization","name":"Librairie 7L","url":"https:\/\/librairie7l.com\/en\/","logo":{"@type":"ImageObject","inLanguage":"en-US","@id":"https:\/\/librairie7l.com\/en\/#\/schema\/logo\/image\/","url":"https:\/\/librairie7l.com\/wp-content\/uploads\/2022\/08\/logo-1.png","contentUrl":"https:\/\/librairie7l.com\/wp-content\/uploads\/2022\/08\/logo-1.png","width":227,"height":301,"caption":"Librairie 7L"},"image":{"@id":"https:\/\/librairie7l.com\/en\/#\/schema\/logo\/image\/"}}]}},"_links":{"self":[{"href":"https:\/\/librairie7l.com\/en\/wp-json\/wp\/v2\/product\/56627"}],"collection":[{"href":"https:\/\/librairie7l.com\/en\/wp-json\/wp\/v2\/product"}],"about":[{"href":"https:\/\/librairie7l.com\/en\/wp-json\/wp\/v2\/types\/product"}],"wp:featuredmedia":[{"embeddable":true,"href":"https:\/\/librairie7l.com\/en\/wp-json\/wp\/v2\/media\/56625"}],"wp:attachment":[{"href":"https:\/\/librairie7l.com\/en\/wp-json\/wp\/v2\/media?parent=56627"}],"wp:term":[{"taxonomy":"product_cat","embeddable":true,"href":"https:\/\/librairie7l.com\/en\/wp-json\/wp\/v2\/product_cat?post=56627"},{"taxonomy":"product_tag","embeddable":true,"href":"https:\/\/librairie7l.com\/en\/wp-json\/wp\/v2\/product_tag?post=56627"}],"curies":[{"name":"wp","href":"https:\/\/api.w.org\/{rel}","templated":true}]}}

CALDER : MOUVEMENT ET RÉALITÉ

<p>Le sculpteur américain Alexander Calder (1898-1976) partage avec certains des plus grands créateurs du xxe siècle le redoutable privilège de la popularité universelle. Or le créateur des mobiles, l&#8217;une des expressions les plus neuves et les plus audacieuses de la sculpture au xxe siècle, n&#8217;a jamais reçu l&#8217;examen critique et historique à la mesure de cette notoriété. Enrichi par une collaboration continue avec la Calder Foundation, détentrice des archives de l&#8217;artiste, l&#8217;essai monographique d&#8217;Arnauld Pierre tente de redonner toute son importance aux inventions de Calder en montrant qu&#8217;un véritable projet soutient sa démarche et qu&#8217;il existe, en somme, une esthétique caldérienne. Celle-ci tourne autour de la confluence de deux notions capitales, celle de mouvement et celle de réalité, dont Calder ne cessera d&#8217;examiner les relations. Dans la première période parisienne de l&#8217;artiste, sa sculpture en fil de fer, en se concentrant sur l&#8217;expression du mouvement, conduit au paradoxe d&#8217;une plus grande réalité contenue dans une forme de moins en moins figurative. Après le « choc » de la rencontre avec Mondrian, en 1930, le mouvement s&#8217;impose comme composante réelle d&#8217;un art abstrait, non figuratif. Calder invente alors des constructions articulées où s&#8217;équilibrent des corps pesants, poids et contrepoids, composant des systèmes équilibrés d&#8217;une rare subtilité, instaurant d&#8217;une manière toute nouvelle les conditions d&#8217;apparition du mouvement réel. Cette composition d&#8217;équilibres, c&#8217;est le mobile, où la cause du mouvement se confond si bien avec les bases constructives de l&#8217;oeuvre qu&#8217;il lui paraît en quelque sorte immanent. Le mouvement est ainsi ce qui permet de maintenir dans le mobile une forte référence au vivant, plus évidente encore lorsque l&#8217;artiste délaisse le vocabulaire géométrique du début des années 1930 pour entrer dans le « cycle organique » et s&#8217;inspirer des rythmes profonds du monde naturel. Avec ses mobiles, Calder invente un autre rapport à la réalité, fondée, justifiée et qualifiée tout à la fois par le mouvement. C&#8217;est à la tentative de définir cet autre réalisme qu&#8217;est consacré l&#8217;ouvrage d&#8217;Arnauld Pierre.</p>
<p>Arnauld Pierre est professeur en histoire de l&#8217;art contemporain à Sorbonne Université et chercheur au Centre André Chastel. Spécialiste de l&#8217;histoire des avant-gardes, de l&#8217;abstraction et de l&#8217;art optique et cinétique, il a publié sur ces sujets de nombreux textes et ouvrages, dont L&#8217;Abstraction (Citadelles &amp; Mazenod, 2021, avec Pascal Rousseau) et Magic Moirés.Gerald Oster et l&#8217;art des moirages (Macula, 2022). Il a également assuré le commissariat des expositions « Nicolas Schöffer » (Musée d&#8217;art moderne de Villeneuve-d&#8217;Ascq, 2018) et « Vasarely. Le partage des formes » (Centre Pompidou, 2019). Son ouvrage Calder. Mouvement et réalité, ici réédité, a reçu le Prix SNA du Livre d&#8217;art en 2009.<br />
 </p>

<p>Le sculpteur américain Alexander Calder (1898-1976) partage avec certains des plus grands créateurs du xxe siècle le redoutable privilège de la popularité universelle. Or le créateur des mobiles, l&#8217;une des expressions les plus neuves et les plus audacieuses de la sculpture au xxe siècle, n&#8217;a jamais reçu l&#8217;examen critique et historique à la mesure de [&hellip;]</p>

<!-- This site is optimized with the Yoast SEO plugin v20.11 - https://yoast.com/wordpress/plugins/seo/ -->
<title>Calder : Mouvement et réalité - Librairie 7L</title>
<meta name="robots" content="index, follow, max-snippet:-1, max-image-preview:large, max-video-preview:-1" />
<link rel="canonical" href="https://librairie7l.com/en/produit/calder-mouvement-et-realite-2/" />
<meta property="og:locale" content="en_US" />
<meta property="og:type" content="article" />
<meta property="og:title" content="Calder : Mouvement et réalité - Librairie 7L" />
<meta property="og:description" content="Le sculpteur américain Alexander Calder (1898-1976) partage avec certains des plus grands créateurs du xxe siècle le redoutable privilège de la popularité universelle. Or le créateur des mobiles, l&#8217;une des expressions les plus neuves et les plus audacieuses de la sculpture au xxe siècle, n&#8217;a jamais reçu l&#8217;examen critique et historique à la mesure de [&hellip;]" />
<meta property="og:url" content="https://librairie7l.com/en/produit/calder-mouvement-et-realite-2/" />
<meta property="og:site_name" content="Librairie 7L" />
<meta property="article:modified_time" content="2026-04-30T17:37:27+00:00" />
<meta property="og:image" content="https://librairie7l.com/wp-content/uploads/2025/12/9782754116275_1_75.jpg" />
	<meta property="og:image:width" content="600" />
	<meta property="og:image:height" content="691" />
	<meta property="og:image:type" content="image/jpeg" />
<meta name="twitter:card" content="summary_large_image" />
<meta name="twitter:label1" content="Est. reading time" />
	<meta name="twitter:data1" content="2 minutes" />
<script type="application/ld+json" class="yoast-schema-graph">{"@context":"https://schema.org","@graph":[{"@type":"WebPage","@id":"https://librairie7l.com/en/produit/calder-mouvement-et-realite-2/","url":"https://librairie7l.com/en/produit/calder-mouvement-et-realite-2/","name":"Calder : Mouvement et réalité - Librairie 7L","isPartOf":{"@id":"https://librairie7l.com/en/#website"},"datePublished":"2026-04-25T07:18:19+00:00","dateModified":"2026-04-30T17:37:27+00:00","breadcrumb":{"@id":"https://librairie7l.com/en/produit/calder-mouvement-et-realite-2/#breadcrumb"},"inLanguage":"en-US","potentialAction":[{"@type":"ReadAction","target":["https://librairie7l.com/en/produit/calder-mouvement-et-realite-2/"]}]},{"@type":"BreadcrumbList","@id":"https://librairie7l.com/en/produit/calder-mouvement-et-realite-2/#breadcrumb","itemListElement":[{"@type":"ListItem","position":1,"name":"Accueil","item":"https://librairie7l.com/en/"},{"@type":"ListItem","position":2,"name":"Shop","item":"https://librairie7l.com/en/shop/"},{"@type":"ListItem","position":3,"name":"CALDER : MOUVEMENT ET RÉALITÉ"}]},{"@type":"WebSite","@id":"https://librairie7l.com/en/#website","url":"https://librairie7l.com/en/","name":"Librairie 7L","description":"Librairie fondée en 1999 par Karl Lagerfeld à Paris","publisher":{"@id":"https://librairie7l.com/en/#organization"},"potentialAction":[{"@type":"SearchAction","target":{"@type":"EntryPoint","urlTemplate":"https://librairie7l.com/en/?s={search_term_string}"},"query-input":"required name=search_term_string"}],"inLanguage":"en-US"},{"@type":"Organization","@id":"https://librairie7l.com/en/#organization","name":"Librairie 7L","url":"https://librairie7l.com/en/","logo":{"@type":"ImageObject","inLanguage":"en-US","@id":"https://librairie7l.com/en/#/schema/logo/image/","url":"https://librairie7l.com/wp-content/uploads/2022/08/logo-1.png","contentUrl":"https://librairie7l.com/wp-content/uploads/2022/08/logo-1.png","width":227,"height":301,"caption":"Librairie 7L"},"image":{"@id":"https://librairie7l.com/en/#/schema/logo/image/"}}]}</script>
<!-- / Yoast SEO plugin. -->

Calder : Mouvement et réalité - Librairie 7L

Le sculpteur américain Alexander Calder (1898-1976) partage avec certains des plus grands créateurs du xxe siècle le redoutable privilège de la popularité universelle. Or le créateur des mobiles, l&#8217;une des expressions les plus neuves et les plus audacieuses de la sculpture au xxe siècle, n&#8217;a jamais reçu l&#8217;examen critique et historique à la mesure de [&hellip;]

Librairie fondée en 1999 par Karl Lagerfeld à Paris
