{"id":56647,"date":"2026-04-26T09:18:19","date_gmt":"2026-04-26T07:18:19","guid":{"rendered":"https:\/\/librairie7l.com\/?post_type=product&#038;p=56647"},"modified":"2026-04-26T20:47:54","modified_gmt":"2026-04-26T18:47:54","slug":"les-broderies-de-la-mediterranee-2","status":"publish","type":"product","link":"https:\/\/librairie7l.com\/en\/produit\/les-broderies-de-la-mediterranee-2\/","title":{"rendered":"LES BRODERIES DE LA M\u00c9DITERRAN\u00c9E"},"content":{"rendered":"<p>Consid\u00e9rer aujourd&#8217;hui les patrimoines brod\u00e9s de la M\u00e9diterran\u00e9e, c&#8217;est faire \u00e9cho au nouveau rayonnement de l&#8217;expression brod\u00e9e dans l&#8217;art contemporain et \u00e0 l&#8217;int\u00e9r\u00eat renouvel\u00e9 que lui porte la mode. Ce n&#8217;est pas un hasard non plus si ces deux domaines si proches, en \u00e9mulation constante, se penchent sur les sources et les corpus patrimoniaux qu&#8217;ils red\u00e9couvrent et r\u00e9inventent. Les patrimoines brod\u00e9s de la M\u00e9diterran\u00e9e sont parmi les plus inspirants. L&#8217;id\u00e9e du livre est d&#8217;aller \u00e0 la recherche de ces patrimoines, en \u00e9tablissant la cartographie la plus pr\u00e9cise possible, en confrontant les r\u00e9pertoires, les motifs iconographiques et les techniques, en analysant leurs usages : cette histoire et cette analyse, sont confi\u00e9es aux meilleurs sp\u00e9cialistes des diff\u00e9rentes traditions et des diff\u00e9rents pays dont certain.e.s sont les derniers d\u00e9tenteurs de savoirs en train de dispara\u00eetre. Enfin, que des plasticiens fassent part de leur approche cr\u00e9ative et de leur rapport au patrimoine, et que des sp\u00e9cialistes et des acteurs des deux domaines apportent leurs connaissances et leur exp\u00e9rience, est de nature \u00e0 organiser ce \u00ab reenactment \u00bb, \u00ab ce retour sur \u00bb qui est toujours le signe des renaissances<\/p>\n","protected":false},"excerpt":{"rendered":"<p>Consid\u00e9rer aujourd&#8217;hui les patrimoines brod\u00e9s de la M\u00e9diterran\u00e9e, c&#8217;est faire \u00e9cho au nouveau rayonnement de l&#8217;expression brod\u00e9e dans l&#8217;art contemporain et \u00e0 l&#8217;int\u00e9r\u00eat renouvel\u00e9 que lui porte la mode. Ce n&#8217;est pas un hasard non plus si ces deux domaines si proches, en \u00e9mulation constante, se penchent sur les sources et les corpus patrimoniaux qu&#8217;ils [&hellip;]<\/p>\n","protected":false},"featured_media":56645,"template":"","meta":[],"product_cat":[2948],"product_tag":[],"acf":[],"yoast_head":"<!-- This site is optimized with the Yoast SEO plugin v20.11 - https:\/\/yoast.com\/wordpress\/plugins\/seo\/ -->\n<title>Les broderies de la M\u00e9diterran\u00e9e - Librairie 7L<\/title>\n<meta name=\"robots\" content=\"index, follow, max-snippet:-1, max-image-preview:large, max-video-preview:-1\" \/>\n<link rel=\"canonical\" href=\"https:\/\/librairie7l.com\/en\/produit\/les-broderies-de-la-mediterranee-2\/\" \/>\n<meta property=\"og:locale\" content=\"en_US\" \/>\n<meta property=\"og:type\" content=\"article\" \/>\n<meta property=\"og:title\" content=\"Les broderies de la M\u00e9diterran\u00e9e - Librairie 7L\" \/>\n<meta property=\"og:description\" content=\"Consid\u00e9rer aujourd&#8217;hui les patrimoines brod\u00e9s de la M\u00e9diterran\u00e9e, c&#8217;est faire \u00e9cho au nouveau rayonnement de l&#8217;expression brod\u00e9e dans l&#8217;art contemporain et \u00e0 l&#8217;int\u00e9r\u00eat renouvel\u00e9 que lui porte la mode. Ce n&#8217;est pas un hasard non plus si ces deux domaines si proches, en \u00e9mulation constante, se penchent sur les sources et les corpus patrimoniaux qu&#8217;ils [&hellip;]\" \/>\n<meta property=\"og:url\" content=\"https:\/\/librairie7l.com\/en\/produit\/les-broderies-de-la-mediterranee-2\/\" \/>\n<meta property=\"og:site_name\" content=\"Librairie 7L\" \/>\n<meta property=\"article:modified_time\" content=\"2026-04-26T18:47:54+00:00\" \/>\n<meta property=\"og:image\" content=\"https:\/\/librairie7l.com\/wp-content\/uploads\/2024\/09\/9782363451552_1_75.jpg\" \/>\n\t<meta property=\"og:image:width\" content=\"400\" \/>\n\t<meta property=\"og:image:height\" content=\"571\" \/>\n\t<meta property=\"og:image:type\" content=\"image\/jpeg\" \/>\n<meta name=\"twitter:card\" content=\"summary_large_image\" \/>\n<meta name=\"twitter:label1\" content=\"Est. reading time\" \/>\n\t<meta name=\"twitter:data1\" content=\"1 minute\" \/>\n<script type=\"application\/ld+json\" class=\"yoast-schema-graph\">{\"@context\":\"https:\/\/schema.org\",\"@graph\":[{\"@type\":\"WebPage\",\"@id\":\"https:\/\/librairie7l.com\/en\/produit\/les-broderies-de-la-mediterranee-2\/\",\"url\":\"https:\/\/librairie7l.com\/en\/produit\/les-broderies-de-la-mediterranee-2\/\",\"name\":\"Les broderies de la M\u00e9diterran\u00e9e - Librairie 7L\",\"isPartOf\":{\"@id\":\"https:\/\/librairie7l.com\/en\/#website\"},\"datePublished\":\"2026-04-26T07:18:19+00:00\",\"dateModified\":\"2026-04-26T18:47:54+00:00\",\"breadcrumb\":{\"@id\":\"https:\/\/librairie7l.com\/en\/produit\/les-broderies-de-la-mediterranee-2\/#breadcrumb\"},\"inLanguage\":\"en-US\",\"potentialAction\":[{\"@type\":\"ReadAction\",\"target\":[\"https:\/\/librairie7l.com\/en\/produit\/les-broderies-de-la-mediterranee-2\/\"]}]},{\"@type\":\"BreadcrumbList\",\"@id\":\"https:\/\/librairie7l.com\/en\/produit\/les-broderies-de-la-mediterranee-2\/#breadcrumb\",\"itemListElement\":[{\"@type\":\"ListItem\",\"position\":1,\"name\":\"Accueil\",\"item\":\"https:\/\/librairie7l.com\/en\/\"},{\"@type\":\"ListItem\",\"position\":2,\"name\":\"Shop\",\"item\":\"https:\/\/librairie7l.com\/en\/shop\/\"},{\"@type\":\"ListItem\",\"position\":3,\"name\":\"LES BRODERIES DE LA M\u00c9DITERRAN\u00c9E\"}]},{\"@type\":\"WebSite\",\"@id\":\"https:\/\/librairie7l.com\/en\/#website\",\"url\":\"https:\/\/librairie7l.com\/en\/\",\"name\":\"Librairie 7L\",\"description\":\"Librairie fond\u00e9e en 1999 par Karl Lagerfeld \u00e0 Paris\",\"publisher\":{\"@id\":\"https:\/\/librairie7l.com\/en\/#organization\"},\"potentialAction\":[{\"@type\":\"SearchAction\",\"target\":{\"@type\":\"EntryPoint\",\"urlTemplate\":\"https:\/\/librairie7l.com\/en\/?s={search_term_string}\"},\"query-input\":\"required name=search_term_string\"}],\"inLanguage\":\"en-US\"},{\"@type\":\"Organization\",\"@id\":\"https:\/\/librairie7l.com\/en\/#organization\",\"name\":\"Librairie 7L\",\"url\":\"https:\/\/librairie7l.com\/en\/\",\"logo\":{\"@type\":\"ImageObject\",\"inLanguage\":\"en-US\",\"@id\":\"https:\/\/librairie7l.com\/en\/#\/schema\/logo\/image\/\",\"url\":\"https:\/\/librairie7l.com\/wp-content\/uploads\/2022\/08\/logo-1.png\",\"contentUrl\":\"https:\/\/librairie7l.com\/wp-content\/uploads\/2022\/08\/logo-1.png\",\"width\":227,\"height\":301,\"caption\":\"Librairie 7L\"},\"image\":{\"@id\":\"https:\/\/librairie7l.com\/en\/#\/schema\/logo\/image\/\"}}]}<\/script>\n<!-- \/ Yoast SEO plugin. -->","yoast_head_json":{"title":"Les broderies de la M\u00e9diterran\u00e9e - Librairie 7L","robots":{"index":"index","follow":"follow","max-snippet":"max-snippet:-1","max-image-preview":"max-image-preview:large","max-video-preview":"max-video-preview:-1"},"canonical":"https:\/\/librairie7l.com\/en\/produit\/les-broderies-de-la-mediterranee-2\/","og_locale":"en_US","og_type":"article","og_title":"Les broderies de la M\u00e9diterran\u00e9e - Librairie 7L","og_description":"Consid\u00e9rer aujourd&#8217;hui les patrimoines brod\u00e9s de la M\u00e9diterran\u00e9e, c&#8217;est faire \u00e9cho au nouveau rayonnement de l&#8217;expression brod\u00e9e dans l&#8217;art contemporain et \u00e0 l&#8217;int\u00e9r\u00eat renouvel\u00e9 que lui porte la mode. Ce n&#8217;est pas un hasard non plus si ces deux domaines si proches, en \u00e9mulation constante, se penchent sur les sources et les corpus patrimoniaux qu&#8217;ils [&hellip;]","og_url":"https:\/\/librairie7l.com\/en\/produit\/les-broderies-de-la-mediterranee-2\/","og_site_name":"Librairie 7L","article_modified_time":"2026-04-26T18:47:54+00:00","og_image":[{"width":400,"height":571,"url":"https:\/\/librairie7l.com\/wp-content\/uploads\/2024\/09\/9782363451552_1_75.jpg","type":"image\/jpeg"}],"twitter_card":"summary_large_image","twitter_misc":{"Est. reading time":"1 minute"},"schema":{"@context":"https:\/\/schema.org","@graph":[{"@type":"WebPage","@id":"https:\/\/librairie7l.com\/en\/produit\/les-broderies-de-la-mediterranee-2\/","url":"https:\/\/librairie7l.com\/en\/produit\/les-broderies-de-la-mediterranee-2\/","name":"Les broderies de la M\u00e9diterran\u00e9e - Librairie 7L","isPartOf":{"@id":"https:\/\/librairie7l.com\/en\/#website"},"datePublished":"2026-04-26T07:18:19+00:00","dateModified":"2026-04-26T18:47:54+00:00","breadcrumb":{"@id":"https:\/\/librairie7l.com\/en\/produit\/les-broderies-de-la-mediterranee-2\/#breadcrumb"},"inLanguage":"en-US","potentialAction":[{"@type":"ReadAction","target":["https:\/\/librairie7l.com\/en\/produit\/les-broderies-de-la-mediterranee-2\/"]}]},{"@type":"BreadcrumbList","@id":"https:\/\/librairie7l.com\/en\/produit\/les-broderies-de-la-mediterranee-2\/#breadcrumb","itemListElement":[{"@type":"ListItem","position":1,"name":"Accueil","item":"https:\/\/librairie7l.com\/en\/"},{"@type":"ListItem","position":2,"name":"Shop","item":"https:\/\/librairie7l.com\/en\/shop\/"},{"@type":"ListItem","position":3,"name":"LES BRODERIES DE LA M\u00c9DITERRAN\u00c9E"}]},{"@type":"WebSite","@id":"https:\/\/librairie7l.com\/en\/#website","url":"https:\/\/librairie7l.com\/en\/","name":"Librairie 7L","description":"Librairie fond\u00e9e en 1999 par Karl Lagerfeld \u00e0 Paris","publisher":{"@id":"https:\/\/librairie7l.com\/en\/#organization"},"potentialAction":[{"@type":"SearchAction","target":{"@type":"EntryPoint","urlTemplate":"https:\/\/librairie7l.com\/en\/?s={search_term_string}"},"query-input":"required name=search_term_string"}],"inLanguage":"en-US"},{"@type":"Organization","@id":"https:\/\/librairie7l.com\/en\/#organization","name":"Librairie 7L","url":"https:\/\/librairie7l.com\/en\/","logo":{"@type":"ImageObject","inLanguage":"en-US","@id":"https:\/\/librairie7l.com\/en\/#\/schema\/logo\/image\/","url":"https:\/\/librairie7l.com\/wp-content\/uploads\/2022\/08\/logo-1.png","contentUrl":"https:\/\/librairie7l.com\/wp-content\/uploads\/2022\/08\/logo-1.png","width":227,"height":301,"caption":"Librairie 7L"},"image":{"@id":"https:\/\/librairie7l.com\/en\/#\/schema\/logo\/image\/"}}]}},"_links":{"self":[{"href":"https:\/\/librairie7l.com\/en\/wp-json\/wp\/v2\/product\/56647"}],"collection":[{"href":"https:\/\/librairie7l.com\/en\/wp-json\/wp\/v2\/product"}],"about":[{"href":"https:\/\/librairie7l.com\/en\/wp-json\/wp\/v2\/types\/product"}],"wp:featuredmedia":[{"embeddable":true,"href":"https:\/\/librairie7l.com\/en\/wp-json\/wp\/v2\/media\/56645"}],"wp:attachment":[{"href":"https:\/\/librairie7l.com\/en\/wp-json\/wp\/v2\/media?parent=56647"}],"wp:term":[{"taxonomy":"product_cat","embeddable":true,"href":"https:\/\/librairie7l.com\/en\/wp-json\/wp\/v2\/product_cat?post=56647"},{"taxonomy":"product_tag","embeddable":true,"href":"https:\/\/librairie7l.com\/en\/wp-json\/wp\/v2\/product_tag?post=56647"}],"curies":[{"name":"wp","href":"https:\/\/api.w.org\/{rel}","templated":true}]}}

LES BRODERIES DE LA MÉDITERRANÉE

<p>Considérer aujourd&#8217;hui les patrimoines brodés de la Méditerranée, c&#8217;est faire écho au nouveau rayonnement de l&#8217;expression brodée dans l&#8217;art contemporain et à l&#8217;intérêt renouvelé que lui porte la mode. Ce n&#8217;est pas un hasard non plus si ces deux domaines si proches, en émulation constante, se penchent sur les sources et les corpus patrimoniaux qu&#8217;ils redécouvrent et réinventent. Les patrimoines brodés de la Méditerranée sont parmi les plus inspirants. L&#8217;idée du livre est d&#8217;aller à la recherche de ces patrimoines, en établissant la cartographie la plus précise possible, en confrontant les répertoires, les motifs iconographiques et les techniques, en analysant leurs usages : cette histoire et cette analyse, sont confiées aux meilleurs spécialistes des différentes traditions et des différents pays dont certain.e.s sont les derniers détenteurs de savoirs en train de disparaître. Enfin, que des plasticiens fassent part de leur approche créative et de leur rapport au patrimoine, et que des spécialistes et des acteurs des deux domaines apportent leurs connaissances et leur expérience, est de nature à organiser ce « reenactment », « ce retour sur » qui est toujours le signe des renaissances</p>

<p>Considérer aujourd&#8217;hui les patrimoines brodés de la Méditerranée, c&#8217;est faire écho au nouveau rayonnement de l&#8217;expression brodée dans l&#8217;art contemporain et à l&#8217;intérêt renouvelé que lui porte la mode. Ce n&#8217;est pas un hasard non plus si ces deux domaines si proches, en émulation constante, se penchent sur les sources et les corpus patrimoniaux qu&#8217;ils [&hellip;]</p>

<!-- This site is optimized with the Yoast SEO plugin v20.11 - https://yoast.com/wordpress/plugins/seo/ -->
<title>Les broderies de la Méditerranée - Librairie 7L</title>
<meta name="robots" content="index, follow, max-snippet:-1, max-image-preview:large, max-video-preview:-1" />
<link rel="canonical" href="https://librairie7l.com/en/produit/les-broderies-de-la-mediterranee-2/" />
<meta property="og:locale" content="en_US" />
<meta property="og:type" content="article" />
<meta property="og:title" content="Les broderies de la Méditerranée - Librairie 7L" />
<meta property="og:description" content="Considérer aujourd&#8217;hui les patrimoines brodés de la Méditerranée, c&#8217;est faire écho au nouveau rayonnement de l&#8217;expression brodée dans l&#8217;art contemporain et à l&#8217;intérêt renouvelé que lui porte la mode. Ce n&#8217;est pas un hasard non plus si ces deux domaines si proches, en émulation constante, se penchent sur les sources et les corpus patrimoniaux qu&#8217;ils [&hellip;]" />
<meta property="og:url" content="https://librairie7l.com/en/produit/les-broderies-de-la-mediterranee-2/" />
<meta property="og:site_name" content="Librairie 7L" />
<meta property="article:modified_time" content="2026-04-26T18:47:54+00:00" />
<meta property="og:image" content="https://librairie7l.com/wp-content/uploads/2024/09/9782363451552_1_75.jpg" />
	<meta property="og:image:width" content="400" />
	<meta property="og:image:height" content="571" />
	<meta property="og:image:type" content="image/jpeg" />
<meta name="twitter:card" content="summary_large_image" />
<meta name="twitter:label1" content="Est. reading time" />
	<meta name="twitter:data1" content="1 minute" />
<script type="application/ld+json" class="yoast-schema-graph">{"@context":"https://schema.org","@graph":[{"@type":"WebPage","@id":"https://librairie7l.com/en/produit/les-broderies-de-la-mediterranee-2/","url":"https://librairie7l.com/en/produit/les-broderies-de-la-mediterranee-2/","name":"Les broderies de la Méditerranée - Librairie 7L","isPartOf":{"@id":"https://librairie7l.com/en/#website"},"datePublished":"2026-04-26T07:18:19+00:00","dateModified":"2026-04-26T18:47:54+00:00","breadcrumb":{"@id":"https://librairie7l.com/en/produit/les-broderies-de-la-mediterranee-2/#breadcrumb"},"inLanguage":"en-US","potentialAction":[{"@type":"ReadAction","target":["https://librairie7l.com/en/produit/les-broderies-de-la-mediterranee-2/"]}]},{"@type":"BreadcrumbList","@id":"https://librairie7l.com/en/produit/les-broderies-de-la-mediterranee-2/#breadcrumb","itemListElement":[{"@type":"ListItem","position":1,"name":"Accueil","item":"https://librairie7l.com/en/"},{"@type":"ListItem","position":2,"name":"Shop","item":"https://librairie7l.com/en/shop/"},{"@type":"ListItem","position":3,"name":"LES BRODERIES DE LA MÉDITERRANÉE"}]},{"@type":"WebSite","@id":"https://librairie7l.com/en/#website","url":"https://librairie7l.com/en/","name":"Librairie 7L","description":"Librairie fondée en 1999 par Karl Lagerfeld à Paris","publisher":{"@id":"https://librairie7l.com/en/#organization"},"potentialAction":[{"@type":"SearchAction","target":{"@type":"EntryPoint","urlTemplate":"https://librairie7l.com/en/?s={search_term_string}"},"query-input":"required name=search_term_string"}],"inLanguage":"en-US"},{"@type":"Organization","@id":"https://librairie7l.com/en/#organization","name":"Librairie 7L","url":"https://librairie7l.com/en/","logo":{"@type":"ImageObject","inLanguage":"en-US","@id":"https://librairie7l.com/en/#/schema/logo/image/","url":"https://librairie7l.com/wp-content/uploads/2022/08/logo-1.png","contentUrl":"https://librairie7l.com/wp-content/uploads/2022/08/logo-1.png","width":227,"height":301,"caption":"Librairie 7L"},"image":{"@id":"https://librairie7l.com/en/#/schema/logo/image/"}}]}</script>
<!-- / Yoast SEO plugin. -->

Les broderies de la Méditerranée - Librairie 7L

Considérer aujourd&#8217;hui les patrimoines brodés de la Méditerranée, c&#8217;est faire écho au nouveau rayonnement de l&#8217;expression brodée dans l&#8217;art contemporain et à l&#8217;intérêt renouvelé que lui porte la mode. Ce n&#8217;est pas un hasard non plus si ces deux domaines si proches, en émulation constante, se penchent sur les sources et les corpus patrimoniaux qu&#8217;ils [&hellip;]

Librairie fondée en 1999 par Karl Lagerfeld à Paris
