{"id":56697,"date":"2026-04-29T10:16:40","date_gmt":"2026-04-29T08:16:40","guid":{"rendered":"https:\/\/librairie7l.com\/?post_type=product&#038;p=56697"},"modified":"2026-04-29T15:56:55","modified_gmt":"2026-04-29T13:56:55","slug":"les-couleurs-de-loccident-de-la-prehistoire-au-xxie-siecle-2","status":"publish","type":"product","link":"https:\/\/librairie7l.com\/en\/produit\/les-couleurs-de-loccident-de-la-prehistoire-au-xxie-siecle-2\/","title":{"rendered":"LES COULEURS DE L&#8217;OCCIDENT ; DE LA PR\u00c9HISTOIRE AU XXIE SI\u00c8CLE"},"content":{"rendered":"<p>Nos couleurs d&#8217;aujourd&#8217;hui ne sont plus qu&#8217;une question de go\u00fbt, dans un grand d\u00e9sordre que ne gouverne aucune r\u00e8gle. Pourtant, ce moment de leur longue histoire n&#8217;est qu&#8217;une exception.Toujours, les soci\u00e9t\u00e9s ont r\u00e9gi les significations de la couleur et ses usages magiques, religieux, politiques, sociaux selon des syst\u00e8mes chromatiques qui ne se transgressaient pas sans risque et ne variaient qu&#8217;avec l&#8217;\u00e9volution des structures et des id\u00e9ologies sociales. Herv\u00e9 Fischer, en artiste et en sociologue, scrute l&#8217;oscillation permanente de la vision et de l&#8217;usage des couleurs en Occident entre deux p\u00f4les &#8211; rationalisation et irrationalit\u00e9, contrainte et libert\u00e9 &#8211; et d\u00e9gage de leur tension les fondements d&#8217;une sociologie de la couleur, pour mieux en b\u00e2tir l&#8217;histoire. De la gamme rouge-jaune-noir-blanc des cavernes jusqu&#8217;aux fausses couleurs qui font voir l&#8217;univers invisible, des premi\u00e8res ic\u00f4nes jusqu&#8217;\u00e0 la publicit\u00e9 et aux modes contemporaines en passant par le cercle de Chevreul, depuis les cath\u00e9drales color\u00e9es jusqu&#8217;au blanc des murs modernes, l&#8217;auteur d\u00e9gage un chemin qui va du symbolisme des couleurs pures \u00e0 l&#8217;invention du r\u00e9alisme des couleurs, du clair-obscur de Rembrandt \u00e0 la couleur lumi\u00e8re des impressionnistes et \u00e0 l&#8217;anarchisme fauviste faisant \u00e9cho aux crises sociales du temps. Vient alors l&#8217;id\u00e9e du r\u00f4le moteur des grands artistes de l&#8217;Occident dans la trajectoire apparente des couleurs. On ne sait plus, au bout du compte, de la soci\u00e9t\u00e9 ou de l&#8217;individu, qui agit sur l&#8217;autre pour bouleverser l&#8217;ordre \u00e9tabli &#8211; tout ce qui fait d&#8217;un L\u00e9onard, d&#8217;un Delacroix, d&#8217;un Van Gogh, d&#8217;un Matisse un r\u00e9volutionnaire. Eux le savaient, et les citations de leurs \u00e9crits qui \u00e9maillent le texte de ce livre, en accord avec la pertinence des images, nous conduisent \u00e0 mesurer, par leurs questionnements et leurs certitudes, la hauteur des d\u00e9bats et la puissance des enjeux qui se nouent autour de la couleur.<\/p>\n","protected":false},"excerpt":{"rendered":"<p>Nos couleurs d&#8217;aujourd&#8217;hui ne sont plus qu&#8217;une question de go\u00fbt, dans un grand d\u00e9sordre que ne gouverne aucune r\u00e8gle. Pourtant, ce moment de leur longue histoire n&#8217;est qu&#8217;une exception.Toujours, les soci\u00e9t\u00e9s ont r\u00e9gi les significations de la couleur et ses usages magiques, religieux, politiques, sociaux selon des syst\u00e8mes chromatiques qui ne se transgressaient pas sans [&hellip;]<\/p>\n","protected":false},"featured_media":56695,"template":"","meta":[],"product_cat":[2948],"product_tag":[],"acf":[],"yoast_head":"<!-- This site is optimized with the Yoast SEO plugin v20.11 - https:\/\/yoast.com\/wordpress\/plugins\/seo\/ -->\n<title>Les couleurs de l&#039;Occident ; de la pr\u00e9histoire au XXIe si\u00e8cle - Librairie 7L<\/title>\n<meta name=\"robots\" content=\"index, follow, max-snippet:-1, max-image-preview:large, max-video-preview:-1\" \/>\n<link rel=\"canonical\" href=\"https:\/\/librairie7l.com\/en\/produit\/les-couleurs-de-loccident-de-la-prehistoire-au-xxie-siecle-2\/\" \/>\n<meta property=\"og:locale\" content=\"en_US\" \/>\n<meta property=\"og:type\" content=\"article\" \/>\n<meta property=\"og:title\" content=\"Les couleurs de l&#039;Occident ; de la pr\u00e9histoire au XXIe si\u00e8cle - Librairie 7L\" \/>\n<meta property=\"og:description\" content=\"Nos couleurs d&#8217;aujourd&#8217;hui ne sont plus qu&#8217;une question de go\u00fbt, dans un grand d\u00e9sordre que ne gouverne aucune r\u00e8gle. Pourtant, ce moment de leur longue histoire n&#8217;est qu&#8217;une exception.Toujours, les soci\u00e9t\u00e9s ont r\u00e9gi les significations de la couleur et ses usages magiques, religieux, politiques, sociaux selon des syst\u00e8mes chromatiques qui ne se transgressaient pas sans [&hellip;]\" \/>\n<meta property=\"og:url\" content=\"https:\/\/librairie7l.com\/en\/produit\/les-couleurs-de-loccident-de-la-prehistoire-au-xxie-siecle-2\/\" \/>\n<meta property=\"og:site_name\" content=\"Librairie 7L\" \/>\n<meta property=\"article:modified_time\" content=\"2026-04-29T13:56:55+00:00\" \/>\n<meta property=\"og:image\" content=\"https:\/\/librairie7l.com\/wp-content\/uploads\/2019\/06\/9782072781506_1_75.jpg\" \/>\n\t<meta property=\"og:image:width\" content=\"600\" \/>\n\t<meta property=\"og:image:height\" content=\"803\" \/>\n\t<meta property=\"og:image:type\" content=\"image\/jpeg\" \/>\n<meta name=\"twitter:card\" content=\"summary_large_image\" \/>\n<meta name=\"twitter:label1\" content=\"Est. reading time\" \/>\n\t<meta name=\"twitter:data1\" content=\"2 minutes\" \/>\n<script type=\"application\/ld+json\" class=\"yoast-schema-graph\">{\"@context\":\"https:\/\/schema.org\",\"@graph\":[{\"@type\":\"WebPage\",\"@id\":\"https:\/\/librairie7l.com\/en\/produit\/les-couleurs-de-loccident-de-la-prehistoire-au-xxie-siecle-2\/\",\"url\":\"https:\/\/librairie7l.com\/en\/produit\/les-couleurs-de-loccident-de-la-prehistoire-au-xxie-siecle-2\/\",\"name\":\"Les couleurs de l'Occident ; de la pr\u00e9histoire au XXIe si\u00e8cle - Librairie 7L\",\"isPartOf\":{\"@id\":\"https:\/\/librairie7l.com\/en\/#website\"},\"datePublished\":\"2026-04-29T08:16:40+00:00\",\"dateModified\":\"2026-04-29T13:56:55+00:00\",\"breadcrumb\":{\"@id\":\"https:\/\/librairie7l.com\/en\/produit\/les-couleurs-de-loccident-de-la-prehistoire-au-xxie-siecle-2\/#breadcrumb\"},\"inLanguage\":\"en-US\",\"potentialAction\":[{\"@type\":\"ReadAction\",\"target\":[\"https:\/\/librairie7l.com\/en\/produit\/les-couleurs-de-loccident-de-la-prehistoire-au-xxie-siecle-2\/\"]}]},{\"@type\":\"BreadcrumbList\",\"@id\":\"https:\/\/librairie7l.com\/en\/produit\/les-couleurs-de-loccident-de-la-prehistoire-au-xxie-siecle-2\/#breadcrumb\",\"itemListElement\":[{\"@type\":\"ListItem\",\"position\":1,\"name\":\"Accueil\",\"item\":\"https:\/\/librairie7l.com\/en\/\"},{\"@type\":\"ListItem\",\"position\":2,\"name\":\"Shop\",\"item\":\"https:\/\/librairie7l.com\/en\/shop\/\"},{\"@type\":\"ListItem\",\"position\":3,\"name\":\"LES COULEURS DE L&#8217;OCCIDENT ; DE LA PR\u00c9HISTOIRE AU XXIE SI\u00c8CLE\"}]},{\"@type\":\"WebSite\",\"@id\":\"https:\/\/librairie7l.com\/en\/#website\",\"url\":\"https:\/\/librairie7l.com\/en\/\",\"name\":\"Librairie 7L\",\"description\":\"Librairie fond\u00e9e en 1999 par Karl Lagerfeld \u00e0 Paris\",\"publisher\":{\"@id\":\"https:\/\/librairie7l.com\/en\/#organization\"},\"potentialAction\":[{\"@type\":\"SearchAction\",\"target\":{\"@type\":\"EntryPoint\",\"urlTemplate\":\"https:\/\/librairie7l.com\/en\/?s={search_term_string}\"},\"query-input\":\"required name=search_term_string\"}],\"inLanguage\":\"en-US\"},{\"@type\":\"Organization\",\"@id\":\"https:\/\/librairie7l.com\/en\/#organization\",\"name\":\"Librairie 7L\",\"url\":\"https:\/\/librairie7l.com\/en\/\",\"logo\":{\"@type\":\"ImageObject\",\"inLanguage\":\"en-US\",\"@id\":\"https:\/\/librairie7l.com\/en\/#\/schema\/logo\/image\/\",\"url\":\"https:\/\/librairie7l.com\/wp-content\/uploads\/2022\/08\/logo-1.png\",\"contentUrl\":\"https:\/\/librairie7l.com\/wp-content\/uploads\/2022\/08\/logo-1.png\",\"width\":227,\"height\":301,\"caption\":\"Librairie 7L\"},\"image\":{\"@id\":\"https:\/\/librairie7l.com\/en\/#\/schema\/logo\/image\/\"}}]}<\/script>\n<!-- \/ Yoast SEO plugin. -->","yoast_head_json":{"title":"Les couleurs de l'Occident ; de la pr\u00e9histoire au XXIe si\u00e8cle - Librairie 7L","robots":{"index":"index","follow":"follow","max-snippet":"max-snippet:-1","max-image-preview":"max-image-preview:large","max-video-preview":"max-video-preview:-1"},"canonical":"https:\/\/librairie7l.com\/en\/produit\/les-couleurs-de-loccident-de-la-prehistoire-au-xxie-siecle-2\/","og_locale":"en_US","og_type":"article","og_title":"Les couleurs de l'Occident ; de la pr\u00e9histoire au XXIe si\u00e8cle - Librairie 7L","og_description":"Nos couleurs d&#8217;aujourd&#8217;hui ne sont plus qu&#8217;une question de go\u00fbt, dans un grand d\u00e9sordre que ne gouverne aucune r\u00e8gle. Pourtant, ce moment de leur longue histoire n&#8217;est qu&#8217;une exception.Toujours, les soci\u00e9t\u00e9s ont r\u00e9gi les significations de la couleur et ses usages magiques, religieux, politiques, sociaux selon des syst\u00e8mes chromatiques qui ne se transgressaient pas sans [&hellip;]","og_url":"https:\/\/librairie7l.com\/en\/produit\/les-couleurs-de-loccident-de-la-prehistoire-au-xxie-siecle-2\/","og_site_name":"Librairie 7L","article_modified_time":"2026-04-29T13:56:55+00:00","og_image":[{"width":600,"height":803,"url":"https:\/\/librairie7l.com\/wp-content\/uploads\/2019\/06\/9782072781506_1_75.jpg","type":"image\/jpeg"}],"twitter_card":"summary_large_image","twitter_misc":{"Est. reading time":"2 minutes"},"schema":{"@context":"https:\/\/schema.org","@graph":[{"@type":"WebPage","@id":"https:\/\/librairie7l.com\/en\/produit\/les-couleurs-de-loccident-de-la-prehistoire-au-xxie-siecle-2\/","url":"https:\/\/librairie7l.com\/en\/produit\/les-couleurs-de-loccident-de-la-prehistoire-au-xxie-siecle-2\/","name":"Les couleurs de l'Occident ; de la pr\u00e9histoire au XXIe si\u00e8cle - Librairie 7L","isPartOf":{"@id":"https:\/\/librairie7l.com\/en\/#website"},"datePublished":"2026-04-29T08:16:40+00:00","dateModified":"2026-04-29T13:56:55+00:00","breadcrumb":{"@id":"https:\/\/librairie7l.com\/en\/produit\/les-couleurs-de-loccident-de-la-prehistoire-au-xxie-siecle-2\/#breadcrumb"},"inLanguage":"en-US","potentialAction":[{"@type":"ReadAction","target":["https:\/\/librairie7l.com\/en\/produit\/les-couleurs-de-loccident-de-la-prehistoire-au-xxie-siecle-2\/"]}]},{"@type":"BreadcrumbList","@id":"https:\/\/librairie7l.com\/en\/produit\/les-couleurs-de-loccident-de-la-prehistoire-au-xxie-siecle-2\/#breadcrumb","itemListElement":[{"@type":"ListItem","position":1,"name":"Accueil","item":"https:\/\/librairie7l.com\/en\/"},{"@type":"ListItem","position":2,"name":"Shop","item":"https:\/\/librairie7l.com\/en\/shop\/"},{"@type":"ListItem","position":3,"name":"LES COULEURS DE L&#8217;OCCIDENT ; DE LA PR\u00c9HISTOIRE AU XXIE SI\u00c8CLE"}]},{"@type":"WebSite","@id":"https:\/\/librairie7l.com\/en\/#website","url":"https:\/\/librairie7l.com\/en\/","name":"Librairie 7L","description":"Librairie fond\u00e9e en 1999 par Karl Lagerfeld \u00e0 Paris","publisher":{"@id":"https:\/\/librairie7l.com\/en\/#organization"},"potentialAction":[{"@type":"SearchAction","target":{"@type":"EntryPoint","urlTemplate":"https:\/\/librairie7l.com\/en\/?s={search_term_string}"},"query-input":"required name=search_term_string"}],"inLanguage":"en-US"},{"@type":"Organization","@id":"https:\/\/librairie7l.com\/en\/#organization","name":"Librairie 7L","url":"https:\/\/librairie7l.com\/en\/","logo":{"@type":"ImageObject","inLanguage":"en-US","@id":"https:\/\/librairie7l.com\/en\/#\/schema\/logo\/image\/","url":"https:\/\/librairie7l.com\/wp-content\/uploads\/2022\/08\/logo-1.png","contentUrl":"https:\/\/librairie7l.com\/wp-content\/uploads\/2022\/08\/logo-1.png","width":227,"height":301,"caption":"Librairie 7L"},"image":{"@id":"https:\/\/librairie7l.com\/en\/#\/schema\/logo\/image\/"}}]}},"_links":{"self":[{"href":"https:\/\/librairie7l.com\/en\/wp-json\/wp\/v2\/product\/56697"}],"collection":[{"href":"https:\/\/librairie7l.com\/en\/wp-json\/wp\/v2\/product"}],"about":[{"href":"https:\/\/librairie7l.com\/en\/wp-json\/wp\/v2\/types\/product"}],"wp:featuredmedia":[{"embeddable":true,"href":"https:\/\/librairie7l.com\/en\/wp-json\/wp\/v2\/media\/56695"}],"wp:attachment":[{"href":"https:\/\/librairie7l.com\/en\/wp-json\/wp\/v2\/media?parent=56697"}],"wp:term":[{"taxonomy":"product_cat","embeddable":true,"href":"https:\/\/librairie7l.com\/en\/wp-json\/wp\/v2\/product_cat?post=56697"},{"taxonomy":"product_tag","embeddable":true,"href":"https:\/\/librairie7l.com\/en\/wp-json\/wp\/v2\/product_tag?post=56697"}],"curies":[{"name":"wp","href":"https:\/\/api.w.org\/{rel}","templated":true}]}}

LES COULEURS DE L&#8217;OCCIDENT ; DE LA PRÉHISTOIRE AU XXIE SIÈCLE

<p>Nos couleurs d&#8217;aujourd&#8217;hui ne sont plus qu&#8217;une question de goût, dans un grand désordre que ne gouverne aucune règle. Pourtant, ce moment de leur longue histoire n&#8217;est qu&#8217;une exception.Toujours, les sociétés ont régi les significations de la couleur et ses usages magiques, religieux, politiques, sociaux selon des systèmes chromatiques qui ne se transgressaient pas sans risque et ne variaient qu&#8217;avec l&#8217;évolution des structures et des idéologies sociales. Hervé Fischer, en artiste et en sociologue, scrute l&#8217;oscillation permanente de la vision et de l&#8217;usage des couleurs en Occident entre deux pôles &#8211; rationalisation et irrationalité, contrainte et liberté &#8211; et dégage de leur tension les fondements d&#8217;une sociologie de la couleur, pour mieux en bâtir l&#8217;histoire. De la gamme rouge-jaune-noir-blanc des cavernes jusqu&#8217;aux fausses couleurs qui font voir l&#8217;univers invisible, des premières icônes jusqu&#8217;à la publicité et aux modes contemporaines en passant par le cercle de Chevreul, depuis les cathédrales colorées jusqu&#8217;au blanc des murs modernes, l&#8217;auteur dégage un chemin qui va du symbolisme des couleurs pures à l&#8217;invention du réalisme des couleurs, du clair-obscur de Rembrandt à la couleur lumière des impressionnistes et à l&#8217;anarchisme fauviste faisant écho aux crises sociales du temps. Vient alors l&#8217;idée du rôle moteur des grands artistes de l&#8217;Occident dans la trajectoire apparente des couleurs. On ne sait plus, au bout du compte, de la société ou de l&#8217;individu, qui agit sur l&#8217;autre pour bouleverser l&#8217;ordre établi &#8211; tout ce qui fait d&#8217;un Léonard, d&#8217;un Delacroix, d&#8217;un Van Gogh, d&#8217;un Matisse un révolutionnaire. Eux le savaient, et les citations de leurs écrits qui émaillent le texte de ce livre, en accord avec la pertinence des images, nous conduisent à mesurer, par leurs questionnements et leurs certitudes, la hauteur des débats et la puissance des enjeux qui se nouent autour de la couleur.</p>

<p>Nos couleurs d&#8217;aujourd&#8217;hui ne sont plus qu&#8217;une question de goût, dans un grand désordre que ne gouverne aucune règle. Pourtant, ce moment de leur longue histoire n&#8217;est qu&#8217;une exception.Toujours, les sociétés ont régi les significations de la couleur et ses usages magiques, religieux, politiques, sociaux selon des systèmes chromatiques qui ne se transgressaient pas sans [&hellip;]</p>

<!-- This site is optimized with the Yoast SEO plugin v20.11 - https://yoast.com/wordpress/plugins/seo/ -->
<title>Les couleurs de l&#039;Occident ; de la préhistoire au XXIe siècle - Librairie 7L</title>
<meta name="robots" content="index, follow, max-snippet:-1, max-image-preview:large, max-video-preview:-1" />
<link rel="canonical" href="https://librairie7l.com/en/produit/les-couleurs-de-loccident-de-la-prehistoire-au-xxie-siecle-2/" />
<meta property="og:locale" content="en_US" />
<meta property="og:type" content="article" />
<meta property="og:title" content="Les couleurs de l&#039;Occident ; de la préhistoire au XXIe siècle - Librairie 7L" />
<meta property="og:description" content="Nos couleurs d&#8217;aujourd&#8217;hui ne sont plus qu&#8217;une question de goût, dans un grand désordre que ne gouverne aucune règle. Pourtant, ce moment de leur longue histoire n&#8217;est qu&#8217;une exception.Toujours, les sociétés ont régi les significations de la couleur et ses usages magiques, religieux, politiques, sociaux selon des systèmes chromatiques qui ne se transgressaient pas sans [&hellip;]" />
<meta property="og:url" content="https://librairie7l.com/en/produit/les-couleurs-de-loccident-de-la-prehistoire-au-xxie-siecle-2/" />
<meta property="og:site_name" content="Librairie 7L" />
<meta property="article:modified_time" content="2026-04-29T13:56:55+00:00" />
<meta property="og:image" content="https://librairie7l.com/wp-content/uploads/2019/06/9782072781506_1_75.jpg" />
	<meta property="og:image:width" content="600" />
	<meta property="og:image:height" content="803" />
	<meta property="og:image:type" content="image/jpeg" />
<meta name="twitter:card" content="summary_large_image" />
<meta name="twitter:label1" content="Est. reading time" />
	<meta name="twitter:data1" content="2 minutes" />
<script type="application/ld+json" class="yoast-schema-graph">{"@context":"https://schema.org","@graph":[{"@type":"WebPage","@id":"https://librairie7l.com/en/produit/les-couleurs-de-loccident-de-la-prehistoire-au-xxie-siecle-2/","url":"https://librairie7l.com/en/produit/les-couleurs-de-loccident-de-la-prehistoire-au-xxie-siecle-2/","name":"Les couleurs de l'Occident ; de la préhistoire au XXIe siècle - Librairie 7L","isPartOf":{"@id":"https://librairie7l.com/en/#website"},"datePublished":"2026-04-29T08:16:40+00:00","dateModified":"2026-04-29T13:56:55+00:00","breadcrumb":{"@id":"https://librairie7l.com/en/produit/les-couleurs-de-loccident-de-la-prehistoire-au-xxie-siecle-2/#breadcrumb"},"inLanguage":"en-US","potentialAction":[{"@type":"ReadAction","target":["https://librairie7l.com/en/produit/les-couleurs-de-loccident-de-la-prehistoire-au-xxie-siecle-2/"]}]},{"@type":"BreadcrumbList","@id":"https://librairie7l.com/en/produit/les-couleurs-de-loccident-de-la-prehistoire-au-xxie-siecle-2/#breadcrumb","itemListElement":[{"@type":"ListItem","position":1,"name":"Accueil","item":"https://librairie7l.com/en/"},{"@type":"ListItem","position":2,"name":"Shop","item":"https://librairie7l.com/en/shop/"},{"@type":"ListItem","position":3,"name":"LES COULEURS DE L&#8217;OCCIDENT ; DE LA PRÉHISTOIRE AU XXIE SIÈCLE"}]},{"@type":"WebSite","@id":"https://librairie7l.com/en/#website","url":"https://librairie7l.com/en/","name":"Librairie 7L","description":"Librairie fondée en 1999 par Karl Lagerfeld à Paris","publisher":{"@id":"https://librairie7l.com/en/#organization"},"potentialAction":[{"@type":"SearchAction","target":{"@type":"EntryPoint","urlTemplate":"https://librairie7l.com/en/?s={search_term_string}"},"query-input":"required name=search_term_string"}],"inLanguage":"en-US"},{"@type":"Organization","@id":"https://librairie7l.com/en/#organization","name":"Librairie 7L","url":"https://librairie7l.com/en/","logo":{"@type":"ImageObject","inLanguage":"en-US","@id":"https://librairie7l.com/en/#/schema/logo/image/","url":"https://librairie7l.com/wp-content/uploads/2022/08/logo-1.png","contentUrl":"https://librairie7l.com/wp-content/uploads/2022/08/logo-1.png","width":227,"height":301,"caption":"Librairie 7L"},"image":{"@id":"https://librairie7l.com/en/#/schema/logo/image/"}}]}</script>
<!-- / Yoast SEO plugin. -->

Les couleurs de l'Occident ; de la préhistoire au XXIe siècle - Librairie 7L

Nos couleurs d&#8217;aujourd&#8217;hui ne sont plus qu&#8217;une question de goût, dans un grand désordre que ne gouverne aucune règle. Pourtant, ce moment de leur longue histoire n&#8217;est qu&#8217;une exception.Toujours, les sociétés ont régi les significations de la couleur et ses usages magiques, religieux, politiques, sociaux selon des systèmes chromatiques qui ne se transgressaient pas sans [&hellip;]

Librairie fondée en 1999 par Karl Lagerfeld à Paris
