{"id":56719,"date":"2026-04-30T09:18:05","date_gmt":"2026-04-30T07:18:05","guid":{"rendered":"https:\/\/librairie7l.com\/?post_type=product&#038;p=56719"},"modified":"2026-04-30T12:04:54","modified_gmt":"2026-04-30T10:04:54","slug":"jean-jacques-lequeu-batisseur-de-fantasmes-2","status":"publish","type":"product","link":"https:\/\/librairie7l.com\/en\/produit\/jean-jacques-lequeu-batisseur-de-fantasmes-2\/","title":{"rendered":"JEAN-JACQUES LEQUEU ; B\u00c2TISSEUR DE FANTASMES"},"content":{"rendered":"<p>\u00ab Quel lien y a-t-il entre L&#8217;Origine du monde de Gustave Courbet et Le Palais id\u00e9al du facteur Cheval ?<br \/>\nIl y a Jean-Jacques Lequeu qui, sans en \u00eatre conscient, pressent que l&#8217;origine du r\u00eave architectural a quelque chose \u00e0 voir avec cette origine du monde \u00bb sugg\u00e8re Annie Le Brun dans sa contribution au catalogue de l&#8217;exposition \u00ab Jean-Jacques Lequeu, b\u00e2tisseur de fantasmes \u00bb, se tenant au Petit Palais, du 11 d\u00e9cembre 2018 au 31 mars 2019.<br \/>\nArchitecte sans oeuvre, Lequeu (1757-1826) est d&#8217;abord un dessinateur hors du commun, dont l&#8217;imaginaire, nourri de r\u00e9f\u00e9rences telles que Le Songe de Polyphile, se d\u00e9ploie dans la cr\u00e9ation de monuments et fabriques fictives donnant naissance \u00e0 des paysages d&#8217;invention, compl\u00e9t\u00e9s par une impressionnante galerie de portraits grima\u00e7ants ou de d\u00e9tails d&#8217;anatomie d\u00e9peints sans complaisance.<br \/>\nIssu d&#8217;un milieu artisanal, qui tente \u00e0 la faveur de la R\u00e9volution, de s&#8217;\u00e9lever socialement, Lequeu, r\u00e9duit sa vie durant \u00e0 un emploi de bureau subalterne, est le fils du libertinage des Lumi\u00e8res et des jardins anglochinois.<br \/>\nSix mois avant de dispara\u00eetre dans le d\u00e9nuement et l&#8217;oubli, il l\u00e8gue \u00e0 la Biblioth\u00e8que nationale de France l&#8217;une des oeuvres graphiques les plus singuli\u00e8res et les plus fascinantes de son temps, qui permet de s&#8217;immerger dans la d\u00e9rive solitaire et obs\u00e9dante d&#8217;un artiste hors du commun.<\/p>\n","protected":false},"excerpt":{"rendered":"<p>\u00ab Quel lien y a-t-il entre L&#8217;Origine du monde de Gustave Courbet et Le Palais id\u00e9al du facteur Cheval ? Il y a Jean-Jacques Lequeu qui, sans en \u00eatre conscient, pressent que l&#8217;origine du r\u00eave architectural a quelque chose \u00e0 voir avec cette origine du monde \u00bb sugg\u00e8re Annie Le Brun dans sa contribution au [&hellip;]<\/p>\n","protected":false},"featured_media":56717,"template":"","meta":[],"product_cat":[2948],"product_tag":[],"acf":[],"yoast_head":"<!-- This site is optimized with the Yoast SEO plugin v20.11 - https:\/\/yoast.com\/wordpress\/plugins\/seo\/ -->\n<title>Jean-Jacques Lequeu ; b\u00e2tisseur de fantasmes - Librairie 7L<\/title>\n<meta name=\"robots\" content=\"index, follow, max-snippet:-1, max-image-preview:large, max-video-preview:-1\" \/>\n<link rel=\"canonical\" href=\"https:\/\/librairie7l.com\/en\/produit\/jean-jacques-lequeu-batisseur-de-fantasmes-2\/\" \/>\n<meta property=\"og:locale\" content=\"en_US\" \/>\n<meta property=\"og:type\" content=\"article\" \/>\n<meta property=\"og:title\" content=\"Jean-Jacques Lequeu ; b\u00e2tisseur de fantasmes - Librairie 7L\" \/>\n<meta property=\"og:description\" content=\"\u00ab Quel lien y a-t-il entre L&#8217;Origine du monde de Gustave Courbet et Le Palais id\u00e9al du facteur Cheval ? Il y a Jean-Jacques Lequeu qui, sans en \u00eatre conscient, pressent que l&#8217;origine du r\u00eave architectural a quelque chose \u00e0 voir avec cette origine du monde \u00bb sugg\u00e8re Annie Le Brun dans sa contribution au [&hellip;]\" \/>\n<meta property=\"og:url\" content=\"https:\/\/librairie7l.com\/en\/produit\/jean-jacques-lequeu-batisseur-de-fantasmes-2\/\" \/>\n<meta property=\"og:site_name\" content=\"Librairie 7L\" \/>\n<meta property=\"article:modified_time\" content=\"2026-04-30T10:04:54+00:00\" \/>\n<meta property=\"og:image\" content=\"https:\/\/librairie7l.com\/wp-content\/uploads\/2018\/07\/9782376660217_1_75.jpg\" \/>\n\t<meta property=\"og:image:width\" content=\"600\" \/>\n\t<meta property=\"og:image:height\" content=\"763\" \/>\n\t<meta property=\"og:image:type\" content=\"image\/jpeg\" \/>\n<meta name=\"twitter:card\" content=\"summary_large_image\" \/>\n<meta name=\"twitter:label1\" content=\"Est. reading time\" \/>\n\t<meta name=\"twitter:data1\" content=\"1 minute\" \/>\n<script type=\"application\/ld+json\" class=\"yoast-schema-graph\">{\"@context\":\"https:\/\/schema.org\",\"@graph\":[{\"@type\":\"WebPage\",\"@id\":\"https:\/\/librairie7l.com\/en\/produit\/jean-jacques-lequeu-batisseur-de-fantasmes-2\/\",\"url\":\"https:\/\/librairie7l.com\/en\/produit\/jean-jacques-lequeu-batisseur-de-fantasmes-2\/\",\"name\":\"Jean-Jacques Lequeu ; b\u00e2tisseur de fantasmes - Librairie 7L\",\"isPartOf\":{\"@id\":\"https:\/\/librairie7l.com\/en\/#website\"},\"datePublished\":\"2026-04-30T07:18:05+00:00\",\"dateModified\":\"2026-04-30T10:04:54+00:00\",\"breadcrumb\":{\"@id\":\"https:\/\/librairie7l.com\/en\/produit\/jean-jacques-lequeu-batisseur-de-fantasmes-2\/#breadcrumb\"},\"inLanguage\":\"en-US\",\"potentialAction\":[{\"@type\":\"ReadAction\",\"target\":[\"https:\/\/librairie7l.com\/en\/produit\/jean-jacques-lequeu-batisseur-de-fantasmes-2\/\"]}]},{\"@type\":\"BreadcrumbList\",\"@id\":\"https:\/\/librairie7l.com\/en\/produit\/jean-jacques-lequeu-batisseur-de-fantasmes-2\/#breadcrumb\",\"itemListElement\":[{\"@type\":\"ListItem\",\"position\":1,\"name\":\"Accueil\",\"item\":\"https:\/\/librairie7l.com\/en\/\"},{\"@type\":\"ListItem\",\"position\":2,\"name\":\"Shop\",\"item\":\"https:\/\/librairie7l.com\/en\/shop\/\"},{\"@type\":\"ListItem\",\"position\":3,\"name\":\"JEAN-JACQUES LEQUEU ; B\u00c2TISSEUR DE FANTASMES\"}]},{\"@type\":\"WebSite\",\"@id\":\"https:\/\/librairie7l.com\/en\/#website\",\"url\":\"https:\/\/librairie7l.com\/en\/\",\"name\":\"Librairie 7L\",\"description\":\"Librairie fond\u00e9e en 1999 par Karl Lagerfeld \u00e0 Paris\",\"publisher\":{\"@id\":\"https:\/\/librairie7l.com\/en\/#organization\"},\"potentialAction\":[{\"@type\":\"SearchAction\",\"target\":{\"@type\":\"EntryPoint\",\"urlTemplate\":\"https:\/\/librairie7l.com\/en\/?s={search_term_string}\"},\"query-input\":\"required name=search_term_string\"}],\"inLanguage\":\"en-US\"},{\"@type\":\"Organization\",\"@id\":\"https:\/\/librairie7l.com\/en\/#organization\",\"name\":\"Librairie 7L\",\"url\":\"https:\/\/librairie7l.com\/en\/\",\"logo\":{\"@type\":\"ImageObject\",\"inLanguage\":\"en-US\",\"@id\":\"https:\/\/librairie7l.com\/en\/#\/schema\/logo\/image\/\",\"url\":\"https:\/\/librairie7l.com\/wp-content\/uploads\/2022\/08\/logo-1.png\",\"contentUrl\":\"https:\/\/librairie7l.com\/wp-content\/uploads\/2022\/08\/logo-1.png\",\"width\":227,\"height\":301,\"caption\":\"Librairie 7L\"},\"image\":{\"@id\":\"https:\/\/librairie7l.com\/en\/#\/schema\/logo\/image\/\"}}]}<\/script>\n<!-- \/ Yoast SEO plugin. -->","yoast_head_json":{"title":"Jean-Jacques Lequeu ; b\u00e2tisseur de fantasmes - Librairie 7L","robots":{"index":"index","follow":"follow","max-snippet":"max-snippet:-1","max-image-preview":"max-image-preview:large","max-video-preview":"max-video-preview:-1"},"canonical":"https:\/\/librairie7l.com\/en\/produit\/jean-jacques-lequeu-batisseur-de-fantasmes-2\/","og_locale":"en_US","og_type":"article","og_title":"Jean-Jacques Lequeu ; b\u00e2tisseur de fantasmes - Librairie 7L","og_description":"\u00ab Quel lien y a-t-il entre L&#8217;Origine du monde de Gustave Courbet et Le Palais id\u00e9al du facteur Cheval ? Il y a Jean-Jacques Lequeu qui, sans en \u00eatre conscient, pressent que l&#8217;origine du r\u00eave architectural a quelque chose \u00e0 voir avec cette origine du monde \u00bb sugg\u00e8re Annie Le Brun dans sa contribution au [&hellip;]","og_url":"https:\/\/librairie7l.com\/en\/produit\/jean-jacques-lequeu-batisseur-de-fantasmes-2\/","og_site_name":"Librairie 7L","article_modified_time":"2026-04-30T10:04:54+00:00","og_image":[{"width":600,"height":763,"url":"https:\/\/librairie7l.com\/wp-content\/uploads\/2018\/07\/9782376660217_1_75.jpg","type":"image\/jpeg"}],"twitter_card":"summary_large_image","twitter_misc":{"Est. reading time":"1 minute"},"schema":{"@context":"https:\/\/schema.org","@graph":[{"@type":"WebPage","@id":"https:\/\/librairie7l.com\/en\/produit\/jean-jacques-lequeu-batisseur-de-fantasmes-2\/","url":"https:\/\/librairie7l.com\/en\/produit\/jean-jacques-lequeu-batisseur-de-fantasmes-2\/","name":"Jean-Jacques Lequeu ; b\u00e2tisseur de fantasmes - Librairie 7L","isPartOf":{"@id":"https:\/\/librairie7l.com\/en\/#website"},"datePublished":"2026-04-30T07:18:05+00:00","dateModified":"2026-04-30T10:04:54+00:00","breadcrumb":{"@id":"https:\/\/librairie7l.com\/en\/produit\/jean-jacques-lequeu-batisseur-de-fantasmes-2\/#breadcrumb"},"inLanguage":"en-US","potentialAction":[{"@type":"ReadAction","target":["https:\/\/librairie7l.com\/en\/produit\/jean-jacques-lequeu-batisseur-de-fantasmes-2\/"]}]},{"@type":"BreadcrumbList","@id":"https:\/\/librairie7l.com\/en\/produit\/jean-jacques-lequeu-batisseur-de-fantasmes-2\/#breadcrumb","itemListElement":[{"@type":"ListItem","position":1,"name":"Accueil","item":"https:\/\/librairie7l.com\/en\/"},{"@type":"ListItem","position":2,"name":"Shop","item":"https:\/\/librairie7l.com\/en\/shop\/"},{"@type":"ListItem","position":3,"name":"JEAN-JACQUES LEQUEU ; B\u00c2TISSEUR DE FANTASMES"}]},{"@type":"WebSite","@id":"https:\/\/librairie7l.com\/en\/#website","url":"https:\/\/librairie7l.com\/en\/","name":"Librairie 7L","description":"Librairie fond\u00e9e en 1999 par Karl Lagerfeld \u00e0 Paris","publisher":{"@id":"https:\/\/librairie7l.com\/en\/#organization"},"potentialAction":[{"@type":"SearchAction","target":{"@type":"EntryPoint","urlTemplate":"https:\/\/librairie7l.com\/en\/?s={search_term_string}"},"query-input":"required name=search_term_string"}],"inLanguage":"en-US"},{"@type":"Organization","@id":"https:\/\/librairie7l.com\/en\/#organization","name":"Librairie 7L","url":"https:\/\/librairie7l.com\/en\/","logo":{"@type":"ImageObject","inLanguage":"en-US","@id":"https:\/\/librairie7l.com\/en\/#\/schema\/logo\/image\/","url":"https:\/\/librairie7l.com\/wp-content\/uploads\/2022\/08\/logo-1.png","contentUrl":"https:\/\/librairie7l.com\/wp-content\/uploads\/2022\/08\/logo-1.png","width":227,"height":301,"caption":"Librairie 7L"},"image":{"@id":"https:\/\/librairie7l.com\/en\/#\/schema\/logo\/image\/"}}]}},"_links":{"self":[{"href":"https:\/\/librairie7l.com\/en\/wp-json\/wp\/v2\/product\/56719"}],"collection":[{"href":"https:\/\/librairie7l.com\/en\/wp-json\/wp\/v2\/product"}],"about":[{"href":"https:\/\/librairie7l.com\/en\/wp-json\/wp\/v2\/types\/product"}],"wp:featuredmedia":[{"embeddable":true,"href":"https:\/\/librairie7l.com\/en\/wp-json\/wp\/v2\/media\/56717"}],"wp:attachment":[{"href":"https:\/\/librairie7l.com\/en\/wp-json\/wp\/v2\/media?parent=56719"}],"wp:term":[{"taxonomy":"product_cat","embeddable":true,"href":"https:\/\/librairie7l.com\/en\/wp-json\/wp\/v2\/product_cat?post=56719"},{"taxonomy":"product_tag","embeddable":true,"href":"https:\/\/librairie7l.com\/en\/wp-json\/wp\/v2\/product_tag?post=56719"}],"curies":[{"name":"wp","href":"https:\/\/api.w.org\/{rel}","templated":true}]}}

JEAN-JACQUES LEQUEU ; BÂTISSEUR DE FANTASMES

<p>« Quel lien y a-t-il entre L&#8217;Origine du monde de Gustave Courbet et Le Palais idéal du facteur Cheval ?<br />
Il y a Jean-Jacques Lequeu qui, sans en être conscient, pressent que l&#8217;origine du rêve architectural a quelque chose à voir avec cette origine du monde » suggère Annie Le Brun dans sa contribution au catalogue de l&#8217;exposition « Jean-Jacques Lequeu, bâtisseur de fantasmes », se tenant au Petit Palais, du 11 décembre 2018 au 31 mars 2019.<br />
Architecte sans oeuvre, Lequeu (1757-1826) est d&#8217;abord un dessinateur hors du commun, dont l&#8217;imaginaire, nourri de références telles que Le Songe de Polyphile, se déploie dans la création de monuments et fabriques fictives donnant naissance à des paysages d&#8217;invention, complétés par une impressionnante galerie de portraits grimaçants ou de détails d&#8217;anatomie dépeints sans complaisance.<br />
Issu d&#8217;un milieu artisanal, qui tente à la faveur de la Révolution, de s&#8217;élever socialement, Lequeu, réduit sa vie durant à un emploi de bureau subalterne, est le fils du libertinage des Lumières et des jardins anglochinois.<br />
Six mois avant de disparaître dans le dénuement et l&#8217;oubli, il lègue à la Bibliothèque nationale de France l&#8217;une des oeuvres graphiques les plus singulières et les plus fascinantes de son temps, qui permet de s&#8217;immerger dans la dérive solitaire et obsédante d&#8217;un artiste hors du commun.</p>

<p>« Quel lien y a-t-il entre L&#8217;Origine du monde de Gustave Courbet et Le Palais idéal du facteur Cheval ? Il y a Jean-Jacques Lequeu qui, sans en être conscient, pressent que l&#8217;origine du rêve architectural a quelque chose à voir avec cette origine du monde » suggère Annie Le Brun dans sa contribution au [&hellip;]</p>

<!-- This site is optimized with the Yoast SEO plugin v20.11 - https://yoast.com/wordpress/plugins/seo/ -->
<title>Jean-Jacques Lequeu ; bâtisseur de fantasmes - Librairie 7L</title>
<meta name="robots" content="index, follow, max-snippet:-1, max-image-preview:large, max-video-preview:-1" />
<link rel="canonical" href="https://librairie7l.com/en/produit/jean-jacques-lequeu-batisseur-de-fantasmes-2/" />
<meta property="og:locale" content="en_US" />
<meta property="og:type" content="article" />
<meta property="og:title" content="Jean-Jacques Lequeu ; bâtisseur de fantasmes - Librairie 7L" />
<meta property="og:description" content="« Quel lien y a-t-il entre L&#8217;Origine du monde de Gustave Courbet et Le Palais idéal du facteur Cheval ? Il y a Jean-Jacques Lequeu qui, sans en être conscient, pressent que l&#8217;origine du rêve architectural a quelque chose à voir avec cette origine du monde » suggère Annie Le Brun dans sa contribution au [&hellip;]" />
<meta property="og:url" content="https://librairie7l.com/en/produit/jean-jacques-lequeu-batisseur-de-fantasmes-2/" />
<meta property="og:site_name" content="Librairie 7L" />
<meta property="article:modified_time" content="2026-04-30T10:04:54+00:00" />
<meta property="og:image" content="https://librairie7l.com/wp-content/uploads/2018/07/9782376660217_1_75.jpg" />
	<meta property="og:image:width" content="600" />
	<meta property="og:image:height" content="763" />
	<meta property="og:image:type" content="image/jpeg" />
<meta name="twitter:card" content="summary_large_image" />
<meta name="twitter:label1" content="Est. reading time" />
	<meta name="twitter:data1" content="1 minute" />
<script type="application/ld+json" class="yoast-schema-graph">{"@context":"https://schema.org","@graph":[{"@type":"WebPage","@id":"https://librairie7l.com/en/produit/jean-jacques-lequeu-batisseur-de-fantasmes-2/","url":"https://librairie7l.com/en/produit/jean-jacques-lequeu-batisseur-de-fantasmes-2/","name":"Jean-Jacques Lequeu ; bâtisseur de fantasmes - Librairie 7L","isPartOf":{"@id":"https://librairie7l.com/en/#website"},"datePublished":"2026-04-30T07:18:05+00:00","dateModified":"2026-04-30T10:04:54+00:00","breadcrumb":{"@id":"https://librairie7l.com/en/produit/jean-jacques-lequeu-batisseur-de-fantasmes-2/#breadcrumb"},"inLanguage":"en-US","potentialAction":[{"@type":"ReadAction","target":["https://librairie7l.com/en/produit/jean-jacques-lequeu-batisseur-de-fantasmes-2/"]}]},{"@type":"BreadcrumbList","@id":"https://librairie7l.com/en/produit/jean-jacques-lequeu-batisseur-de-fantasmes-2/#breadcrumb","itemListElement":[{"@type":"ListItem","position":1,"name":"Accueil","item":"https://librairie7l.com/en/"},{"@type":"ListItem","position":2,"name":"Shop","item":"https://librairie7l.com/en/shop/"},{"@type":"ListItem","position":3,"name":"JEAN-JACQUES LEQUEU ; BÂTISSEUR DE FANTASMES"}]},{"@type":"WebSite","@id":"https://librairie7l.com/en/#website","url":"https://librairie7l.com/en/","name":"Librairie 7L","description":"Librairie fondée en 1999 par Karl Lagerfeld à Paris","publisher":{"@id":"https://librairie7l.com/en/#organization"},"potentialAction":[{"@type":"SearchAction","target":{"@type":"EntryPoint","urlTemplate":"https://librairie7l.com/en/?s={search_term_string}"},"query-input":"required name=search_term_string"}],"inLanguage":"en-US"},{"@type":"Organization","@id":"https://librairie7l.com/en/#organization","name":"Librairie 7L","url":"https://librairie7l.com/en/","logo":{"@type":"ImageObject","inLanguage":"en-US","@id":"https://librairie7l.com/en/#/schema/logo/image/","url":"https://librairie7l.com/wp-content/uploads/2022/08/logo-1.png","contentUrl":"https://librairie7l.com/wp-content/uploads/2022/08/logo-1.png","width":227,"height":301,"caption":"Librairie 7L"},"image":{"@id":"https://librairie7l.com/en/#/schema/logo/image/"}}]}</script>
<!-- / Yoast SEO plugin. -->

Jean-Jacques Lequeu ; bâtisseur de fantasmes - Librairie 7L

« Quel lien y a-t-il entre L&#8217;Origine du monde de Gustave Courbet et Le Palais idéal du facteur Cheval ? Il y a Jean-Jacques Lequeu qui, sans en être conscient, pressent que l&#8217;origine du rêve architectural a quelque chose à voir avec cette origine du monde » suggère Annie Le Brun dans sa contribution au [&hellip;]

Librairie fondée en 1999 par Karl Lagerfeld à Paris
