{"id":56727,"date":"2026-04-30T09:18:11","date_gmt":"2026-04-30T07:18:11","guid":{"rendered":"https:\/\/librairie7l.com\/?post_type=product&#038;p=56727"},"modified":"2026-04-30T12:14:33","modified_gmt":"2026-04-30T10:14:33","slug":"alfred-auguste-janniot-le-flamboyant-le-vivant-dans-la-sculpture-2","status":"publish","type":"product","link":"https:\/\/librairie7l.com\/en\/produit\/alfred-auguste-janniot-le-flamboyant-le-vivant-dans-la-sculpture-2\/","title":{"rendered":"ALFRED-AUGUSTE JANNIOT LE FLAMBOYANT : LE VIVANT DANS LA SCULPTURE"},"content":{"rendered":"<p>Les murs du Palais de la Porte Dor\u00e9e, \u00e0 Paris, accueillent un bas-relief de 1 128 m2, le plus grand du monde et pourtant encore m\u00e9connu&#8230; Alfred Janniot (1889-1969), chef de file de l&#8217;esth\u00e9tique art-d\u00e9co, a sculpt\u00e9 cet immense tableau de pierre entre 1928 et 1931, sur les fa\u00e7ades du Palais, pour l&#8217;exposition coloniale internationale de 1931. <\/p>\n<p>Voyage dans le temps et dans l&#8217;espace, ce livre aidera \u00e0 comprendre le chef-d&#8217;oeuvre de l&#8217;artiste, ce fascinant paradis exotique foisonnant de vie sur les bas-reliefs. Si la vision idyllique de Janniot ne correspond pas \u00e0 la terrible r\u00e9alit\u00e9 du travail forc\u00e9 et de l&#8217;oppression v\u00e9cus par les autochtones, cette oeuvre de fiction, telle une bande dessin\u00e9e, repr\u00e9sente, avec une prodigieuse habilet\u00e9, 250 personnages et animaux et est unique au monde. \u00ab Si je me passionne, \u00e9crit Janniot \u00e0 l&#8217;architecte Bazin, aussi violemment \u00e0 ce projet, c&#8217;est par ce que je veux en faire la plus belle oeuvre de ma carri\u00e8re \u00bb.<\/p>\n","protected":false},"excerpt":{"rendered":"<p>Les murs du Palais de la Porte Dor\u00e9e, \u00e0 Paris, accueillent un bas-relief de 1 128 m2, le plus grand du monde et pourtant encore m\u00e9connu&#8230; Alfred Janniot (1889-1969), chef de file de l&#8217;esth\u00e9tique art-d\u00e9co, a sculpt\u00e9 cet immense tableau de pierre entre 1928 et 1931, sur les fa\u00e7ades du Palais, pour l&#8217;exposition coloniale internationale [&hellip;]<\/p>\n","protected":false},"featured_media":56725,"template":"","meta":[],"product_cat":[2948],"product_tag":[],"acf":[],"yoast_head":"<!-- This site is optimized with the Yoast SEO plugin v20.11 - https:\/\/yoast.com\/wordpress\/plugins\/seo\/ -->\n<title>Alfred-Auguste Janniot le flamboyant : Le vivant dans la sculpture - Librairie 7L<\/title>\n<meta name=\"robots\" content=\"index, follow, max-snippet:-1, max-image-preview:large, max-video-preview:-1\" \/>\n<link rel=\"canonical\" href=\"https:\/\/librairie7l.com\/en\/produit\/alfred-auguste-janniot-le-flamboyant-le-vivant-dans-la-sculpture-2\/\" \/>\n<meta property=\"og:locale\" content=\"en_US\" \/>\n<meta property=\"og:type\" content=\"article\" \/>\n<meta property=\"og:title\" content=\"Alfred-Auguste Janniot le flamboyant : Le vivant dans la sculpture - Librairie 7L\" \/>\n<meta property=\"og:description\" content=\"Les murs du Palais de la Porte Dor\u00e9e, \u00e0 Paris, accueillent un bas-relief de 1 128 m2, le plus grand du monde et pourtant encore m\u00e9connu&#8230; Alfred Janniot (1889-1969), chef de file de l&#8217;esth\u00e9tique art-d\u00e9co, a sculpt\u00e9 cet immense tableau de pierre entre 1928 et 1931, sur les fa\u00e7ades du Palais, pour l&#8217;exposition coloniale internationale [&hellip;]\" \/>\n<meta property=\"og:url\" content=\"https:\/\/librairie7l.com\/en\/produit\/alfred-auguste-janniot-le-flamboyant-le-vivant-dans-la-sculpture-2\/\" \/>\n<meta property=\"og:site_name\" content=\"Librairie 7L\" \/>\n<meta property=\"article:modified_time\" content=\"2026-04-30T10:14:33+00:00\" \/>\n<meta property=\"og:image\" content=\"https:\/\/librairie7l.com\/wp-content\/uploads\/2025\/11\/9782708957282_1_75.jpg\" \/>\n\t<meta property=\"og:image:width\" content=\"600\" \/>\n\t<meta property=\"og:image:height\" content=\"909\" \/>\n\t<meta property=\"og:image:type\" content=\"image\/jpeg\" \/>\n<meta name=\"twitter:card\" content=\"summary_large_image\" \/>\n<meta name=\"twitter:label1\" content=\"Est. reading time\" \/>\n\t<meta name=\"twitter:data1\" content=\"1 minute\" \/>\n<script type=\"application\/ld+json\" class=\"yoast-schema-graph\">{\"@context\":\"https:\/\/schema.org\",\"@graph\":[{\"@type\":\"WebPage\",\"@id\":\"https:\/\/librairie7l.com\/en\/produit\/alfred-auguste-janniot-le-flamboyant-le-vivant-dans-la-sculpture-2\/\",\"url\":\"https:\/\/librairie7l.com\/en\/produit\/alfred-auguste-janniot-le-flamboyant-le-vivant-dans-la-sculpture-2\/\",\"name\":\"Alfred-Auguste Janniot le flamboyant : Le vivant dans la sculpture - Librairie 7L\",\"isPartOf\":{\"@id\":\"https:\/\/librairie7l.com\/en\/#website\"},\"datePublished\":\"2026-04-30T07:18:11+00:00\",\"dateModified\":\"2026-04-30T10:14:33+00:00\",\"breadcrumb\":{\"@id\":\"https:\/\/librairie7l.com\/en\/produit\/alfred-auguste-janniot-le-flamboyant-le-vivant-dans-la-sculpture-2\/#breadcrumb\"},\"inLanguage\":\"en-US\",\"potentialAction\":[{\"@type\":\"ReadAction\",\"target\":[\"https:\/\/librairie7l.com\/en\/produit\/alfred-auguste-janniot-le-flamboyant-le-vivant-dans-la-sculpture-2\/\"]}]},{\"@type\":\"BreadcrumbList\",\"@id\":\"https:\/\/librairie7l.com\/en\/produit\/alfred-auguste-janniot-le-flamboyant-le-vivant-dans-la-sculpture-2\/#breadcrumb\",\"itemListElement\":[{\"@type\":\"ListItem\",\"position\":1,\"name\":\"Accueil\",\"item\":\"https:\/\/librairie7l.com\/en\/\"},{\"@type\":\"ListItem\",\"position\":2,\"name\":\"Shop\",\"item\":\"https:\/\/librairie7l.com\/en\/shop\/\"},{\"@type\":\"ListItem\",\"position\":3,\"name\":\"ALFRED-AUGUSTE JANNIOT LE FLAMBOYANT : LE VIVANT DANS LA SCULPTURE\"}]},{\"@type\":\"WebSite\",\"@id\":\"https:\/\/librairie7l.com\/en\/#website\",\"url\":\"https:\/\/librairie7l.com\/en\/\",\"name\":\"Librairie 7L\",\"description\":\"Librairie fond\u00e9e en 1999 par Karl Lagerfeld \u00e0 Paris\",\"publisher\":{\"@id\":\"https:\/\/librairie7l.com\/en\/#organization\"},\"potentialAction\":[{\"@type\":\"SearchAction\",\"target\":{\"@type\":\"EntryPoint\",\"urlTemplate\":\"https:\/\/librairie7l.com\/en\/?s={search_term_string}\"},\"query-input\":\"required name=search_term_string\"}],\"inLanguage\":\"en-US\"},{\"@type\":\"Organization\",\"@id\":\"https:\/\/librairie7l.com\/en\/#organization\",\"name\":\"Librairie 7L\",\"url\":\"https:\/\/librairie7l.com\/en\/\",\"logo\":{\"@type\":\"ImageObject\",\"inLanguage\":\"en-US\",\"@id\":\"https:\/\/librairie7l.com\/en\/#\/schema\/logo\/image\/\",\"url\":\"https:\/\/librairie7l.com\/wp-content\/uploads\/2022\/08\/logo-1.png\",\"contentUrl\":\"https:\/\/librairie7l.com\/wp-content\/uploads\/2022\/08\/logo-1.png\",\"width\":227,\"height\":301,\"caption\":\"Librairie 7L\"},\"image\":{\"@id\":\"https:\/\/librairie7l.com\/en\/#\/schema\/logo\/image\/\"}}]}<\/script>\n<!-- \/ Yoast SEO plugin. -->","yoast_head_json":{"title":"Alfred-Auguste Janniot le flamboyant : Le vivant dans la sculpture - Librairie 7L","robots":{"index":"index","follow":"follow","max-snippet":"max-snippet:-1","max-image-preview":"max-image-preview:large","max-video-preview":"max-video-preview:-1"},"canonical":"https:\/\/librairie7l.com\/en\/produit\/alfred-auguste-janniot-le-flamboyant-le-vivant-dans-la-sculpture-2\/","og_locale":"en_US","og_type":"article","og_title":"Alfred-Auguste Janniot le flamboyant : Le vivant dans la sculpture - Librairie 7L","og_description":"Les murs du Palais de la Porte Dor\u00e9e, \u00e0 Paris, accueillent un bas-relief de 1 128 m2, le plus grand du monde et pourtant encore m\u00e9connu&#8230; Alfred Janniot (1889-1969), chef de file de l&#8217;esth\u00e9tique art-d\u00e9co, a sculpt\u00e9 cet immense tableau de pierre entre 1928 et 1931, sur les fa\u00e7ades du Palais, pour l&#8217;exposition coloniale internationale [&hellip;]","og_url":"https:\/\/librairie7l.com\/en\/produit\/alfred-auguste-janniot-le-flamboyant-le-vivant-dans-la-sculpture-2\/","og_site_name":"Librairie 7L","article_modified_time":"2026-04-30T10:14:33+00:00","og_image":[{"width":600,"height":909,"url":"https:\/\/librairie7l.com\/wp-content\/uploads\/2025\/11\/9782708957282_1_75.jpg","type":"image\/jpeg"}],"twitter_card":"summary_large_image","twitter_misc":{"Est. reading time":"1 minute"},"schema":{"@context":"https:\/\/schema.org","@graph":[{"@type":"WebPage","@id":"https:\/\/librairie7l.com\/en\/produit\/alfred-auguste-janniot-le-flamboyant-le-vivant-dans-la-sculpture-2\/","url":"https:\/\/librairie7l.com\/en\/produit\/alfred-auguste-janniot-le-flamboyant-le-vivant-dans-la-sculpture-2\/","name":"Alfred-Auguste Janniot le flamboyant : Le vivant dans la sculpture - Librairie 7L","isPartOf":{"@id":"https:\/\/librairie7l.com\/en\/#website"},"datePublished":"2026-04-30T07:18:11+00:00","dateModified":"2026-04-30T10:14:33+00:00","breadcrumb":{"@id":"https:\/\/librairie7l.com\/en\/produit\/alfred-auguste-janniot-le-flamboyant-le-vivant-dans-la-sculpture-2\/#breadcrumb"},"inLanguage":"en-US","potentialAction":[{"@type":"ReadAction","target":["https:\/\/librairie7l.com\/en\/produit\/alfred-auguste-janniot-le-flamboyant-le-vivant-dans-la-sculpture-2\/"]}]},{"@type":"BreadcrumbList","@id":"https:\/\/librairie7l.com\/en\/produit\/alfred-auguste-janniot-le-flamboyant-le-vivant-dans-la-sculpture-2\/#breadcrumb","itemListElement":[{"@type":"ListItem","position":1,"name":"Accueil","item":"https:\/\/librairie7l.com\/en\/"},{"@type":"ListItem","position":2,"name":"Shop","item":"https:\/\/librairie7l.com\/en\/shop\/"},{"@type":"ListItem","position":3,"name":"ALFRED-AUGUSTE JANNIOT LE FLAMBOYANT : LE VIVANT DANS LA SCULPTURE"}]},{"@type":"WebSite","@id":"https:\/\/librairie7l.com\/en\/#website","url":"https:\/\/librairie7l.com\/en\/","name":"Librairie 7L","description":"Librairie fond\u00e9e en 1999 par Karl Lagerfeld \u00e0 Paris","publisher":{"@id":"https:\/\/librairie7l.com\/en\/#organization"},"potentialAction":[{"@type":"SearchAction","target":{"@type":"EntryPoint","urlTemplate":"https:\/\/librairie7l.com\/en\/?s={search_term_string}"},"query-input":"required name=search_term_string"}],"inLanguage":"en-US"},{"@type":"Organization","@id":"https:\/\/librairie7l.com\/en\/#organization","name":"Librairie 7L","url":"https:\/\/librairie7l.com\/en\/","logo":{"@type":"ImageObject","inLanguage":"en-US","@id":"https:\/\/librairie7l.com\/en\/#\/schema\/logo\/image\/","url":"https:\/\/librairie7l.com\/wp-content\/uploads\/2022\/08\/logo-1.png","contentUrl":"https:\/\/librairie7l.com\/wp-content\/uploads\/2022\/08\/logo-1.png","width":227,"height":301,"caption":"Librairie 7L"},"image":{"@id":"https:\/\/librairie7l.com\/en\/#\/schema\/logo\/image\/"}}]}},"_links":{"self":[{"href":"https:\/\/librairie7l.com\/en\/wp-json\/wp\/v2\/product\/56727"}],"collection":[{"href":"https:\/\/librairie7l.com\/en\/wp-json\/wp\/v2\/product"}],"about":[{"href":"https:\/\/librairie7l.com\/en\/wp-json\/wp\/v2\/types\/product"}],"wp:featuredmedia":[{"embeddable":true,"href":"https:\/\/librairie7l.com\/en\/wp-json\/wp\/v2\/media\/56725"}],"wp:attachment":[{"href":"https:\/\/librairie7l.com\/en\/wp-json\/wp\/v2\/media?parent=56727"}],"wp:term":[{"taxonomy":"product_cat","embeddable":true,"href":"https:\/\/librairie7l.com\/en\/wp-json\/wp\/v2\/product_cat?post=56727"},{"taxonomy":"product_tag","embeddable":true,"href":"https:\/\/librairie7l.com\/en\/wp-json\/wp\/v2\/product_tag?post=56727"}],"curies":[{"name":"wp","href":"https:\/\/api.w.org\/{rel}","templated":true}]}}

<p>Les murs du Palais de la Porte Dorée, à Paris, accueillent un bas-relief de 1 128 m2, le plus grand du monde et pourtant encore méconnu&#8230; Alfred Janniot (1889-1969), chef de file de l&#8217;esthétique art-déco, a sculpté cet immense tableau de pierre entre 1928 et 1931, sur les façades du Palais, pour l&#8217;exposition coloniale internationale de 1931. </p>
<p>Voyage dans le temps et dans l&#8217;espace, ce livre aidera à comprendre le chef-d&#8217;oeuvre de l&#8217;artiste, ce fascinant paradis exotique foisonnant de vie sur les bas-reliefs. Si la vision idyllique de Janniot ne correspond pas à la terrible réalité du travail forcé et de l&#8217;oppression vécus par les autochtones, cette oeuvre de fiction, telle une bande dessinée, représente, avec une prodigieuse habileté, 250 personnages et animaux et est unique au monde. « Si je me passionne, écrit Janniot à l&#8217;architecte Bazin, aussi violemment à ce projet, c&#8217;est par ce que je veux en faire la plus belle oeuvre de ma carrière ».</p>

<p>Les murs du Palais de la Porte Dorée, à Paris, accueillent un bas-relief de 1 128 m2, le plus grand du monde et pourtant encore méconnu&#8230; Alfred Janniot (1889-1969), chef de file de l&#8217;esthétique art-déco, a sculpté cet immense tableau de pierre entre 1928 et 1931, sur les façades du Palais, pour l&#8217;exposition coloniale internationale [&hellip;]</p>

<!-- This site is optimized with the Yoast SEO plugin v20.11 - https://yoast.com/wordpress/plugins/seo/ -->
<title>Alfred-Auguste Janniot le flamboyant : Le vivant dans la sculpture - Librairie 7L</title>
<meta name="robots" content="index, follow, max-snippet:-1, max-image-preview:large, max-video-preview:-1" />
<link rel="canonical" href="https://librairie7l.com/en/produit/alfred-auguste-janniot-le-flamboyant-le-vivant-dans-la-sculpture-2/" />
<meta property="og:locale" content="en_US" />
<meta property="og:type" content="article" />
<meta property="og:title" content="Alfred-Auguste Janniot le flamboyant : Le vivant dans la sculpture - Librairie 7L" />
<meta property="og:description" content="Les murs du Palais de la Porte Dorée, à Paris, accueillent un bas-relief de 1 128 m2, le plus grand du monde et pourtant encore méconnu&#8230; Alfred Janniot (1889-1969), chef de file de l&#8217;esthétique art-déco, a sculpté cet immense tableau de pierre entre 1928 et 1931, sur les façades du Palais, pour l&#8217;exposition coloniale internationale [&hellip;]" />
<meta property="og:url" content="https://librairie7l.com/en/produit/alfred-auguste-janniot-le-flamboyant-le-vivant-dans-la-sculpture-2/" />
<meta property="og:site_name" content="Librairie 7L" />
<meta property="article:modified_time" content="2026-04-30T10:14:33+00:00" />
<meta property="og:image" content="https://librairie7l.com/wp-content/uploads/2025/11/9782708957282_1_75.jpg" />
	<meta property="og:image:width" content="600" />
	<meta property="og:image:height" content="909" />
	<meta property="og:image:type" content="image/jpeg" />
<meta name="twitter:card" content="summary_large_image" />
<meta name="twitter:label1" content="Est. reading time" />
	<meta name="twitter:data1" content="1 minute" />
<script type="application/ld+json" class="yoast-schema-graph">{"@context":"https://schema.org","@graph":[{"@type":"WebPage","@id":"https://librairie7l.com/en/produit/alfred-auguste-janniot-le-flamboyant-le-vivant-dans-la-sculpture-2/","url":"https://librairie7l.com/en/produit/alfred-auguste-janniot-le-flamboyant-le-vivant-dans-la-sculpture-2/","name":"Alfred-Auguste Janniot le flamboyant : Le vivant dans la sculpture - Librairie 7L","isPartOf":{"@id":"https://librairie7l.com/en/#website"},"datePublished":"2026-04-30T07:18:11+00:00","dateModified":"2026-04-30T10:14:33+00:00","breadcrumb":{"@id":"https://librairie7l.com/en/produit/alfred-auguste-janniot-le-flamboyant-le-vivant-dans-la-sculpture-2/#breadcrumb"},"inLanguage":"en-US","potentialAction":[{"@type":"ReadAction","target":["https://librairie7l.com/en/produit/alfred-auguste-janniot-le-flamboyant-le-vivant-dans-la-sculpture-2/"]}]},{"@type":"BreadcrumbList","@id":"https://librairie7l.com/en/produit/alfred-auguste-janniot-le-flamboyant-le-vivant-dans-la-sculpture-2/#breadcrumb","itemListElement":[{"@type":"ListItem","position":1,"name":"Accueil","item":"https://librairie7l.com/en/"},{"@type":"ListItem","position":2,"name":"Shop","item":"https://librairie7l.com/en/shop/"},{"@type":"ListItem","position":3,"name":"ALFRED-AUGUSTE JANNIOT LE FLAMBOYANT : LE VIVANT DANS LA SCULPTURE"}]},{"@type":"WebSite","@id":"https://librairie7l.com/en/#website","url":"https://librairie7l.com/en/","name":"Librairie 7L","description":"Librairie fondée en 1999 par Karl Lagerfeld à Paris","publisher":{"@id":"https://librairie7l.com/en/#organization"},"potentialAction":[{"@type":"SearchAction","target":{"@type":"EntryPoint","urlTemplate":"https://librairie7l.com/en/?s={search_term_string}"},"query-input":"required name=search_term_string"}],"inLanguage":"en-US"},{"@type":"Organization","@id":"https://librairie7l.com/en/#organization","name":"Librairie 7L","url":"https://librairie7l.com/en/","logo":{"@type":"ImageObject","inLanguage":"en-US","@id":"https://librairie7l.com/en/#/schema/logo/image/","url":"https://librairie7l.com/wp-content/uploads/2022/08/logo-1.png","contentUrl":"https://librairie7l.com/wp-content/uploads/2022/08/logo-1.png","width":227,"height":301,"caption":"Librairie 7L"},"image":{"@id":"https://librairie7l.com/en/#/schema/logo/image/"}}]}</script>
<!-- / Yoast SEO plugin. -->

Les murs du Palais de la Porte Dorée, à Paris, accueillent un bas-relief de 1 128 m2, le plus grand du monde et pourtant encore méconnu&#8230; Alfred Janniot (1889-1969), chef de file de l&#8217;esthétique art-déco, a sculpté cet immense tableau de pierre entre 1928 et 1931, sur les façades du Palais, pour l&#8217;exposition coloniale internationale [&hellip;]

Librairie fondée en 1999 par Karl Lagerfeld à Paris
