{"id":59185,"date":"2026-09-02T10:16:25","date_gmt":"2026-09-02T08:16:25","guid":{"rendered":"https:\/\/librairie7l.com\/?post_type=product&#038;p=59185"},"modified":"2026-09-02T12:14:12","modified_gmt":"2026-09-02T10:14:12","slug":"musee-de-la-mode-et-du-costume-2","status":"publish","type":"product","link":"https:\/\/librairie7l.com\/en\/produit\/musee-de-la-mode-et-du-costume-2\/","title":{"rendered":"MUS\u00c9E DE LA MODE ET DU COSTUME"},"content":{"rendered":"<p>Le Mus\u00e9e Fragonard de la Mode et du Costume \u00e0 Arles marque le dernier chapitre en date d&#8217;une aventure commenc\u00e9e dans les ann\u00e9es 1950, fa\u00e7onn\u00e9e par l&#8217;esprit de collection longtemps associ\u00e9 \u00e0 la famille Costa. Au coeur de cette histoire se trouve la remarquable collection d&#8217;H\u00e9l\u00e8ne Costa &#8211; costumes et bijoux proven\u00e7aux des XVIIIe et XIXe si\u00e8cles &#8211; port\u00e9e \u00e0 la connaissance du public par ses filles, Agn\u00e8s, Anne et Fran\u00e7oise. Les textiles exigeant une conservation rigoureuse, les v\u00eatements et accessoires sont pr\u00e9sent\u00e9s par rotations r\u00e9guli\u00e8res, selon des th\u00e9matiques qui \u00e9clairent les codes du v\u00eatement r\u00e9gional : silhouettes dict\u00e9es par la coutume, \u00e9toffes pr\u00e9cieuses et langage de la parure.<br \/>\nEnrichi par l&#8217;acquisition de la collection Magali Pascal, le fonds Fragonard de mode et de textile a connu un regain d&#8217;int\u00e9r\u00eat scientifique, \u00e9largissant son champ tout en poursuivant les recherches initi\u00e9es par l&#8217;historienne du costume \u00e9tablie \u00e0 Arles. Con\u00e7u par l&#8217;agence d&#8217;architecture fran\u00e7aise Studio KO, le mus\u00e9e arl\u00e9sien offre un \u00e9crin contemporain \u00e0 ces ensembles historiques et ravira tous les amateurs de textiles, de mode et d&#8217;histoire de la Provence.<\/p>\n","protected":false},"excerpt":{"rendered":"<p>Le Mus\u00e9e Fragonard de la Mode et du Costume \u00e0 Arles marque le dernier chapitre en date d&#8217;une aventure commenc\u00e9e dans les ann\u00e9es 1950, fa\u00e7onn\u00e9e par l&#8217;esprit de collection longtemps associ\u00e9 \u00e0 la famille Costa. Au coeur de cette histoire se trouve la remarquable collection d&#8217;H\u00e9l\u00e8ne Costa &#8211; costumes et bijoux proven\u00e7aux des XVIIIe et [&hellip;]<\/p>\n","protected":false},"featured_media":59183,"template":"","meta":[],"product_cat":[2948,2957],"product_tag":[],"acf":[],"yoast_head":"<!-- This site is optimized with the Yoast SEO plugin v20.11 - https:\/\/yoast.com\/wordpress\/plugins\/seo\/ -->\n<title>Mus\u00e9e de la Mode et du Costume - Librairie 7L<\/title>\n<meta name=\"robots\" content=\"index, follow, max-snippet:-1, max-image-preview:large, max-video-preview:-1\" \/>\n<link rel=\"canonical\" href=\"https:\/\/librairie7l.com\/en\/produit\/musee-de-la-mode-et-du-costume-2\/\" \/>\n<meta property=\"og:locale\" content=\"en_US\" \/>\n<meta property=\"og:type\" content=\"article\" \/>\n<meta property=\"og:title\" content=\"Mus\u00e9e de la Mode et du Costume - Librairie 7L\" \/>\n<meta property=\"og:description\" content=\"Le Mus\u00e9e Fragonard de la Mode et du Costume \u00e0 Arles marque le dernier chapitre en date d&#8217;une aventure commenc\u00e9e dans les ann\u00e9es 1950, fa\u00e7onn\u00e9e par l&#8217;esprit de collection longtemps associ\u00e9 \u00e0 la famille Costa. Au coeur de cette histoire se trouve la remarquable collection d&#8217;H\u00e9l\u00e8ne Costa &#8211; costumes et bijoux proven\u00e7aux des XVIIIe et [&hellip;]\" \/>\n<meta property=\"og:url\" content=\"https:\/\/librairie7l.com\/en\/produit\/musee-de-la-mode-et-du-costume-2\/\" \/>\n<meta property=\"og:site_name\" content=\"Librairie 7L\" \/>\n<meta property=\"article:modified_time\" content=\"2026-09-02T10:14:12+00:00\" \/>\n<meta property=\"og:image\" content=\"https:\/\/librairie7l.com\/wp-content\/uploads\/2026\/04\/9782080165794_1_75.jpg\" \/>\n\t<meta property=\"og:image:width\" content=\"600\" \/>\n\t<meta property=\"og:image:height\" content=\"804\" \/>\n\t<meta property=\"og:image:type\" content=\"image\/jpeg\" \/>\n<meta name=\"twitter:card\" content=\"summary_large_image\" \/>\n<meta name=\"twitter:label1\" content=\"Est. reading time\" \/>\n\t<meta name=\"twitter:data1\" content=\"1 minute\" \/>\n<script type=\"application\/ld+json\" class=\"yoast-schema-graph\">{\"@context\":\"https:\/\/schema.org\",\"@graph\":[{\"@type\":\"WebPage\",\"@id\":\"https:\/\/librairie7l.com\/en\/produit\/musee-de-la-mode-et-du-costume-2\/\",\"url\":\"https:\/\/librairie7l.com\/en\/produit\/musee-de-la-mode-et-du-costume-2\/\",\"name\":\"Mus\u00e9e de la Mode et du Costume - Librairie 7L\",\"isPartOf\":{\"@id\":\"https:\/\/librairie7l.com\/en\/#website\"},\"datePublished\":\"2026-09-02T08:16:25+00:00\",\"dateModified\":\"2026-09-02T10:14:12+00:00\",\"breadcrumb\":{\"@id\":\"https:\/\/librairie7l.com\/en\/produit\/musee-de-la-mode-et-du-costume-2\/#breadcrumb\"},\"inLanguage\":\"en-US\",\"potentialAction\":[{\"@type\":\"ReadAction\",\"target\":[\"https:\/\/librairie7l.com\/en\/produit\/musee-de-la-mode-et-du-costume-2\/\"]}]},{\"@type\":\"BreadcrumbList\",\"@id\":\"https:\/\/librairie7l.com\/en\/produit\/musee-de-la-mode-et-du-costume-2\/#breadcrumb\",\"itemListElement\":[{\"@type\":\"ListItem\",\"position\":1,\"name\":\"Accueil\",\"item\":\"https:\/\/librairie7l.com\/en\/\"},{\"@type\":\"ListItem\",\"position\":2,\"name\":\"Shop\",\"item\":\"https:\/\/librairie7l.com\/en\/shop\/\"},{\"@type\":\"ListItem\",\"position\":3,\"name\":\"MUS\u00c9E DE LA MODE ET DU COSTUME\"}]},{\"@type\":\"WebSite\",\"@id\":\"https:\/\/librairie7l.com\/en\/#website\",\"url\":\"https:\/\/librairie7l.com\/en\/\",\"name\":\"Librairie 7L\",\"description\":\"Librairie fond\u00e9e en 1999 par Karl Lagerfeld \u00e0 Paris\",\"publisher\":{\"@id\":\"https:\/\/librairie7l.com\/en\/#organization\"},\"potentialAction\":[{\"@type\":\"SearchAction\",\"target\":{\"@type\":\"EntryPoint\",\"urlTemplate\":\"https:\/\/librairie7l.com\/en\/?s={search_term_string}\"},\"query-input\":\"required name=search_term_string\"}],\"inLanguage\":\"en-US\"},{\"@type\":\"Organization\",\"@id\":\"https:\/\/librairie7l.com\/en\/#organization\",\"name\":\"Librairie 7L\",\"url\":\"https:\/\/librairie7l.com\/en\/\",\"logo\":{\"@type\":\"ImageObject\",\"inLanguage\":\"en-US\",\"@id\":\"https:\/\/librairie7l.com\/en\/#\/schema\/logo\/image\/\",\"url\":\"https:\/\/librairie7l.com\/wp-content\/uploads\/2022\/08\/logo-1.png\",\"contentUrl\":\"https:\/\/librairie7l.com\/wp-content\/uploads\/2022\/08\/logo-1.png\",\"width\":227,\"height\":301,\"caption\":\"Librairie 7L\"},\"image\":{\"@id\":\"https:\/\/librairie7l.com\/en\/#\/schema\/logo\/image\/\"}}]}<\/script>\n<!-- \/ Yoast SEO plugin. -->","yoast_head_json":{"title":"Mus\u00e9e de la Mode et du Costume - Librairie 7L","robots":{"index":"index","follow":"follow","max-snippet":"max-snippet:-1","max-image-preview":"max-image-preview:large","max-video-preview":"max-video-preview:-1"},"canonical":"https:\/\/librairie7l.com\/en\/produit\/musee-de-la-mode-et-du-costume-2\/","og_locale":"en_US","og_type":"article","og_title":"Mus\u00e9e de la Mode et du Costume - Librairie 7L","og_description":"Le Mus\u00e9e Fragonard de la Mode et du Costume \u00e0 Arles marque le dernier chapitre en date d&#8217;une aventure commenc\u00e9e dans les ann\u00e9es 1950, fa\u00e7onn\u00e9e par l&#8217;esprit de collection longtemps associ\u00e9 \u00e0 la famille Costa. Au coeur de cette histoire se trouve la remarquable collection d&#8217;H\u00e9l\u00e8ne Costa &#8211; costumes et bijoux proven\u00e7aux des XVIIIe et [&hellip;]","og_url":"https:\/\/librairie7l.com\/en\/produit\/musee-de-la-mode-et-du-costume-2\/","og_site_name":"Librairie 7L","article_modified_time":"2026-09-02T10:14:12+00:00","og_image":[{"width":600,"height":804,"url":"https:\/\/librairie7l.com\/wp-content\/uploads\/2026\/04\/9782080165794_1_75.jpg","type":"image\/jpeg"}],"twitter_card":"summary_large_image","twitter_misc":{"Est. reading time":"1 minute"},"schema":{"@context":"https:\/\/schema.org","@graph":[{"@type":"WebPage","@id":"https:\/\/librairie7l.com\/en\/produit\/musee-de-la-mode-et-du-costume-2\/","url":"https:\/\/librairie7l.com\/en\/produit\/musee-de-la-mode-et-du-costume-2\/","name":"Mus\u00e9e de la Mode et du Costume - Librairie 7L","isPartOf":{"@id":"https:\/\/librairie7l.com\/en\/#website"},"datePublished":"2026-09-02T08:16:25+00:00","dateModified":"2026-09-02T10:14:12+00:00","breadcrumb":{"@id":"https:\/\/librairie7l.com\/en\/produit\/musee-de-la-mode-et-du-costume-2\/#breadcrumb"},"inLanguage":"en-US","potentialAction":[{"@type":"ReadAction","target":["https:\/\/librairie7l.com\/en\/produit\/musee-de-la-mode-et-du-costume-2\/"]}]},{"@type":"BreadcrumbList","@id":"https:\/\/librairie7l.com\/en\/produit\/musee-de-la-mode-et-du-costume-2\/#breadcrumb","itemListElement":[{"@type":"ListItem","position":1,"name":"Accueil","item":"https:\/\/librairie7l.com\/en\/"},{"@type":"ListItem","position":2,"name":"Shop","item":"https:\/\/librairie7l.com\/en\/shop\/"},{"@type":"ListItem","position":3,"name":"MUS\u00c9E DE LA MODE ET DU COSTUME"}]},{"@type":"WebSite","@id":"https:\/\/librairie7l.com\/en\/#website","url":"https:\/\/librairie7l.com\/en\/","name":"Librairie 7L","description":"Librairie fond\u00e9e en 1999 par Karl Lagerfeld \u00e0 Paris","publisher":{"@id":"https:\/\/librairie7l.com\/en\/#organization"},"potentialAction":[{"@type":"SearchAction","target":{"@type":"EntryPoint","urlTemplate":"https:\/\/librairie7l.com\/en\/?s={search_term_string}"},"query-input":"required name=search_term_string"}],"inLanguage":"en-US"},{"@type":"Organization","@id":"https:\/\/librairie7l.com\/en\/#organization","name":"Librairie 7L","url":"https:\/\/librairie7l.com\/en\/","logo":{"@type":"ImageObject","inLanguage":"en-US","@id":"https:\/\/librairie7l.com\/en\/#\/schema\/logo\/image\/","url":"https:\/\/librairie7l.com\/wp-content\/uploads\/2022\/08\/logo-1.png","contentUrl":"https:\/\/librairie7l.com\/wp-content\/uploads\/2022\/08\/logo-1.png","width":227,"height":301,"caption":"Librairie 7L"},"image":{"@id":"https:\/\/librairie7l.com\/en\/#\/schema\/logo\/image\/"}}]}},"_links":{"self":[{"href":"https:\/\/librairie7l.com\/en\/wp-json\/wp\/v2\/product\/59185"}],"collection":[{"href":"https:\/\/librairie7l.com\/en\/wp-json\/wp\/v2\/product"}],"about":[{"href":"https:\/\/librairie7l.com\/en\/wp-json\/wp\/v2\/types\/product"}],"wp:featuredmedia":[{"embeddable":true,"href":"https:\/\/librairie7l.com\/en\/wp-json\/wp\/v2\/media\/59183"}],"wp:attachment":[{"href":"https:\/\/librairie7l.com\/en\/wp-json\/wp\/v2\/media?parent=59185"}],"wp:term":[{"taxonomy":"product_cat","embeddable":true,"href":"https:\/\/librairie7l.com\/en\/wp-json\/wp\/v2\/product_cat?post=59185"},{"taxonomy":"product_tag","embeddable":true,"href":"https:\/\/librairie7l.com\/en\/wp-json\/wp\/v2\/product_tag?post=59185"}],"curies":[{"name":"wp","href":"https:\/\/api.w.org\/{rel}","templated":true}]}}

MUSÉE DE LA MODE ET DU COSTUME

<p>Le Musée Fragonard de la Mode et du Costume à Arles marque le dernier chapitre en date d&#8217;une aventure commencée dans les années 1950, façonnée par l&#8217;esprit de collection longtemps associé à la famille Costa. Au coeur de cette histoire se trouve la remarquable collection d&#8217;Hélène Costa &#8211; costumes et bijoux provençaux des XVIIIe et XIXe siècles &#8211; portée à la connaissance du public par ses filles, Agnès, Anne et Françoise. Les textiles exigeant une conservation rigoureuse, les vêtements et accessoires sont présentés par rotations régulières, selon des thématiques qui éclairent les codes du vêtement régional : silhouettes dictées par la coutume, étoffes précieuses et langage de la parure.<br />
Enrichi par l&#8217;acquisition de la collection Magali Pascal, le fonds Fragonard de mode et de textile a connu un regain d&#8217;intérêt scientifique, élargissant son champ tout en poursuivant les recherches initiées par l&#8217;historienne du costume établie à Arles. Conçu par l&#8217;agence d&#8217;architecture française Studio KO, le musée arlésien offre un écrin contemporain à ces ensembles historiques et ravira tous les amateurs de textiles, de mode et d&#8217;histoire de la Provence.</p>

<p>Le Musée Fragonard de la Mode et du Costume à Arles marque le dernier chapitre en date d&#8217;une aventure commencée dans les années 1950, façonnée par l&#8217;esprit de collection longtemps associé à la famille Costa. Au coeur de cette histoire se trouve la remarquable collection d&#8217;Hélène Costa &#8211; costumes et bijoux provençaux des XVIIIe et [&hellip;]</p>

<!-- This site is optimized with the Yoast SEO plugin v20.11 - https://yoast.com/wordpress/plugins/seo/ -->
<title>Musée de la Mode et du Costume - Librairie 7L</title>
<meta name="robots" content="index, follow, max-snippet:-1, max-image-preview:large, max-video-preview:-1" />
<link rel="canonical" href="https://librairie7l.com/en/produit/musee-de-la-mode-et-du-costume-2/" />
<meta property="og:locale" content="en_US" />
<meta property="og:type" content="article" />
<meta property="og:title" content="Musée de la Mode et du Costume - Librairie 7L" />
<meta property="og:description" content="Le Musée Fragonard de la Mode et du Costume à Arles marque le dernier chapitre en date d&#8217;une aventure commencée dans les années 1950, façonnée par l&#8217;esprit de collection longtemps associé à la famille Costa. Au coeur de cette histoire se trouve la remarquable collection d&#8217;Hélène Costa &#8211; costumes et bijoux provençaux des XVIIIe et [&hellip;]" />
<meta property="og:url" content="https://librairie7l.com/en/produit/musee-de-la-mode-et-du-costume-2/" />
<meta property="og:site_name" content="Librairie 7L" />
<meta property="article:modified_time" content="2026-09-02T10:14:12+00:00" />
<meta property="og:image" content="https://librairie7l.com/wp-content/uploads/2026/04/9782080165794_1_75.jpg" />
	<meta property="og:image:width" content="600" />
	<meta property="og:image:height" content="804" />
	<meta property="og:image:type" content="image/jpeg" />
<meta name="twitter:card" content="summary_large_image" />
<meta name="twitter:label1" content="Est. reading time" />
	<meta name="twitter:data1" content="1 minute" />
<script type="application/ld+json" class="yoast-schema-graph">{"@context":"https://schema.org","@graph":[{"@type":"WebPage","@id":"https://librairie7l.com/en/produit/musee-de-la-mode-et-du-costume-2/","url":"https://librairie7l.com/en/produit/musee-de-la-mode-et-du-costume-2/","name":"Musée de la Mode et du Costume - Librairie 7L","isPartOf":{"@id":"https://librairie7l.com/en/#website"},"datePublished":"2026-09-02T08:16:25+00:00","dateModified":"2026-09-02T10:14:12+00:00","breadcrumb":{"@id":"https://librairie7l.com/en/produit/musee-de-la-mode-et-du-costume-2/#breadcrumb"},"inLanguage":"en-US","potentialAction":[{"@type":"ReadAction","target":["https://librairie7l.com/en/produit/musee-de-la-mode-et-du-costume-2/"]}]},{"@type":"BreadcrumbList","@id":"https://librairie7l.com/en/produit/musee-de-la-mode-et-du-costume-2/#breadcrumb","itemListElement":[{"@type":"ListItem","position":1,"name":"Accueil","item":"https://librairie7l.com/en/"},{"@type":"ListItem","position":2,"name":"Shop","item":"https://librairie7l.com/en/shop/"},{"@type":"ListItem","position":3,"name":"MUSÉE DE LA MODE ET DU COSTUME"}]},{"@type":"WebSite","@id":"https://librairie7l.com/en/#website","url":"https://librairie7l.com/en/","name":"Librairie 7L","description":"Librairie fondée en 1999 par Karl Lagerfeld à Paris","publisher":{"@id":"https://librairie7l.com/en/#organization"},"potentialAction":[{"@type":"SearchAction","target":{"@type":"EntryPoint","urlTemplate":"https://librairie7l.com/en/?s={search_term_string}"},"query-input":"required name=search_term_string"}],"inLanguage":"en-US"},{"@type":"Organization","@id":"https://librairie7l.com/en/#organization","name":"Librairie 7L","url":"https://librairie7l.com/en/","logo":{"@type":"ImageObject","inLanguage":"en-US","@id":"https://librairie7l.com/en/#/schema/logo/image/","url":"https://librairie7l.com/wp-content/uploads/2022/08/logo-1.png","contentUrl":"https://librairie7l.com/wp-content/uploads/2022/08/logo-1.png","width":227,"height":301,"caption":"Librairie 7L"},"image":{"@id":"https://librairie7l.com/en/#/schema/logo/image/"}}]}</script>
<!-- / Yoast SEO plugin. -->

Musée de la Mode et du Costume - Librairie 7L

Le Musée Fragonard de la Mode et du Costume à Arles marque le dernier chapitre en date d&#8217;une aventure commencée dans les années 1950, façonnée par l&#8217;esprit de collection longtemps associé à la famille Costa. Au coeur de cette histoire se trouve la remarquable collection d&#8217;Hélène Costa &#8211; costumes et bijoux provençaux des XVIIIe et [&hellip;]

Librairie fondée en 1999 par Karl Lagerfeld à Paris
