{"id":59189,"date":"2026-09-02T10:16:28","date_gmt":"2026-09-02T08:16:28","guid":{"rendered":"https:\/\/librairie7l.com\/?post_type=product&#038;p=59189"},"modified":"2026-09-02T12:44:09","modified_gmt":"2026-09-02T10:44:09","slug":"kodak-sur-saone-2","status":"publish","type":"product","link":"https:\/\/librairie7l.com\/en\/produit\/kodak-sur-saone-2\/","title":{"rendered":"KODAK-SUR-SA\u00d4NE"},"content":{"rendered":"<p>La chute de la maison Kodak inaugure une page de l&#8217;histoire de la photographie, que nous rappelle Michel Poivert dans sa pr\u00e9face. Celle de la fin d&#8217;une industrie extractiviste d\u00e9sormais d\u00e9nonc\u00e9e, mais aussi celle d&#8217;une capacit\u00e9 de la photographie \u00e0 se nourrir de sa propre histoire : \u00e0 se prendre pour objet. Le moment est venu d&#8217;int\u00e9grer la disparition de l&#8217;industrie analogique \u00e0 la mythologie de la photographie, \u00e0 faire de sa \u00ab mort \u00bb une l\u00e9gende tout autant qu&#8217;un exorcisme. La photographie \u00ab n\u00e9o-analogue \u00bb qui vient sera faite de la r\u00e9silience d&#8217;une histoire industrielle embl\u00e9matique de l&#8217;\u00e8re anthropoc\u00e8ne. Devan\u00e7ant les historiens, les artistes entament un processus m\u00e9tabolique qui transforme un pass\u00e9 en une conscience esth\u00e9tique, \u00e0 la fois m\u00e9moire et reconfiguration des imaginaires du m\u00e9dium. Le changement d&#8217;horizon de la photographie analogique aura \u00e9t\u00e9 radical. Industriel durant presque toute son histoire (de la reproduction des images \u00e0 la production de l&#8217;information illustr\u00e9e), il se redessine sur les principes d&#8217;une condition artistique affirmant le r\u00f4le des savoir-faire. Faire oeuvre sur la chute de l&#8217;industrie photochimique a quelque chose de cathartique.<\/p>\n<p>S\u00e9bastien Reuz\u00e9 (1970) est un photographe fran\u00e7ais ayant fait ses \u00e9tudes d&#8217;art \u00e0 l&#8217;\u00c9cole nationale sup\u00e9rieure des arts visuels La Cambre \u00e0 Bruxelles o\u00f9 il vit et travaille la plupart du temps. Son travail qui conjugue explorations color\u00e9es abstraites et sc\u00e8nes de la vie quotidienne a fait l&#8217;objet de tr\u00e8s nombreuses expositions internationales et a \u00e9t\u00e9 laur\u00e9at de nombreux prix dont le Young Belgian Art Prize (2005), une R\u00e9sidence du Centre Photographique d&#8217;\u00cele de France (2005 + 2020), le Programme Hors les Murs de l&#8217;Institut fran\u00e7ais (2011). Il est l&#8217;auteur de plusieurs livres de photographie dont &#8216;Colorblind Sands&#8217; (APE, 2018), &#8216;Indian Springs&#8217; (Centre de la Photographie de Gen\u00e8ve, 2016), &#8216;Wavelengths of Light&#8217; (Contretype, 2010), &#8216;L&#8217;Architecture pour la vie&#8217; (La Lettre vol\u00e9e, 2011), &#8216;Num\u00e9ristique&#8217; (La Lettre vol\u00e9e, 2009), &#8216;Constellations&#8217; (La Lettre vol\u00e9e, 2002).<\/p>\n<p>Michel Poivert n\u00e9 en septembre 1965, est un historien de la photographie et un commissaire d&#8217;exposition fran\u00e7ais. Il a pr\u00e9sid\u00e9 la Soci\u00e9t\u00e9 fran\u00e7aise de photographie pendant quinze ans. En 2018, il fonde le Coll\u00e8ge international de photographie.<\/p>\n","protected":false},"excerpt":{"rendered":"<p>La chute de la maison Kodak inaugure une page de l&#8217;histoire de la photographie, que nous rappelle Michel Poivert dans sa pr\u00e9face. Celle de la fin d&#8217;une industrie extractiviste d\u00e9sormais d\u00e9nonc\u00e9e, mais aussi celle d&#8217;une capacit\u00e9 de la photographie \u00e0 se nourrir de sa propre histoire : \u00e0 se prendre pour objet. Le moment est [&hellip;]<\/p>\n","protected":false},"featured_media":59187,"template":"","meta":[],"product_cat":[2948,2958],"product_tag":[],"acf":[],"yoast_head":"<!-- This site is optimized with the Yoast SEO plugin v20.11 - https:\/\/yoast.com\/wordpress\/plugins\/seo\/ -->\n<title>Kodak-sur-Sa\u00f4ne - Librairie 7L<\/title>\n<meta name=\"robots\" content=\"index, follow, max-snippet:-1, max-image-preview:large, max-video-preview:-1\" \/>\n<link rel=\"canonical\" href=\"https:\/\/librairie7l.com\/en\/produit\/kodak-sur-saone-2\/\" \/>\n<meta property=\"og:locale\" content=\"en_US\" \/>\n<meta property=\"og:type\" content=\"article\" \/>\n<meta property=\"og:title\" content=\"Kodak-sur-Sa\u00f4ne - Librairie 7L\" \/>\n<meta property=\"og:description\" content=\"La chute de la maison Kodak inaugure une page de l&#8217;histoire de la photographie, que nous rappelle Michel Poivert dans sa pr\u00e9face. Celle de la fin d&#8217;une industrie extractiviste d\u00e9sormais d\u00e9nonc\u00e9e, mais aussi celle d&#8217;une capacit\u00e9 de la photographie \u00e0 se nourrir de sa propre histoire : \u00e0 se prendre pour objet. Le moment est [&hellip;]\" \/>\n<meta property=\"og:url\" content=\"https:\/\/librairie7l.com\/en\/produit\/kodak-sur-saone-2\/\" \/>\n<meta property=\"og:site_name\" content=\"Librairie 7L\" \/>\n<meta property=\"article:modified_time\" content=\"2026-09-02T10:44:09+00:00\" \/>\n<meta property=\"og:image\" content=\"https:\/\/librairie7l.com\/wp-content\/uploads\/2026\/03\/9782873176655_1_75.jpg\" \/>\n\t<meta property=\"og:image:width\" content=\"600\" \/>\n\t<meta property=\"og:image:height\" content=\"691\" \/>\n\t<meta property=\"og:image:type\" content=\"image\/jpeg\" \/>\n<meta name=\"twitter:card\" content=\"summary_large_image\" \/>\n<meta name=\"twitter:label1\" content=\"Est. reading time\" \/>\n\t<meta name=\"twitter:data1\" content=\"2 minutes\" \/>\n<script type=\"application\/ld+json\" class=\"yoast-schema-graph\">{\"@context\":\"https:\/\/schema.org\",\"@graph\":[{\"@type\":\"WebPage\",\"@id\":\"https:\/\/librairie7l.com\/en\/produit\/kodak-sur-saone-2\/\",\"url\":\"https:\/\/librairie7l.com\/en\/produit\/kodak-sur-saone-2\/\",\"name\":\"Kodak-sur-Sa\u00f4ne - Librairie 7L\",\"isPartOf\":{\"@id\":\"https:\/\/librairie7l.com\/en\/#website\"},\"datePublished\":\"2026-09-02T08:16:28+00:00\",\"dateModified\":\"2026-09-02T10:44:09+00:00\",\"breadcrumb\":{\"@id\":\"https:\/\/librairie7l.com\/en\/produit\/kodak-sur-saone-2\/#breadcrumb\"},\"inLanguage\":\"en-US\",\"potentialAction\":[{\"@type\":\"ReadAction\",\"target\":[\"https:\/\/librairie7l.com\/en\/produit\/kodak-sur-saone-2\/\"]}]},{\"@type\":\"BreadcrumbList\",\"@id\":\"https:\/\/librairie7l.com\/en\/produit\/kodak-sur-saone-2\/#breadcrumb\",\"itemListElement\":[{\"@type\":\"ListItem\",\"position\":1,\"name\":\"Accueil\",\"item\":\"https:\/\/librairie7l.com\/en\/\"},{\"@type\":\"ListItem\",\"position\":2,\"name\":\"Shop\",\"item\":\"https:\/\/librairie7l.com\/en\/shop\/\"},{\"@type\":\"ListItem\",\"position\":3,\"name\":\"KODAK-SUR-SA\u00d4NE\"}]},{\"@type\":\"WebSite\",\"@id\":\"https:\/\/librairie7l.com\/en\/#website\",\"url\":\"https:\/\/librairie7l.com\/en\/\",\"name\":\"Librairie 7L\",\"description\":\"Librairie fond\u00e9e en 1999 par Karl Lagerfeld \u00e0 Paris\",\"publisher\":{\"@id\":\"https:\/\/librairie7l.com\/en\/#organization\"},\"potentialAction\":[{\"@type\":\"SearchAction\",\"target\":{\"@type\":\"EntryPoint\",\"urlTemplate\":\"https:\/\/librairie7l.com\/en\/?s={search_term_string}\"},\"query-input\":\"required name=search_term_string\"}],\"inLanguage\":\"en-US\"},{\"@type\":\"Organization\",\"@id\":\"https:\/\/librairie7l.com\/en\/#organization\",\"name\":\"Librairie 7L\",\"url\":\"https:\/\/librairie7l.com\/en\/\",\"logo\":{\"@type\":\"ImageObject\",\"inLanguage\":\"en-US\",\"@id\":\"https:\/\/librairie7l.com\/en\/#\/schema\/logo\/image\/\",\"url\":\"https:\/\/librairie7l.com\/wp-content\/uploads\/2022\/08\/logo-1.png\",\"contentUrl\":\"https:\/\/librairie7l.com\/wp-content\/uploads\/2022\/08\/logo-1.png\",\"width\":227,\"height\":301,\"caption\":\"Librairie 7L\"},\"image\":{\"@id\":\"https:\/\/librairie7l.com\/en\/#\/schema\/logo\/image\/\"}}]}<\/script>\n<!-- \/ Yoast SEO plugin. -->","yoast_head_json":{"title":"Kodak-sur-Sa\u00f4ne - Librairie 7L","robots":{"index":"index","follow":"follow","max-snippet":"max-snippet:-1","max-image-preview":"max-image-preview:large","max-video-preview":"max-video-preview:-1"},"canonical":"https:\/\/librairie7l.com\/en\/produit\/kodak-sur-saone-2\/","og_locale":"en_US","og_type":"article","og_title":"Kodak-sur-Sa\u00f4ne - Librairie 7L","og_description":"La chute de la maison Kodak inaugure une page de l&#8217;histoire de la photographie, que nous rappelle Michel Poivert dans sa pr\u00e9face. Celle de la fin d&#8217;une industrie extractiviste d\u00e9sormais d\u00e9nonc\u00e9e, mais aussi celle d&#8217;une capacit\u00e9 de la photographie \u00e0 se nourrir de sa propre histoire : \u00e0 se prendre pour objet. Le moment est [&hellip;]","og_url":"https:\/\/librairie7l.com\/en\/produit\/kodak-sur-saone-2\/","og_site_name":"Librairie 7L","article_modified_time":"2026-09-02T10:44:09+00:00","og_image":[{"width":600,"height":691,"url":"https:\/\/librairie7l.com\/wp-content\/uploads\/2026\/03\/9782873176655_1_75.jpg","type":"image\/jpeg"}],"twitter_card":"summary_large_image","twitter_misc":{"Est. reading time":"2 minutes"},"schema":{"@context":"https:\/\/schema.org","@graph":[{"@type":"WebPage","@id":"https:\/\/librairie7l.com\/en\/produit\/kodak-sur-saone-2\/","url":"https:\/\/librairie7l.com\/en\/produit\/kodak-sur-saone-2\/","name":"Kodak-sur-Sa\u00f4ne - Librairie 7L","isPartOf":{"@id":"https:\/\/librairie7l.com\/en\/#website"},"datePublished":"2026-09-02T08:16:28+00:00","dateModified":"2026-09-02T10:44:09+00:00","breadcrumb":{"@id":"https:\/\/librairie7l.com\/en\/produit\/kodak-sur-saone-2\/#breadcrumb"},"inLanguage":"en-US","potentialAction":[{"@type":"ReadAction","target":["https:\/\/librairie7l.com\/en\/produit\/kodak-sur-saone-2\/"]}]},{"@type":"BreadcrumbList","@id":"https:\/\/librairie7l.com\/en\/produit\/kodak-sur-saone-2\/#breadcrumb","itemListElement":[{"@type":"ListItem","position":1,"name":"Accueil","item":"https:\/\/librairie7l.com\/en\/"},{"@type":"ListItem","position":2,"name":"Shop","item":"https:\/\/librairie7l.com\/en\/shop\/"},{"@type":"ListItem","position":3,"name":"KODAK-SUR-SA\u00d4NE"}]},{"@type":"WebSite","@id":"https:\/\/librairie7l.com\/en\/#website","url":"https:\/\/librairie7l.com\/en\/","name":"Librairie 7L","description":"Librairie fond\u00e9e en 1999 par Karl Lagerfeld \u00e0 Paris","publisher":{"@id":"https:\/\/librairie7l.com\/en\/#organization"},"potentialAction":[{"@type":"SearchAction","target":{"@type":"EntryPoint","urlTemplate":"https:\/\/librairie7l.com\/en\/?s={search_term_string}"},"query-input":"required name=search_term_string"}],"inLanguage":"en-US"},{"@type":"Organization","@id":"https:\/\/librairie7l.com\/en\/#organization","name":"Librairie 7L","url":"https:\/\/librairie7l.com\/en\/","logo":{"@type":"ImageObject","inLanguage":"en-US","@id":"https:\/\/librairie7l.com\/en\/#\/schema\/logo\/image\/","url":"https:\/\/librairie7l.com\/wp-content\/uploads\/2022\/08\/logo-1.png","contentUrl":"https:\/\/librairie7l.com\/wp-content\/uploads\/2022\/08\/logo-1.png","width":227,"height":301,"caption":"Librairie 7L"},"image":{"@id":"https:\/\/librairie7l.com\/en\/#\/schema\/logo\/image\/"}}]}},"_links":{"self":[{"href":"https:\/\/librairie7l.com\/en\/wp-json\/wp\/v2\/product\/59189"}],"collection":[{"href":"https:\/\/librairie7l.com\/en\/wp-json\/wp\/v2\/product"}],"about":[{"href":"https:\/\/librairie7l.com\/en\/wp-json\/wp\/v2\/types\/product"}],"wp:featuredmedia":[{"embeddable":true,"href":"https:\/\/librairie7l.com\/en\/wp-json\/wp\/v2\/media\/59187"}],"wp:attachment":[{"href":"https:\/\/librairie7l.com\/en\/wp-json\/wp\/v2\/media?parent=59189"}],"wp:term":[{"taxonomy":"product_cat","embeddable":true,"href":"https:\/\/librairie7l.com\/en\/wp-json\/wp\/v2\/product_cat?post=59189"},{"taxonomy":"product_tag","embeddable":true,"href":"https:\/\/librairie7l.com\/en\/wp-json\/wp\/v2\/product_tag?post=59189"}],"curies":[{"name":"wp","href":"https:\/\/api.w.org\/{rel}","templated":true}]}}

KODAK-SUR-SAÔNE

<p>La chute de la maison Kodak inaugure une page de l&#8217;histoire de la photographie, que nous rappelle Michel Poivert dans sa préface. Celle de la fin d&#8217;une industrie extractiviste désormais dénoncée, mais aussi celle d&#8217;une capacité de la photographie à se nourrir de sa propre histoire : à se prendre pour objet. Le moment est venu d&#8217;intégrer la disparition de l&#8217;industrie analogique à la mythologie de la photographie, à faire de sa « mort » une légende tout autant qu&#8217;un exorcisme. La photographie « néo-analogue » qui vient sera faite de la résilience d&#8217;une histoire industrielle emblématique de l&#8217;ère anthropocène. Devançant les historiens, les artistes entament un processus métabolique qui transforme un passé en une conscience esthétique, à la fois mémoire et reconfiguration des imaginaires du médium. Le changement d&#8217;horizon de la photographie analogique aura été radical. Industriel durant presque toute son histoire (de la reproduction des images à la production de l&#8217;information illustrée), il se redessine sur les principes d&#8217;une condition artistique affirmant le rôle des savoir-faire. Faire oeuvre sur la chute de l&#8217;industrie photochimique a quelque chose de cathartique.</p>
<p>Sébastien Reuzé (1970) est un photographe français ayant fait ses études d&#8217;art à l&#8217;École nationale supérieure des arts visuels La Cambre à Bruxelles où il vit et travaille la plupart du temps. Son travail qui conjugue explorations colorées abstraites et scènes de la vie quotidienne a fait l&#8217;objet de très nombreuses expositions internationales et a été lauréat de nombreux prix dont le Young Belgian Art Prize (2005), une Résidence du Centre Photographique d&#8217;Île de France (2005 + 2020), le Programme Hors les Murs de l&#8217;Institut français (2011). Il est l&#8217;auteur de plusieurs livres de photographie dont &#8216;Colorblind Sands&#8217; (APE, 2018), &#8216;Indian Springs&#8217; (Centre de la Photographie de Genève, 2016), &#8216;Wavelengths of Light&#8217; (Contretype, 2010), &#8216;L&#8217;Architecture pour la vie&#8217; (La Lettre volée, 2011), &#8216;Numéristique&#8217; (La Lettre volée, 2009), &#8216;Constellations&#8217; (La Lettre volée, 2002).</p>
<p>Michel Poivert né en septembre 1965, est un historien de la photographie et un commissaire d&#8217;exposition français. Il a présidé la Société française de photographie pendant quinze ans. En 2018, il fonde le Collège international de photographie.</p>

<p>La chute de la maison Kodak inaugure une page de l&#8217;histoire de la photographie, que nous rappelle Michel Poivert dans sa préface. Celle de la fin d&#8217;une industrie extractiviste désormais dénoncée, mais aussi celle d&#8217;une capacité de la photographie à se nourrir de sa propre histoire : à se prendre pour objet. Le moment est [&hellip;]</p>

<!-- This site is optimized with the Yoast SEO plugin v20.11 - https://yoast.com/wordpress/plugins/seo/ -->
<title>Kodak-sur-Saône - Librairie 7L</title>
<meta name="robots" content="index, follow, max-snippet:-1, max-image-preview:large, max-video-preview:-1" />
<link rel="canonical" href="https://librairie7l.com/en/produit/kodak-sur-saone-2/" />
<meta property="og:locale" content="en_US" />
<meta property="og:type" content="article" />
<meta property="og:title" content="Kodak-sur-Saône - Librairie 7L" />
<meta property="og:description" content="La chute de la maison Kodak inaugure une page de l&#8217;histoire de la photographie, que nous rappelle Michel Poivert dans sa préface. Celle de la fin d&#8217;une industrie extractiviste désormais dénoncée, mais aussi celle d&#8217;une capacité de la photographie à se nourrir de sa propre histoire : à se prendre pour objet. Le moment est [&hellip;]" />
<meta property="og:url" content="https://librairie7l.com/en/produit/kodak-sur-saone-2/" />
<meta property="og:site_name" content="Librairie 7L" />
<meta property="article:modified_time" content="2026-09-02T10:44:09+00:00" />
<meta property="og:image" content="https://librairie7l.com/wp-content/uploads/2026/03/9782873176655_1_75.jpg" />
	<meta property="og:image:width" content="600" />
	<meta property="og:image:height" content="691" />
	<meta property="og:image:type" content="image/jpeg" />
<meta name="twitter:card" content="summary_large_image" />
<meta name="twitter:label1" content="Est. reading time" />
	<meta name="twitter:data1" content="2 minutes" />
<script type="application/ld+json" class="yoast-schema-graph">{"@context":"https://schema.org","@graph":[{"@type":"WebPage","@id":"https://librairie7l.com/en/produit/kodak-sur-saone-2/","url":"https://librairie7l.com/en/produit/kodak-sur-saone-2/","name":"Kodak-sur-Saône - Librairie 7L","isPartOf":{"@id":"https://librairie7l.com/en/#website"},"datePublished":"2026-09-02T08:16:28+00:00","dateModified":"2026-09-02T10:44:09+00:00","breadcrumb":{"@id":"https://librairie7l.com/en/produit/kodak-sur-saone-2/#breadcrumb"},"inLanguage":"en-US","potentialAction":[{"@type":"ReadAction","target":["https://librairie7l.com/en/produit/kodak-sur-saone-2/"]}]},{"@type":"BreadcrumbList","@id":"https://librairie7l.com/en/produit/kodak-sur-saone-2/#breadcrumb","itemListElement":[{"@type":"ListItem","position":1,"name":"Accueil","item":"https://librairie7l.com/en/"},{"@type":"ListItem","position":2,"name":"Shop","item":"https://librairie7l.com/en/shop/"},{"@type":"ListItem","position":3,"name":"KODAK-SUR-SAÔNE"}]},{"@type":"WebSite","@id":"https://librairie7l.com/en/#website","url":"https://librairie7l.com/en/","name":"Librairie 7L","description":"Librairie fondée en 1999 par Karl Lagerfeld à Paris","publisher":{"@id":"https://librairie7l.com/en/#organization"},"potentialAction":[{"@type":"SearchAction","target":{"@type":"EntryPoint","urlTemplate":"https://librairie7l.com/en/?s={search_term_string}"},"query-input":"required name=search_term_string"}],"inLanguage":"en-US"},{"@type":"Organization","@id":"https://librairie7l.com/en/#organization","name":"Librairie 7L","url":"https://librairie7l.com/en/","logo":{"@type":"ImageObject","inLanguage":"en-US","@id":"https://librairie7l.com/en/#/schema/logo/image/","url":"https://librairie7l.com/wp-content/uploads/2022/08/logo-1.png","contentUrl":"https://librairie7l.com/wp-content/uploads/2022/08/logo-1.png","width":227,"height":301,"caption":"Librairie 7L"},"image":{"@id":"https://librairie7l.com/en/#/schema/logo/image/"}}]}</script>
<!-- / Yoast SEO plugin. -->

Kodak-sur-Saône - Librairie 7L

La chute de la maison Kodak inaugure une page de l&#8217;histoire de la photographie, que nous rappelle Michel Poivert dans sa préface. Celle de la fin d&#8217;une industrie extractiviste désormais dénoncée, mais aussi celle d&#8217;une capacité de la photographie à se nourrir de sa propre histoire : à se prendre pour objet. Le moment est [&hellip;]

Librairie fondée en 1999 par Karl Lagerfeld à Paris
