{"id":59258,"date":"2026-09-04T10:16:09","date_gmt":"2026-09-04T08:16:09","guid":{"rendered":"https:\/\/librairie7l.com\/?post_type=product&#038;p=59258"},"modified":"2026-09-04T12:33:22","modified_gmt":"2026-09-04T10:33:22","slug":"le-tailleur-chanel-2","status":"publish","type":"product","link":"https:\/\/librairie7l.com\/en\/produit\/le-tailleur-chanel-2\/","title":{"rendered":"LE TAILLEUR CHANEL"},"content":{"rendered":"<p>Boutons dor\u00e9s, poches plaqu\u00e9es, fa\u00e7on cardigan, tissu textur\u00e9, un tantinet british, d\u00e9licieusement parisien : le tailleur Chanel est n\u00e9 ! <\/p>\n<p>Sans jamais se d\u00e9voyer, fonci\u00e8rement li\u00e9 \u00e0 l&#8217;\u00e9mancipation de la femme, l&#8217;iconique tailleur en tweed trace sa route, au gr\u00e9 des aspirations de grands stylistes. <\/p>\n<p>De Coco Chanel \u00e0 Matthieu Blazy en passant par Karl Lagerfeld et Virginie Viard, depuis presqu&#8217;un si\u00e8cle il se r\u00e9invente.<br \/>\nOn le pare de pierreries, il s&#8217;allonge, se raccourcit, s&#8217;interpr\u00e8te en versions \u00ab arctiques \u00bb, devient \u00ab tweed \u00e0 pixels \u00bb port\u00e9 par des robots. On le porte sur un short, le superpose sur des hauts \u00e0 capuches, il descend dans la rue.<br \/>\n\u00c9ternellement chic et sophistiqu\u00e9, le tailleur Chanel est rest\u00e9 !<\/p>\n<p>Caroline Young retrace son histoire : sa cr\u00e9ation r\u00e9volutionnaire par Coco Chanel, ses \u00e9g\u00e9ries, son \u00e9volution, ses secrets de fabrication et d&#8217;entretien&#8230;<\/p>\n","protected":false},"excerpt":{"rendered":"<p>Boutons dor\u00e9s, poches plaqu\u00e9es, fa\u00e7on cardigan, tissu textur\u00e9, un tantinet british, d\u00e9licieusement parisien : le tailleur Chanel est n\u00e9 ! Sans jamais se d\u00e9voyer, fonci\u00e8rement li\u00e9 \u00e0 l&#8217;\u00e9mancipation de la femme, l&#8217;iconique tailleur en tweed trace sa route, au gr\u00e9 des aspirations de grands stylistes. De Coco Chanel \u00e0 Matthieu Blazy en passant par Karl [&hellip;]<\/p>\n","protected":false},"featured_media":59256,"template":"","meta":[],"product_cat":[2948],"product_tag":[],"acf":[],"yoast_head":"<!-- This site is optimized with the Yoast SEO plugin v20.11 - https:\/\/yoast.com\/wordpress\/plugins\/seo\/ -->\n<title>Le tailleur Chanel - Librairie 7L<\/title>\n<meta name=\"robots\" content=\"index, follow, max-snippet:-1, max-image-preview:large, max-video-preview:-1\" \/>\n<link rel=\"canonical\" href=\"https:\/\/librairie7l.com\/en\/produit\/le-tailleur-chanel-2\/\" \/>\n<meta property=\"og:locale\" content=\"en_US\" \/>\n<meta property=\"og:type\" content=\"article\" \/>\n<meta property=\"og:title\" content=\"Le tailleur Chanel - Librairie 7L\" \/>\n<meta property=\"og:description\" content=\"Boutons dor\u00e9s, poches plaqu\u00e9es, fa\u00e7on cardigan, tissu textur\u00e9, un tantinet british, d\u00e9licieusement parisien : le tailleur Chanel est n\u00e9 ! Sans jamais se d\u00e9voyer, fonci\u00e8rement li\u00e9 \u00e0 l&#8217;\u00e9mancipation de la femme, l&#8217;iconique tailleur en tweed trace sa route, au gr\u00e9 des aspirations de grands stylistes. De Coco Chanel \u00e0 Matthieu Blazy en passant par Karl [&hellip;]\" \/>\n<meta property=\"og:url\" content=\"https:\/\/librairie7l.com\/en\/produit\/le-tailleur-chanel-2\/\" \/>\n<meta property=\"og:site_name\" content=\"Librairie 7L\" \/>\n<meta property=\"article:modified_time\" content=\"2026-09-04T10:33:22+00:00\" \/>\n<meta property=\"og:image\" content=\"https:\/\/librairie7l.com\/wp-content\/uploads\/2026\/08\/9791029511417_1_75.jpg\" \/>\n\t<meta property=\"og:image:width\" content=\"400\" \/>\n\t<meta property=\"og:image:height\" content=\"579\" \/>\n\t<meta property=\"og:image:type\" content=\"image\/jpeg\" \/>\n<meta name=\"twitter:card\" content=\"summary_large_image\" \/>\n<meta name=\"twitter:label1\" content=\"Est. reading time\" \/>\n\t<meta name=\"twitter:data1\" content=\"1 minute\" \/>\n<script type=\"application\/ld+json\" class=\"yoast-schema-graph\">{\"@context\":\"https:\/\/schema.org\",\"@graph\":[{\"@type\":\"WebPage\",\"@id\":\"https:\/\/librairie7l.com\/en\/produit\/le-tailleur-chanel-2\/\",\"url\":\"https:\/\/librairie7l.com\/en\/produit\/le-tailleur-chanel-2\/\",\"name\":\"Le tailleur Chanel - Librairie 7L\",\"isPartOf\":{\"@id\":\"https:\/\/librairie7l.com\/en\/#website\"},\"datePublished\":\"2026-09-04T08:16:09+00:00\",\"dateModified\":\"2026-09-04T10:33:22+00:00\",\"breadcrumb\":{\"@id\":\"https:\/\/librairie7l.com\/en\/produit\/le-tailleur-chanel-2\/#breadcrumb\"},\"inLanguage\":\"en-US\",\"potentialAction\":[{\"@type\":\"ReadAction\",\"target\":[\"https:\/\/librairie7l.com\/en\/produit\/le-tailleur-chanel-2\/\"]}]},{\"@type\":\"BreadcrumbList\",\"@id\":\"https:\/\/librairie7l.com\/en\/produit\/le-tailleur-chanel-2\/#breadcrumb\",\"itemListElement\":[{\"@type\":\"ListItem\",\"position\":1,\"name\":\"Accueil\",\"item\":\"https:\/\/librairie7l.com\/en\/\"},{\"@type\":\"ListItem\",\"position\":2,\"name\":\"Shop\",\"item\":\"https:\/\/librairie7l.com\/en\/shop\/\"},{\"@type\":\"ListItem\",\"position\":3,\"name\":\"LE TAILLEUR CHANEL\"}]},{\"@type\":\"WebSite\",\"@id\":\"https:\/\/librairie7l.com\/en\/#website\",\"url\":\"https:\/\/librairie7l.com\/en\/\",\"name\":\"Librairie 7L\",\"description\":\"Librairie fond\u00e9e en 1999 par Karl Lagerfeld \u00e0 Paris\",\"publisher\":{\"@id\":\"https:\/\/librairie7l.com\/en\/#organization\"},\"potentialAction\":[{\"@type\":\"SearchAction\",\"target\":{\"@type\":\"EntryPoint\",\"urlTemplate\":\"https:\/\/librairie7l.com\/en\/?s={search_term_string}\"},\"query-input\":\"required name=search_term_string\"}],\"inLanguage\":\"en-US\"},{\"@type\":\"Organization\",\"@id\":\"https:\/\/librairie7l.com\/en\/#organization\",\"name\":\"Librairie 7L\",\"url\":\"https:\/\/librairie7l.com\/en\/\",\"logo\":{\"@type\":\"ImageObject\",\"inLanguage\":\"en-US\",\"@id\":\"https:\/\/librairie7l.com\/en\/#\/schema\/logo\/image\/\",\"url\":\"https:\/\/librairie7l.com\/wp-content\/uploads\/2022\/08\/logo-1.png\",\"contentUrl\":\"https:\/\/librairie7l.com\/wp-content\/uploads\/2022\/08\/logo-1.png\",\"width\":227,\"height\":301,\"caption\":\"Librairie 7L\"},\"image\":{\"@id\":\"https:\/\/librairie7l.com\/en\/#\/schema\/logo\/image\/\"}}]}<\/script>\n<!-- \/ Yoast SEO plugin. -->","yoast_head_json":{"title":"Le tailleur Chanel - Librairie 7L","robots":{"index":"index","follow":"follow","max-snippet":"max-snippet:-1","max-image-preview":"max-image-preview:large","max-video-preview":"max-video-preview:-1"},"canonical":"https:\/\/librairie7l.com\/en\/produit\/le-tailleur-chanel-2\/","og_locale":"en_US","og_type":"article","og_title":"Le tailleur Chanel - Librairie 7L","og_description":"Boutons dor\u00e9s, poches plaqu\u00e9es, fa\u00e7on cardigan, tissu textur\u00e9, un tantinet british, d\u00e9licieusement parisien : le tailleur Chanel est n\u00e9 ! Sans jamais se d\u00e9voyer, fonci\u00e8rement li\u00e9 \u00e0 l&#8217;\u00e9mancipation de la femme, l&#8217;iconique tailleur en tweed trace sa route, au gr\u00e9 des aspirations de grands stylistes. De Coco Chanel \u00e0 Matthieu Blazy en passant par Karl [&hellip;]","og_url":"https:\/\/librairie7l.com\/en\/produit\/le-tailleur-chanel-2\/","og_site_name":"Librairie 7L","article_modified_time":"2026-09-04T10:33:22+00:00","og_image":[{"width":400,"height":579,"url":"https:\/\/librairie7l.com\/wp-content\/uploads\/2026\/08\/9791029511417_1_75.jpg","type":"image\/jpeg"}],"twitter_card":"summary_large_image","twitter_misc":{"Est. reading time":"1 minute"},"schema":{"@context":"https:\/\/schema.org","@graph":[{"@type":"WebPage","@id":"https:\/\/librairie7l.com\/en\/produit\/le-tailleur-chanel-2\/","url":"https:\/\/librairie7l.com\/en\/produit\/le-tailleur-chanel-2\/","name":"Le tailleur Chanel - Librairie 7L","isPartOf":{"@id":"https:\/\/librairie7l.com\/en\/#website"},"datePublished":"2026-09-04T08:16:09+00:00","dateModified":"2026-09-04T10:33:22+00:00","breadcrumb":{"@id":"https:\/\/librairie7l.com\/en\/produit\/le-tailleur-chanel-2\/#breadcrumb"},"inLanguage":"en-US","potentialAction":[{"@type":"ReadAction","target":["https:\/\/librairie7l.com\/en\/produit\/le-tailleur-chanel-2\/"]}]},{"@type":"BreadcrumbList","@id":"https:\/\/librairie7l.com\/en\/produit\/le-tailleur-chanel-2\/#breadcrumb","itemListElement":[{"@type":"ListItem","position":1,"name":"Accueil","item":"https:\/\/librairie7l.com\/en\/"},{"@type":"ListItem","position":2,"name":"Shop","item":"https:\/\/librairie7l.com\/en\/shop\/"},{"@type":"ListItem","position":3,"name":"LE TAILLEUR CHANEL"}]},{"@type":"WebSite","@id":"https:\/\/librairie7l.com\/en\/#website","url":"https:\/\/librairie7l.com\/en\/","name":"Librairie 7L","description":"Librairie fond\u00e9e en 1999 par Karl Lagerfeld \u00e0 Paris","publisher":{"@id":"https:\/\/librairie7l.com\/en\/#organization"},"potentialAction":[{"@type":"SearchAction","target":{"@type":"EntryPoint","urlTemplate":"https:\/\/librairie7l.com\/en\/?s={search_term_string}"},"query-input":"required name=search_term_string"}],"inLanguage":"en-US"},{"@type":"Organization","@id":"https:\/\/librairie7l.com\/en\/#organization","name":"Librairie 7L","url":"https:\/\/librairie7l.com\/en\/","logo":{"@type":"ImageObject","inLanguage":"en-US","@id":"https:\/\/librairie7l.com\/en\/#\/schema\/logo\/image\/","url":"https:\/\/librairie7l.com\/wp-content\/uploads\/2022\/08\/logo-1.png","contentUrl":"https:\/\/librairie7l.com\/wp-content\/uploads\/2022\/08\/logo-1.png","width":227,"height":301,"caption":"Librairie 7L"},"image":{"@id":"https:\/\/librairie7l.com\/en\/#\/schema\/logo\/image\/"}}]}},"_links":{"self":[{"href":"https:\/\/librairie7l.com\/en\/wp-json\/wp\/v2\/product\/59258"}],"collection":[{"href":"https:\/\/librairie7l.com\/en\/wp-json\/wp\/v2\/product"}],"about":[{"href":"https:\/\/librairie7l.com\/en\/wp-json\/wp\/v2\/types\/product"}],"wp:featuredmedia":[{"embeddable":true,"href":"https:\/\/librairie7l.com\/en\/wp-json\/wp\/v2\/media\/59256"}],"wp:attachment":[{"href":"https:\/\/librairie7l.com\/en\/wp-json\/wp\/v2\/media?parent=59258"}],"wp:term":[{"taxonomy":"product_cat","embeddable":true,"href":"https:\/\/librairie7l.com\/en\/wp-json\/wp\/v2\/product_cat?post=59258"},{"taxonomy":"product_tag","embeddable":true,"href":"https:\/\/librairie7l.com\/en\/wp-json\/wp\/v2\/product_tag?post=59258"}],"curies":[{"name":"wp","href":"https:\/\/api.w.org\/{rel}","templated":true}]}}

<p>Boutons dorés, poches plaquées, façon cardigan, tissu texturé, un tantinet british, délicieusement parisien : le tailleur Chanel est né ! </p>
<p>Sans jamais se dévoyer, foncièrement lié à l&#8217;émancipation de la femme, l&#8217;iconique tailleur en tweed trace sa route, au gré des aspirations de grands stylistes. </p>
<p>De Coco Chanel à Matthieu Blazy en passant par Karl Lagerfeld et Virginie Viard, depuis presqu&#8217;un siècle il se réinvente.<br />
On le pare de pierreries, il s&#8217;allonge, se raccourcit, s&#8217;interprète en versions « arctiques », devient « tweed à pixels » porté par des robots. On le porte sur un short, le superpose sur des hauts à capuches, il descend dans la rue.<br />
Éternellement chic et sophistiqué, le tailleur Chanel est resté !</p>
<p>Caroline Young retrace son histoire : sa création révolutionnaire par Coco Chanel, ses égéries, son évolution, ses secrets de fabrication et d&#8217;entretien&#8230;</p>

<p>Boutons dorés, poches plaquées, façon cardigan, tissu texturé, un tantinet british, délicieusement parisien : le tailleur Chanel est né ! Sans jamais se dévoyer, foncièrement lié à l&#8217;émancipation de la femme, l&#8217;iconique tailleur en tweed trace sa route, au gré des aspirations de grands stylistes. De Coco Chanel à Matthieu Blazy en passant par Karl [&hellip;]</p>

<!-- This site is optimized with the Yoast SEO plugin v20.11 - https://yoast.com/wordpress/plugins/seo/ -->
<title>Le tailleur Chanel - Librairie 7L</title>
<meta name="robots" content="index, follow, max-snippet:-1, max-image-preview:large, max-video-preview:-1" />
<link rel="canonical" href="https://librairie7l.com/en/produit/le-tailleur-chanel-2/" />
<meta property="og:locale" content="en_US" />
<meta property="og:type" content="article" />
<meta property="og:title" content="Le tailleur Chanel - Librairie 7L" />
<meta property="og:description" content="Boutons dorés, poches plaquées, façon cardigan, tissu texturé, un tantinet british, délicieusement parisien : le tailleur Chanel est né ! Sans jamais se dévoyer, foncièrement lié à l&#8217;émancipation de la femme, l&#8217;iconique tailleur en tweed trace sa route, au gré des aspirations de grands stylistes. De Coco Chanel à Matthieu Blazy en passant par Karl [&hellip;]" />
<meta property="og:url" content="https://librairie7l.com/en/produit/le-tailleur-chanel-2/" />
<meta property="og:site_name" content="Librairie 7L" />
<meta property="article:modified_time" content="2026-09-04T10:33:22+00:00" />
<meta property="og:image" content="https://librairie7l.com/wp-content/uploads/2026/08/9791029511417_1_75.jpg" />
	<meta property="og:image:width" content="400" />
	<meta property="og:image:height" content="579" />
	<meta property="og:image:type" content="image/jpeg" />
<meta name="twitter:card" content="summary_large_image" />
<meta name="twitter:label1" content="Est. reading time" />
	<meta name="twitter:data1" content="1 minute" />
<script type="application/ld+json" class="yoast-schema-graph">{"@context":"https://schema.org","@graph":[{"@type":"WebPage","@id":"https://librairie7l.com/en/produit/le-tailleur-chanel-2/","url":"https://librairie7l.com/en/produit/le-tailleur-chanel-2/","name":"Le tailleur Chanel - Librairie 7L","isPartOf":{"@id":"https://librairie7l.com/en/#website"},"datePublished":"2026-09-04T08:16:09+00:00","dateModified":"2026-09-04T10:33:22+00:00","breadcrumb":{"@id":"https://librairie7l.com/en/produit/le-tailleur-chanel-2/#breadcrumb"},"inLanguage":"en-US","potentialAction":[{"@type":"ReadAction","target":["https://librairie7l.com/en/produit/le-tailleur-chanel-2/"]}]},{"@type":"BreadcrumbList","@id":"https://librairie7l.com/en/produit/le-tailleur-chanel-2/#breadcrumb","itemListElement":[{"@type":"ListItem","position":1,"name":"Accueil","item":"https://librairie7l.com/en/"},{"@type":"ListItem","position":2,"name":"Shop","item":"https://librairie7l.com/en/shop/"},{"@type":"ListItem","position":3,"name":"LE TAILLEUR CHANEL"}]},{"@type":"WebSite","@id":"https://librairie7l.com/en/#website","url":"https://librairie7l.com/en/","name":"Librairie 7L","description":"Librairie fondée en 1999 par Karl Lagerfeld à Paris","publisher":{"@id":"https://librairie7l.com/en/#organization"},"potentialAction":[{"@type":"SearchAction","target":{"@type":"EntryPoint","urlTemplate":"https://librairie7l.com/en/?s={search_term_string}"},"query-input":"required name=search_term_string"}],"inLanguage":"en-US"},{"@type":"Organization","@id":"https://librairie7l.com/en/#organization","name":"Librairie 7L","url":"https://librairie7l.com/en/","logo":{"@type":"ImageObject","inLanguage":"en-US","@id":"https://librairie7l.com/en/#/schema/logo/image/","url":"https://librairie7l.com/wp-content/uploads/2022/08/logo-1.png","contentUrl":"https://librairie7l.com/wp-content/uploads/2022/08/logo-1.png","width":227,"height":301,"caption":"Librairie 7L"},"image":{"@id":"https://librairie7l.com/en/#/schema/logo/image/"}}]}</script>
<!-- / Yoast SEO plugin. -->

Boutons dorés, poches plaquées, façon cardigan, tissu texturé, un tantinet british, délicieusement parisien : le tailleur Chanel est né ! Sans jamais se dévoyer, foncièrement lié à l&#8217;émancipation de la femme, l&#8217;iconique tailleur en tweed trace sa route, au gré des aspirations de grands stylistes. De Coco Chanel à Matthieu Blazy en passant par Karl [&hellip;]

Librairie fondée en 1999 par Karl Lagerfeld à Paris
